{"id":63636,"date":"2018-09-04T09:29:59","date_gmt":"2018-09-04T07:29:59","guid":{"rendered":"https:\/\/www.kz-gedenkstaette-dachau.de\/historischer-ort\/virtueller-rundgang\/politische-abteilung\/"},"modified":"2020-04-14T14:07:42","modified_gmt":"2020-04-14T12:07:42","slug":"politische-abteilung","status":"publish","type":"page","link":"https:\/\/www.kz-gedenkstaette-dachau.de\/dels\/historischer-ort\/virtueller-rundgang\/politische-abteilung\/","title":{"rendered":"Politische Abteilung"},"content":{"rendered":"<div id=\"attachment_63637\" style=\"width: 710px\" class=\"wp-caption alignnone\"><img loading=\"lazy\" decoding=\"async\" aria-describedby=\"caption-attachment-63637\" class=\"wp-image-63637\" src=\"https:\/\/www.kz-gedenkstaette-dachau.de\/wp-content\/uploads\/2018\/11\/standort_pol_abteilung-250x147.jpg\" alt=\"Eisen\u00b7winkel am Boden zeigen den Stand\u00b7ort von der Politischen Abteilung. Das Bild ist von 2017.\" width=\"700\" height=\"413\" srcset=\"https:\/\/www.kz-gedenkstaette-dachau.de\/wp-content\/uploads\/2018\/11\/standort_pol_abteilung-250x147.jpg 250w, https:\/\/www.kz-gedenkstaette-dachau.de\/wp-content\/uploads\/2018\/11\/standort_pol_abteilung-768x453.jpg 768w, https:\/\/www.kz-gedenkstaette-dachau.de\/wp-content\/uploads\/2018\/11\/standort_pol_abteilung-700x413.jpg 700w, https:\/\/www.kz-gedenkstaette-dachau.de\/wp-content\/uploads\/2018\/11\/standort_pol_abteilung-120x71.jpg 120w, https:\/\/www.kz-gedenkstaette-dachau.de\/wp-content\/uploads\/2018\/11\/standort_pol_abteilung.jpg 1120w\" sizes=\"auto, (max-width: 700px) 100vw, 700px\" \/><p id=\"caption-attachment-63637\" class=\"wp-caption-text\"><small>Eisen\u00b7winkel zeigen den Stand\u00b7ort von der Politischen Abteilung.<br \/>Das Bild ist von 2017.<br \/>(KZ-Gedenk\u00b7st\u00e4tte Dachau)<small><\/small><\/small><\/p><\/div>\n<p>Station 2 ist die Politische Abteilung.<br \/>\nStation 2 ist zwischen dem Besucher\u00b7zentrum und dem Jour\u00b7haus.<br \/>\nDie Politische Abteilung war ein Geb\u00e4ude.<br \/>\nVon diesem Geb\u00e4ude gibt es nur \u00dcber\u00b7reste.<br \/>\nDiese \u00dcber\u00b7reste sind unter der Erde.<\/p>\n<p>Deshalb gibt es auf dem Boden 8 Eisen\u00b7winkel.<br \/>\nEisen\u00b7winkel sind Ecken aus Eisen.<br \/>\nDiese Winkel kann man auf dem Bild gut sehen.<br \/>\nDiese Eisen\u00b7winkel zeigen:<br \/>\nHier war das Geb\u00e4ude von der Politischen Abteilung.<br \/>\nDie Politische Abteilung hat zu der <span style=\"color: #cc1800;\"><strong title=\"Gestapo ist die Abk\u00fcrzung f\u00fcr: Geheime Staats\u00b7polizei. Die Gestapo war die politische Polizei der Nazis. Die Gestapo war zust\u00e4ndig f\u00fcr die politischen Gegner der Nazis. Die Gestapo hat zum Beispiel die politischen Gegner verhaftet. Und die politischen Gegner in die KZ eingewiesen. Mit der Gestapo haben die Nazis viele Menschen \u00fcberwacht. Und mit der Gestapo haben die Nazis viele Menschen unterdr\u00fcckt. Die Gestapo hat Menschen brutal gefoltert. Die Gestapo hat auch Menschen hingerichtet.\">Gestapo<\/strong><\/span> geh\u00f6rt.<\/p>\n<p><strong>Die Aufnahme von neuen H\u00e4ftlingen<\/strong><\/p>\n<p>Die Politische Abteilung war zust\u00e4ndig f\u00fcr die neuen <span style=\"color: #cc1800;\"><strong title=\"H\u00e4ftling ist ein anderes Wort f\u00fcr Gefangener.\">H\u00e4ftlinge<\/strong><\/span>.<br \/>\nDie Mitarbeiter von der Politischen Abteilung haben<br \/>\ndie pers\u00f6nlichen Daten von den H\u00e4ftlingen aufgeschrieben.<br \/>\nPers\u00f6nliche Daten hei\u00dft zum Beispiel:<br \/>\nDen Namen vom H\u00e4ftling.<br \/>\nOder das Geburts\u00b7datum vom H\u00e4ftling.<br \/>\nUnd die Mitarbeiter haben Fotos<br \/>\nvon den H\u00e4ftlingen gemacht.<br \/>\nSo wie die Fotos von Benno Oppenheimer.<br \/>\nBenno Oppenheimer war ein H\u00e4ftling im KZ Dachau.<\/p>\n<p>Jeder H\u00e4ftling hat eine H\u00e4ftlings\u00b7nummer bekommen.<br \/>\nDiese Nummer war im <span style=\"color: #cc1800;\"><strong title=\"KZ ist die Abk\u00fcrzung f\u00fcr Konzentrations\u00b7lager.\">KZ<\/strong><\/span> wichtiger als der Name vom H\u00e4ftling.<br \/>\nDann haben die Mitarbeiter eine H\u00e4ftlings\u00b7akte zu den H\u00e4ftlingen gemacht.<br \/>\nJeder H\u00e4ftling hatte eine eigene H\u00e4ftlings\u00b7akte.<br \/>\nIn dieser H\u00e4ftlings\u00b7akte wurde aufgeschrieben:<br \/>\nWann ist der H\u00e4ftling nach Dachau gekommen?<br \/>\nWurde der H\u00e4ftling von Dachau in ein anderes KZ gebracht?<br \/>\nWurde der H\u00e4ftling frei\u00b7gelassen?<br \/>\nIst der H\u00e4ftling im KZ gestorben?<\/p>\n<p><strong>Was hat die Politische Abteilung noch gemacht?<\/strong><\/p>\n<p>Die Politische Abteilung war auch zust\u00e4ndig f\u00fcr Verh\u00f6re.<br \/>\nDas hei\u00dft:<br \/>\nDie Nazis haben behauptet:<br \/>\nDie H\u00e4ftlinge haben etwas gegen das <span style=\"color: #cc1800;\"><strong title=\"Ein Regime ist eine spezielle Art von Regierung. Das NS-Regime war eine Diktatur. Eine Diktatur ist nicht demokratisch. Das hei\u00dft: In einer Diktatur darf das Volk nicht entscheiden. Nur der Diktator darf entscheiden. Eine Diktatur ist nicht freiheitlich. Das hei\u00dft: Die pers\u00f6nliche Freiheit der Menschen wurde eingeschr\u00e4nkt. Viele Menschen wurden ausgegrenzt. Und viele Menschen wurden verfolgt.\">NS-Regime<\/strong><\/span> gemacht.<br \/>\nDas wollten die Nazis belegen.<br \/>\nDeshalb haben die Nazis die H\u00e4ftlinge befragt.<br \/>\nBei den Verh\u00f6ren wurden die H\u00e4ftlinge oft <span style=\"color: #cc1800;\"><strong title=\"Die Nazis haben oft Menschen gefoltert. Das hei\u00dft: Die Nazis haben diese Menschen verletzt. Und bedroht. Und gequ\u00e4lt. Und erniedrigt. Die Nazis wollten Menschen damit bestrafen Oder einsch\u00fcchtern. Oder die Nazis wollten die Menschen zwingen eine Information zu verraten. Deshalb wurden die Menschen gefoltert.\">gefoltert<\/strong><\/span>.<\/p>\n","protected":false},"excerpt":{"rendered":"<p>Station 2 ist die Politische Abteilung. Station 2 ist zwischen dem Besucher\u00b7zentrum und dem Jour\u00b7haus. Die Politische Abteilung war ein Geb\u00e4ude. Von diesem Geb\u00e4ude gibt es nur \u00dcber\u00b7reste. Diese \u00dcber\u00b7reste sind unter der Erde. Deshalb gibt es auf dem Boden 8 Eisen\u00b7winkel. Eisen\u00b7winkel sind Ecken aus Eisen. Diese Winkel kann man auf dem Bild gut&#8230; <a class=\"view-article\" href=\"https:\/\/www.kz-gedenkstaette-dachau.de\/dels\/historischer-ort\/virtueller-rundgang\/politische-abteilung\/\">Artikel anzeigen<\/a><\/p>\n","protected":false},"author":1,"featured_media":0,"parent":63630,"menu_order":200,"comment_status":"closed","ping_status":"closed","template":"page-virtueller_rundgang_unterseite.php","meta":{"_acf_changed":false,"footnotes":""},"class_list":["post-63636","page","type-page","status-publish","hentry"],"acf":[],"yoast_head":"<!-- This site is optimized with the Yoast SEO plugin v27.4 - https:\/\/yoast.com\/product\/yoast-seo-wordpress\/ -->\n<title>Politische Abteilung - KZ Gedenkst\u00e4tte Dachau<\/title>\n<meta name=\"robots\" content=\"index, follow, max-snippet:-1, max-image-preview:large, max-video-preview:-1\" \/>\n<link rel=\"canonical\" href=\"https:\/\/www.kz-gedenkstaette-dachau.de\/dels\/historischer-ort\/virtueller-rundgang\/politische-abteilung\/\" \/>\n<meta property=\"og:locale\" content=\"en_US\" \/>\n<meta property=\"og:type\" content=\"article\" \/>\n<meta property=\"og:title\" content=\"Politische Abteilung - KZ Gedenkst\u00e4tte Dachau\" \/>\n<meta property=\"og:description\" content=\"Station 2 ist die Politische Abteilung. Station 2 ist zwischen dem Besucher\u00b7zentrum und dem Jour\u00b7haus. Die Politische Abteilung war ein Geb\u00e4ude. Von diesem Geb\u00e4ude gibt es nur \u00dcber\u00b7reste. Diese \u00dcber\u00b7reste sind unter der Erde. Deshalb gibt es auf dem Boden 8 Eisen\u00b7winkel. Eisen\u00b7winkel sind Ecken aus Eisen. Diese Winkel kann man auf dem Bild gut... Artikel anzeigen\" \/>\n<meta property=\"og:url\" content=\"https:\/\/www.kz-gedenkstaette-dachau.de\/dels\/historischer-ort\/virtueller-rundgang\/politische-abteilung\/\" \/>\n<meta property=\"og:site_name\" content=\"KZ Gedenkst\u00e4tte Dachau\" \/>\n<meta property=\"article:modified_time\" content=\"2020-04-14T12:07:42+00:00\" \/>\n<meta property=\"og:image\" content=\"https:\/\/www.kz-gedenkstaette-dachau.de\/wp-content\/uploads\/2018\/11\/standort_pol_abteilung-250x147.jpg\" \/>\n<meta name=\"twitter:card\" content=\"summary_large_image\" \/>\n<meta name=\"twitter:label1\" content=\"Est. reading time\" \/>\n\t<meta name=\"twitter:data1\" content=\"2 minutes\" \/>\n<script type=\"application\/ld+json\" class=\"yoast-schema-graph\">{\"@context\":\"https:\\\/\\\/schema.org\",\"@graph\":[{\"@type\":\"WebPage\",\"@id\":\"https:\\\/\\\/www.kz-gedenkstaette-dachau.de\\\/dels\\\/historischer-ort\\\/virtueller-rundgang\\\/politische-abteilung\\\/\",\"url\":\"https:\\\/\\\/www.kz-gedenkstaette-dachau.de\\\/dels\\\/historischer-ort\\\/virtueller-rundgang\\\/politische-abteilung\\\/\",\"name\":\"Politische Abteilung - KZ Gedenkst\u00e4tte Dachau\",\"isPartOf\":{\"@id\":\"https:\\\/\\\/www.kz-gedenkstaette-dachau.de\\\/#website\"},\"primaryImageOfPage\":{\"@id\":\"https:\\\/\\\/www.kz-gedenkstaette-dachau.de\\\/dels\\\/historischer-ort\\\/virtueller-rundgang\\\/politische-abteilung\\\/#primaryimage\"},\"image\":{\"@id\":\"https:\\\/\\\/www.kz-gedenkstaette-dachau.de\\\/dels\\\/historischer-ort\\\/virtueller-rundgang\\\/politische-abteilung\\\/#primaryimage\"},\"thumbnailUrl\":\"https:\\\/\\\/www.kz-gedenkstaette-dachau.de\\\/wp-content\\\/uploads\\\/2018\\\/11\\\/standort_pol_abteilung-250x147.jpg\",\"datePublished\":\"2018-09-04T07:29:59+00:00\",\"dateModified\":\"2020-04-14T12:07:42+00:00\",\"breadcrumb\":{\"@id\":\"https:\\\/\\\/www.kz-gedenkstaette-dachau.de\\\/dels\\\/historischer-ort\\\/virtueller-rundgang\\\/politische-abteilung\\\/#breadcrumb\"},\"inLanguage\":\"ls-DE\",\"potentialAction\":[{\"@type\":\"ReadAction\",\"target\":[\"https:\\\/\\\/www.kz-gedenkstaette-dachau.de\\\/dels\\\/historischer-ort\\\/virtueller-rundgang\\\/politische-abteilung\\\/\"]}]},{\"@type\":\"ImageObject\",\"inLanguage\":\"ls-DE\",\"@id\":\"https:\\\/\\\/www.kz-gedenkstaette-dachau.de\\\/dels\\\/historischer-ort\\\/virtueller-rundgang\\\/politische-abteilung\\\/#primaryimage\",\"url\":\"https:\\\/\\\/www.kz-gedenkstaette-dachau.de\\\/wp-content\\\/uploads\\\/2018\\\/11\\\/standort_pol_abteilung-250x147.jpg\",\"contentUrl\":\"https:\\\/\\\/www.kz-gedenkstaette-dachau.de\\\/wp-content\\\/uploads\\\/2018\\\/11\\\/standort_pol_abteilung-250x147.jpg\"},{\"@type\":\"BreadcrumbList\",\"@id\":\"https:\\\/\\\/www.kz-gedenkstaette-dachau.de\\\/dels\\\/historischer-ort\\\/virtueller-rundgang\\\/politische-abteilung\\\/#breadcrumb\",\"itemListElement\":[{\"@type\":\"ListItem\",\"position\":1,\"name\":\"Start\u00b7seite\",\"item\":\"https:\\\/\\\/www.kz-gedenkstaette-dachau.de\\\/dels\\\/\"},{\"@type\":\"ListItem\",\"position\":2,\"name\":\"Historischer Ort\",\"item\":\"https:\\\/\\\/www.kz-gedenkstaette-dachau.de\\\/dels\\\/historischer-ort\\\/\"},{\"@type\":\"ListItem\",\"position\":3,\"name\":\"Virtueller Rund\u00b7gang\",\"item\":\"https:\\\/\\\/www.kz-gedenkstaette-dachau.de\\\/dels\\\/historischer-ort\\\/virtueller-rundgang\\\/\"},{\"@type\":\"ListItem\",\"position\":4,\"name\":\"Politische Abteilung\"}]},{\"@type\":\"WebSite\",\"@id\":\"https:\\\/\\\/www.kz-gedenkstaette-dachau.de\\\/#website\",\"url\":\"https:\\\/\\\/www.kz-gedenkstaette-dachau.de\\\/\",\"name\":\"KZ Gedenkst\u00e4tte Dachau\",\"description\":\"\",\"potentialAction\":[{\"@type\":\"SearchAction\",\"target\":{\"@type\":\"EntryPoint\",\"urlTemplate\":\"https:\\\/\\\/www.kz-gedenkstaette-dachau.de\\\/?s={search_term_string}\"},\"query-input\":{\"@type\":\"PropertyValueSpecification\",\"valueRequired\":true,\"valueName\":\"search_term_string\"}}],\"inLanguage\":\"ls-DE\"}]}<\/script>\n<!-- \/ Yoast SEO plugin. -->","yoast_head_json":{"title":"Politische Abteilung - KZ Gedenkst\u00e4tte Dachau","robots":{"index":"index","follow":"follow","max-snippet":"max-snippet:-1","max-image-preview":"max-image-preview:large","max-video-preview":"max-video-preview:-1"},"canonical":"https:\/\/www.kz-gedenkstaette-dachau.de\/dels\/historischer-ort\/virtueller-rundgang\/politische-abteilung\/","og_locale":"en_US","og_type":"article","og_title":"Politische Abteilung - KZ Gedenkst\u00e4tte Dachau","og_description":"Station 2 ist die Politische Abteilung. Station 2 ist zwischen dem Besucher\u00b7zentrum und dem Jour\u00b7haus. Die Politische Abteilung war ein Geb\u00e4ude. Von diesem Geb\u00e4ude gibt es nur \u00dcber\u00b7reste. Diese \u00dcber\u00b7reste sind unter der Erde. Deshalb gibt es auf dem Boden 8 Eisen\u00b7winkel. Eisen\u00b7winkel sind Ecken aus Eisen. Diese Winkel kann man auf dem Bild gut... Artikel anzeigen","og_url":"https:\/\/www.kz-gedenkstaette-dachau.de\/dels\/historischer-ort\/virtueller-rundgang\/politische-abteilung\/","og_site_name":"KZ Gedenkst\u00e4tte Dachau","article_modified_time":"2020-04-14T12:07:42+00:00","og_image":[{"url":"https:\/\/www.kz-gedenkstaette-dachau.de\/wp-content\/uploads\/2018\/11\/standort_pol_abteilung-250x147.jpg","type":"","width":"","height":""}],"twitter_card":"summary_large_image","twitter_misc":{"Est. reading time":"2 minutes"},"schema":{"@context":"https:\/\/schema.org","@graph":[{"@type":"WebPage","@id":"https:\/\/www.kz-gedenkstaette-dachau.de\/dels\/historischer-ort\/virtueller-rundgang\/politische-abteilung\/","url":"https:\/\/www.kz-gedenkstaette-dachau.de\/dels\/historischer-ort\/virtueller-rundgang\/politische-abteilung\/","name":"Politische Abteilung - KZ Gedenkst\u00e4tte Dachau","isPartOf":{"@id":"https:\/\/www.kz-gedenkstaette-dachau.de\/#website"},"primaryImageOfPage":{"@id":"https:\/\/www.kz-gedenkstaette-dachau.de\/dels\/historischer-ort\/virtueller-rundgang\/politische-abteilung\/#primaryimage"},"image":{"@id":"https:\/\/www.kz-gedenkstaette-dachau.de\/dels\/historischer-ort\/virtueller-rundgang\/politische-abteilung\/#primaryimage"},"thumbnailUrl":"https:\/\/www.kz-gedenkstaette-dachau.de\/wp-content\/uploads\/2018\/11\/standort_pol_abteilung-250x147.jpg","datePublished":"2018-09-04T07:29:59+00:00","dateModified":"2020-04-14T12:07:42+00:00","breadcrumb":{"@id":"https:\/\/www.kz-gedenkstaette-dachau.de\/dels\/historischer-ort\/virtueller-rundgang\/politische-abteilung\/#breadcrumb"},"inLanguage":"ls-DE","potentialAction":[{"@type":"ReadAction","target":["https:\/\/www.kz-gedenkstaette-dachau.de\/dels\/historischer-ort\/virtueller-rundgang\/politische-abteilung\/"]}]},{"@type":"ImageObject","inLanguage":"ls-DE","@id":"https:\/\/www.kz-gedenkstaette-dachau.de\/dels\/historischer-ort\/virtueller-rundgang\/politische-abteilung\/#primaryimage","url":"https:\/\/www.kz-gedenkstaette-dachau.de\/wp-content\/uploads\/2018\/11\/standort_pol_abteilung-250x147.jpg","contentUrl":"https:\/\/www.kz-gedenkstaette-dachau.de\/wp-content\/uploads\/2018\/11\/standort_pol_abteilung-250x147.jpg"},{"@type":"BreadcrumbList","@id":"https:\/\/www.kz-gedenkstaette-dachau.de\/dels\/historischer-ort\/virtueller-rundgang\/politische-abteilung\/#breadcrumb","itemListElement":[{"@type":"ListItem","position":1,"name":"Start\u00b7seite","item":"https:\/\/www.kz-gedenkstaette-dachau.de\/dels\/"},{"@type":"ListItem","position":2,"name":"Historischer Ort","item":"https:\/\/www.kz-gedenkstaette-dachau.de\/dels\/historischer-ort\/"},{"@type":"ListItem","position":3,"name":"Virtueller Rund\u00b7gang","item":"https:\/\/www.kz-gedenkstaette-dachau.de\/dels\/historischer-ort\/virtueller-rundgang\/"},{"@type":"ListItem","position":4,"name":"Politische Abteilung"}]},{"@type":"WebSite","@id":"https:\/\/www.kz-gedenkstaette-dachau.de\/#website","url":"https:\/\/www.kz-gedenkstaette-dachau.de\/","name":"KZ Gedenkst\u00e4tte Dachau","description":"","potentialAction":[{"@type":"SearchAction","target":{"@type":"EntryPoint","urlTemplate":"https:\/\/www.kz-gedenkstaette-dachau.de\/?s={search_term_string}"},"query-input":{"@type":"PropertyValueSpecification","valueRequired":true,"valueName":"search_term_string"}}],"inLanguage":"ls-DE"}]}},"_links":{"self":[{"href":"https:\/\/www.kz-gedenkstaette-dachau.de\/dels\/wp-json\/wp\/v2\/pages\/63636","targetHints":{"allow":["GET"]}}],"collection":[{"href":"https:\/\/www.kz-gedenkstaette-dachau.de\/dels\/wp-json\/wp\/v2\/pages"}],"about":[{"href":"https:\/\/www.kz-gedenkstaette-dachau.de\/dels\/wp-json\/wp\/v2\/types\/page"}],"author":[{"embeddable":true,"href":"https:\/\/www.kz-gedenkstaette-dachau.de\/dels\/wp-json\/wp\/v2\/users\/1"}],"replies":[{"embeddable":true,"href":"https:\/\/www.kz-gedenkstaette-dachau.de\/dels\/wp-json\/wp\/v2\/comments?post=63636"}],"version-history":[{"count":0,"href":"https:\/\/www.kz-gedenkstaette-dachau.de\/dels\/wp-json\/wp\/v2\/pages\/63636\/revisions"}],"up":[{"embeddable":true,"href":"https:\/\/www.kz-gedenkstaette-dachau.de\/dels\/wp-json\/wp\/v2\/pages\/63630"}],"wp:attachment":[{"href":"https:\/\/www.kz-gedenkstaette-dachau.de\/dels\/wp-json\/wp\/v2\/media?parent=63636"}],"curies":[{"name":"wp","href":"https:\/\/api.w.org\/{rel}","templated":true}]}}