{"id":63641,"date":"2018-09-04T12:31:56","date_gmt":"2018-09-04T10:31:56","guid":{"rendered":"https:\/\/www.kz-gedenkstaette-dachau.de\/historischer-ort\/virtueller-rundgang\/ueberreste-des-ersten-lagers-1933-1937\/"},"modified":"2020-03-31T13:54:27","modified_gmt":"2020-03-31T11:54:27","slug":"ueberreste-des-ersten-lagers-1933-1937","status":"publish","type":"page","link":"https:\/\/www.kz-gedenkstaette-dachau.de\/dels\/historischer-ort\/virtueller-rundgang\/ueberreste-des-ersten-lagers-1933-1937\/","title":{"rendered":"\u00dcber\u2219reste vom 1. Lager (von 1933 bis 1937)"},"content":{"rendered":"<div id=\"attachment_63642\" style=\"width: 710px\" class=\"wp-caption alignnone\"><img loading=\"lazy\" decoding=\"async\" aria-describedby=\"caption-attachment-63642\" class=\"wp-image-63642\" src=\"https:\/\/www.kz-gedenkstaette-dachau.de\/wp-content\/uploads\/2018\/11\/wall_gleisstueck-250x147.jpg\" alt=\"Vorne im Bild: Die linke Seite von der Verbindungs\u00b7stra\u00dfe zum SS-Lager. Hinten: Die ehemalige Lager\u00b7b\u00e4ckerei. Das Foto ist von 2017.\" width=\"700\" height=\"413\" srcset=\"https:\/\/www.kz-gedenkstaette-dachau.de\/wp-content\/uploads\/2018\/11\/wall_gleisstueck-250x147.jpg 250w, https:\/\/www.kz-gedenkstaette-dachau.de\/wp-content\/uploads\/2018\/11\/wall_gleisstueck-768x453.jpg 768w, https:\/\/www.kz-gedenkstaette-dachau.de\/wp-content\/uploads\/2018\/11\/wall_gleisstueck-700x413.jpg 700w, https:\/\/www.kz-gedenkstaette-dachau.de\/wp-content\/uploads\/2018\/11\/wall_gleisstueck-120x71.jpg 120w, https:\/\/www.kz-gedenkstaette-dachau.de\/wp-content\/uploads\/2018\/11\/wall_gleisstueck.jpg 1120w\" sizes=\"auto, (max-width: 700px) 100vw, 700px\" \/><p id=\"caption-attachment-63642\" class=\"wp-caption-text\"><small>Vorne: Die linke Seite von der Verbindungs\u00b7stra\u00dfe zum SS-Lager.<br \/>Hinten: Die ehemalige Lager\u00b7b\u00e4ckerei.<br \/>Das Foto ist von 2017.<br \/>(KZ-Gedenk\u00b7st\u00e4tte Dachau)<small><\/p><\/div>\n<p>Station 3 sind die \u00dcber\u00b7reste vom 1. Lager.<br \/>\nUnd die Verbindungs\u00b7stra\u00dfe zum <span style=\"color: #cc1800;\"><strong title=\"Das SS-Lager war ein Teil\u00b7bereich vom KZ Dachau.\">SS-Lager<\/strong><\/span>.<br \/>\nDie Verbindungs\u00b7stra\u00dfe<br \/>\nist vor dem Eingang vom Jour\u00b7haus.<br \/>\nMehr Informationen zum Jour\u00b7haus<br \/>\nfinden Sie bei <a href=\"https:\/\/www.kz-gedenkstaette-dachau.de\/dels\/historischer-ort\/virtueller-rundgang\/jourhaus-mit-lagertor\/\">Station 5<\/a><br \/>\nDie Verbindungs\u00b7stra\u00dfe hat das H\u00e4ftlings\u00b7lager und das <span style=\"color: #cc1800;\"><strong title=\"Das H\u00e4ftlings\u00b7lager war wie ein Gef\u00e4ngnis. Das H\u00e4ftlings\u00b7lager war ein Teil vom KZ Dachau. Im H\u00e4ftlings\u00b7lager waren die H\u00e4ftlinge eingesperrt. Die SS hat die H\u00e4ftlinge kontrolliert. Und die SS hat die H\u00e4ftlinge isoliert. Die H\u00e4ftlinge hatten keine Privatsph\u00e4re.\">H\u00e4ftlings\u00b7lager<\/strong><\/span> verbunden.<br \/>\nLinks und rechts von der Verbindungs\u00b7stra\u00dfe sind heute W\u00e4lle.<br \/>\nW\u00e4lle sind niedrige H\u00fcgel.<br \/>\nDiese H\u00fcgel bestehen meistens aus Erde.<br \/>\nDie W\u00e4lle hier bestehen aus Resten von Geb\u00e4uden.<\/p>\n<p><strong>Die alten Geb\u00e4ude des 1. Lagers<\/strong><\/p>\n<p>Das 1. Lager wurde damals <strong>nicht<\/strong> ganz neu gebaut.<br \/>\nDas 1. Lager wurde n\u00e4mlich auf dem Gel\u00e4nde von einer Munitions\u00b7fabrik gebaut.<br \/>\nDeshalb hat die <span style=\"color: #cc1800;\"><strong title=\"SS ist die Abk\u00fcrzung f\u00fcr Schutz\u00b7staffel. Die SS hat zu der NSDAP geh\u00f6rt. Die SS hat die die KZ kontrolliert. Und die SS hat die H\u00e4ftlinge im KZ bewacht. Viele europ\u00e4ische Juden sind in Vernichtungs\u00b7lagern get\u00f6tet worden. Und viele europ\u00e4ische Roma und Sinti sind in Vernichtungs\u00b7lagern get\u00f6tet worden. Das hat die SS organisiert. Truppen von der SS haben auch im 2. Welt\u00b7krieg gek\u00e4mpft. Diese Truppen waren besonders brutal. Die Truppen haben gegen Widerstands\u00b7k\u00e4mpfer gek\u00e4mpft. Die Widerstands\u00b7k\u00e4mpfer waren gegen die Nazis. Und gegen die Zivil\u00b7bev\u00f6lkerung. Die Zivil\u00b7bev\u00f6lkerung k\u00e4mpft nicht im Krieg mit. Die SS hat viele Menschen ermordet.\">SS<\/strong><\/span> auch die alten Geb\u00e4ude von der Fabrik benutzt.<br \/>\nDie alten Geb\u00e4ude von der Fabrik wurden zum Beispiel benutzt als:<\/p>\n<ul>\n<li>H\u00e4ftlings\u00b7k\u00fcche<\/li>\n<li>Speise\u00b7saal<\/li>\n<li>Aufnahme\u00b7raum f\u00fcr H\u00e4ftlinge<\/li>\n<li>Schreinerei<\/li>\n<li>Schlosserei<\/li>\n<li>Schneiderei<\/li>\n<\/ul>\n<p><strong>Von 1937 bis 1938<\/strong> hat die SS das SS-Lager gr\u00f6\u00dfer gemacht.<br \/>\nDann hat die SS die Geb\u00e4ude von der Fabrik daf\u00fcr benutzt:<\/p>\n<ul>\n<li>SS-Bekleidungs\u00b7werk<\/li>\n<li>die Deutschen Ausr\u00fcstungs\u00b7werke<\/li>\n<\/ul>\n<p>In diesen Werken mussten viele <span style=\"color: #cc1800;\"><strong title=\"H\u00e4ftling ist ein anderes Wort f\u00fcr Gefangener.\">H\u00e4ftlinge<\/strong><\/span> vom <span style=\"color: #cc1800;\"><strong title=\"KZ ist die Abk\u00fcrzung f\u00fcr Konzentrations\u00b7lager.\">KZ<\/strong><\/span> arbeiten.<br \/>\nDas nennt man auch: Zwangs\u00b7arbeit.<br \/>\nDiese Geb\u00e4ude wurden <strong>ab 1980<\/strong> abgerissen.<br \/>\nEinige Geb\u00e4ude sind aber <strong>nicht<\/strong> abgerissen worden.<br \/>\nAus den Resten von den abgerissenen Geb\u00e4uden wurde dann der Wall gemacht.<br \/>\nDer Wall hat die Gedenk\u00b7st\u00e4tte<br \/>\nvom Gel\u00e4nde von der Bayerischen Bereitschafts\u00b7polizei abgetrennt.<\/p>\n<p><strong>Die heute sichtbaren Reste des 1. Lagers<\/strong><\/p>\n<p>Die Bayerische Bereitschafts\u00b7polizei<br \/>\nbenutzt heute das Gel\u00e4nde des ehemaligen <span style=\"color: #cc1800;\"><strong title=\"Das SS-Lager war ein Teil\u00b7bereich vom KZ Dachau.\">SS-Lagers<\/strong><\/span>.<br \/>\nAuf dem Gel\u00e4nde der Bereitschafts\u00b7polizei stehen Fabrik\u00b7hallen.<br \/>\nDie Fabrik\u00b7hallen haben fr\u00fcher auch zu der Munitions\u00b7fabrik geh\u00f6rt.<br \/>\nDie Fabrik\u00b7hallen sind aber <strong>nicht<\/strong> abgerissen worden.<br \/>\n<strong>Ab 1933<\/strong> war in diesen Fabrik\u00b7hallen die Lager\u00b7b\u00e4ckerei.<br \/>\n<strong>Bis 1935<\/strong> war in den Fabrik\u00b7hallen auch die SS-Haupt\u00b7wache.<br \/>\nUnd die SS-Kantine und SS-K\u00fcche.<\/p>\n<p><strong>Das Gleis\u00b7st\u00fcck<\/strong><\/p>\n<p><strong>2004<\/strong> wurde die Gedenk\u00b7st\u00e4tte umgebaut.<br \/>\nDeshalb wurde<strong> 2004<\/strong> auch der Wall durch\u00b7brochen.<br \/>\nDie Verbindungs\u00b7stra\u00dfe zum SS-Lager wurde frei\u00b7gelegt.<br \/>\nDas hei\u00dft:<br \/>\nDer Wall war auf der Verbindungs\u00b7stra\u00dfe.<br \/>\nDeshalb konnte man die Verbindungs\u00b7stra\u00dfe <strong>nicht <\/strong>sehen.<br \/>\nJetzt fehlt ein Teil vom Wall.<br \/>\nDeshalb kann man<br \/>\ndie Verbindungs\u00b7stra\u00dfe wieder sehen.<\/p>\n<p>Und es wurden \u00dcber\u00b7reste von einem Gleis\u00b7st\u00fcck frei\u00b7gelegt.<br \/>\n\u00dcber dieses Gleis\u00b7st\u00fcck sind fr\u00fcher Z\u00fcge in das KZ gefahren.<br \/>\nDiese Z\u00fcge haben zum Beispiel Material zum SS-Bekleidungs\u00b7werk gebracht.<br \/>\n\u00dcber das Gleis\u00b7st\u00fcck sind aber <strong>keine<\/strong> H\u00e4ftlinge in das KZ gebracht worden.<\/p>\n","protected":false},"excerpt":{"rendered":"<p>Station 3 sind die \u00dcber\u00b7reste vom 1. Lager. Und die Verbindungs\u00b7stra\u00dfe zum SS-Lager. Die Verbindungs\u00b7stra\u00dfe ist vor dem Eingang vom Jour\u00b7haus. Mehr Informationen zum Jour\u00b7haus finden Sie bei Station 5 Die Verbindungs\u00b7stra\u00dfe hat das H\u00e4ftlings\u00b7lager und das H\u00e4ftlings\u00b7lager verbunden. Links und rechts von der Verbindungs\u00b7stra\u00dfe sind heute W\u00e4lle. W\u00e4lle sind niedrige H\u00fcgel. Diese H\u00fcgel bestehen&#8230; <a class=\"view-article\" href=\"https:\/\/www.kz-gedenkstaette-dachau.de\/dels\/historischer-ort\/virtueller-rundgang\/ueberreste-des-ersten-lagers-1933-1937\/\">Artikel anzeigen<\/a><\/p>\n","protected":false},"author":1,"featured_media":0,"parent":63630,"menu_order":300,"comment_status":"closed","ping_status":"closed","template":"page-virtueller_rundgang_unterseite.php","meta":{"_acf_changed":false,"footnotes":""},"class_list":["post-63641","page","type-page","status-publish","hentry"],"acf":[],"yoast_head":"<!-- This site is optimized with the Yoast SEO plugin v27.4 - https:\/\/yoast.com\/product\/yoast-seo-wordpress\/ -->\n<title>\u00dcber\u2219reste vom 1. Lager (von 1933 bis 1937) - KZ Gedenkst\u00e4tte Dachau<\/title>\n<meta name=\"robots\" content=\"index, follow, max-snippet:-1, max-image-preview:large, max-video-preview:-1\" \/>\n<link rel=\"canonical\" href=\"https:\/\/www.kz-gedenkstaette-dachau.de\/dels\/historischer-ort\/virtueller-rundgang\/ueberreste-des-ersten-lagers-1933-1937\/\" \/>\n<meta property=\"og:locale\" content=\"en_US\" \/>\n<meta property=\"og:type\" content=\"article\" \/>\n<meta property=\"og:title\" content=\"\u00dcber\u2219reste vom 1. Lager (von 1933 bis 1937) - KZ Gedenkst\u00e4tte Dachau\" \/>\n<meta property=\"og:description\" content=\"Station 3 sind die \u00dcber\u00b7reste vom 1. Lager. Und die Verbindungs\u00b7stra\u00dfe zum SS-Lager. Die Verbindungs\u00b7stra\u00dfe ist vor dem Eingang vom Jour\u00b7haus. Mehr Informationen zum Jour\u00b7haus finden Sie bei Station 5 Die Verbindungs\u00b7stra\u00dfe hat das H\u00e4ftlings\u00b7lager und das H\u00e4ftlings\u00b7lager verbunden. Links und rechts von der Verbindungs\u00b7stra\u00dfe sind heute W\u00e4lle. W\u00e4lle sind niedrige H\u00fcgel. Diese H\u00fcgel bestehen... Artikel anzeigen\" \/>\n<meta property=\"og:url\" content=\"https:\/\/www.kz-gedenkstaette-dachau.de\/dels\/historischer-ort\/virtueller-rundgang\/ueberreste-des-ersten-lagers-1933-1937\/\" \/>\n<meta property=\"og:site_name\" content=\"KZ Gedenkst\u00e4tte Dachau\" \/>\n<meta property=\"article:modified_time\" content=\"2020-03-31T11:54:27+00:00\" \/>\n<meta property=\"og:image\" content=\"https:\/\/www.kz-gedenkstaette-dachau.de\/wp-content\/uploads\/2018\/11\/wall_gleisstueck-250x147.jpg\" \/>\n<meta name=\"twitter:card\" content=\"summary_large_image\" \/>\n<meta name=\"twitter:label1\" content=\"Est. reading time\" \/>\n\t<meta name=\"twitter:data1\" content=\"2 minutes\" \/>\n<script type=\"application\/ld+json\" class=\"yoast-schema-graph\">{\"@context\":\"https:\\\/\\\/schema.org\",\"@graph\":[{\"@type\":\"WebPage\",\"@id\":\"https:\\\/\\\/www.kz-gedenkstaette-dachau.de\\\/dels\\\/historischer-ort\\\/virtueller-rundgang\\\/ueberreste-des-ersten-lagers-1933-1937\\\/\",\"url\":\"https:\\\/\\\/www.kz-gedenkstaette-dachau.de\\\/dels\\\/historischer-ort\\\/virtueller-rundgang\\\/ueberreste-des-ersten-lagers-1933-1937\\\/\",\"name\":\"\u00dcber\u2219reste vom 1. Lager (von 1933 bis 1937) - KZ Gedenkst\u00e4tte Dachau\",\"isPartOf\":{\"@id\":\"https:\\\/\\\/www.kz-gedenkstaette-dachau.de\\\/#website\"},\"primaryImageOfPage\":{\"@id\":\"https:\\\/\\\/www.kz-gedenkstaette-dachau.de\\\/dels\\\/historischer-ort\\\/virtueller-rundgang\\\/ueberreste-des-ersten-lagers-1933-1937\\\/#primaryimage\"},\"image\":{\"@id\":\"https:\\\/\\\/www.kz-gedenkstaette-dachau.de\\\/dels\\\/historischer-ort\\\/virtueller-rundgang\\\/ueberreste-des-ersten-lagers-1933-1937\\\/#primaryimage\"},\"thumbnailUrl\":\"https:\\\/\\\/www.kz-gedenkstaette-dachau.de\\\/wp-content\\\/uploads\\\/2018\\\/11\\\/wall_gleisstueck-250x147.jpg\",\"datePublished\":\"2018-09-04T10:31:56+00:00\",\"dateModified\":\"2020-03-31T11:54:27+00:00\",\"breadcrumb\":{\"@id\":\"https:\\\/\\\/www.kz-gedenkstaette-dachau.de\\\/dels\\\/historischer-ort\\\/virtueller-rundgang\\\/ueberreste-des-ersten-lagers-1933-1937\\\/#breadcrumb\"},\"inLanguage\":\"ls-DE\",\"potentialAction\":[{\"@type\":\"ReadAction\",\"target\":[\"https:\\\/\\\/www.kz-gedenkstaette-dachau.de\\\/dels\\\/historischer-ort\\\/virtueller-rundgang\\\/ueberreste-des-ersten-lagers-1933-1937\\\/\"]}]},{\"@type\":\"ImageObject\",\"inLanguage\":\"ls-DE\",\"@id\":\"https:\\\/\\\/www.kz-gedenkstaette-dachau.de\\\/dels\\\/historischer-ort\\\/virtueller-rundgang\\\/ueberreste-des-ersten-lagers-1933-1937\\\/#primaryimage\",\"url\":\"https:\\\/\\\/www.kz-gedenkstaette-dachau.de\\\/wp-content\\\/uploads\\\/2018\\\/11\\\/wall_gleisstueck-250x147.jpg\",\"contentUrl\":\"https:\\\/\\\/www.kz-gedenkstaette-dachau.de\\\/wp-content\\\/uploads\\\/2018\\\/11\\\/wall_gleisstueck-250x147.jpg\"},{\"@type\":\"BreadcrumbList\",\"@id\":\"https:\\\/\\\/www.kz-gedenkstaette-dachau.de\\\/dels\\\/historischer-ort\\\/virtueller-rundgang\\\/ueberreste-des-ersten-lagers-1933-1937\\\/#breadcrumb\",\"itemListElement\":[{\"@type\":\"ListItem\",\"position\":1,\"name\":\"Start\u00b7seite\",\"item\":\"https:\\\/\\\/www.kz-gedenkstaette-dachau.de\\\/dels\\\/\"},{\"@type\":\"ListItem\",\"position\":2,\"name\":\"Historischer Ort\",\"item\":\"https:\\\/\\\/www.kz-gedenkstaette-dachau.de\\\/dels\\\/historischer-ort\\\/\"},{\"@type\":\"ListItem\",\"position\":3,\"name\":\"Virtueller Rund\u00b7gang\",\"item\":\"https:\\\/\\\/www.kz-gedenkstaette-dachau.de\\\/dels\\\/historischer-ort\\\/virtueller-rundgang\\\/\"},{\"@type\":\"ListItem\",\"position\":4,\"name\":\"\u00dcber\u2219reste vom 1. Lager (von 1933 bis 1937)\"}]},{\"@type\":\"WebSite\",\"@id\":\"https:\\\/\\\/www.kz-gedenkstaette-dachau.de\\\/#website\",\"url\":\"https:\\\/\\\/www.kz-gedenkstaette-dachau.de\\\/\",\"name\":\"KZ Gedenkst\u00e4tte Dachau\",\"description\":\"\",\"potentialAction\":[{\"@type\":\"SearchAction\",\"target\":{\"@type\":\"EntryPoint\",\"urlTemplate\":\"https:\\\/\\\/www.kz-gedenkstaette-dachau.de\\\/?s={search_term_string}\"},\"query-input\":{\"@type\":\"PropertyValueSpecification\",\"valueRequired\":true,\"valueName\":\"search_term_string\"}}],\"inLanguage\":\"ls-DE\"}]}<\/script>\n<!-- \/ Yoast SEO plugin. -->","yoast_head_json":{"title":"\u00dcber\u2219reste vom 1. Lager (von 1933 bis 1937) - KZ Gedenkst\u00e4tte Dachau","robots":{"index":"index","follow":"follow","max-snippet":"max-snippet:-1","max-image-preview":"max-image-preview:large","max-video-preview":"max-video-preview:-1"},"canonical":"https:\/\/www.kz-gedenkstaette-dachau.de\/dels\/historischer-ort\/virtueller-rundgang\/ueberreste-des-ersten-lagers-1933-1937\/","og_locale":"en_US","og_type":"article","og_title":"\u00dcber\u2219reste vom 1. Lager (von 1933 bis 1937) - KZ Gedenkst\u00e4tte Dachau","og_description":"Station 3 sind die \u00dcber\u00b7reste vom 1. Lager. Und die Verbindungs\u00b7stra\u00dfe zum SS-Lager. Die Verbindungs\u00b7stra\u00dfe ist vor dem Eingang vom Jour\u00b7haus. Mehr Informationen zum Jour\u00b7haus finden Sie bei Station 5 Die Verbindungs\u00b7stra\u00dfe hat das H\u00e4ftlings\u00b7lager und das H\u00e4ftlings\u00b7lager verbunden. Links und rechts von der Verbindungs\u00b7stra\u00dfe sind heute W\u00e4lle. W\u00e4lle sind niedrige H\u00fcgel. Diese H\u00fcgel bestehen... Artikel anzeigen","og_url":"https:\/\/www.kz-gedenkstaette-dachau.de\/dels\/historischer-ort\/virtueller-rundgang\/ueberreste-des-ersten-lagers-1933-1937\/","og_site_name":"KZ Gedenkst\u00e4tte Dachau","article_modified_time":"2020-03-31T11:54:27+00:00","og_image":[{"url":"https:\/\/www.kz-gedenkstaette-dachau.de\/wp-content\/uploads\/2018\/11\/wall_gleisstueck-250x147.jpg","type":"","width":"","height":""}],"twitter_card":"summary_large_image","twitter_misc":{"Est. reading time":"2 minutes"},"schema":{"@context":"https:\/\/schema.org","@graph":[{"@type":"WebPage","@id":"https:\/\/www.kz-gedenkstaette-dachau.de\/dels\/historischer-ort\/virtueller-rundgang\/ueberreste-des-ersten-lagers-1933-1937\/","url":"https:\/\/www.kz-gedenkstaette-dachau.de\/dels\/historischer-ort\/virtueller-rundgang\/ueberreste-des-ersten-lagers-1933-1937\/","name":"\u00dcber\u2219reste vom 1. Lager (von 1933 bis 1937) - KZ Gedenkst\u00e4tte Dachau","isPartOf":{"@id":"https:\/\/www.kz-gedenkstaette-dachau.de\/#website"},"primaryImageOfPage":{"@id":"https:\/\/www.kz-gedenkstaette-dachau.de\/dels\/historischer-ort\/virtueller-rundgang\/ueberreste-des-ersten-lagers-1933-1937\/#primaryimage"},"image":{"@id":"https:\/\/www.kz-gedenkstaette-dachau.de\/dels\/historischer-ort\/virtueller-rundgang\/ueberreste-des-ersten-lagers-1933-1937\/#primaryimage"},"thumbnailUrl":"https:\/\/www.kz-gedenkstaette-dachau.de\/wp-content\/uploads\/2018\/11\/wall_gleisstueck-250x147.jpg","datePublished":"2018-09-04T10:31:56+00:00","dateModified":"2020-03-31T11:54:27+00:00","breadcrumb":{"@id":"https:\/\/www.kz-gedenkstaette-dachau.de\/dels\/historischer-ort\/virtueller-rundgang\/ueberreste-des-ersten-lagers-1933-1937\/#breadcrumb"},"inLanguage":"ls-DE","potentialAction":[{"@type":"ReadAction","target":["https:\/\/www.kz-gedenkstaette-dachau.de\/dels\/historischer-ort\/virtueller-rundgang\/ueberreste-des-ersten-lagers-1933-1937\/"]}]},{"@type":"ImageObject","inLanguage":"ls-DE","@id":"https:\/\/www.kz-gedenkstaette-dachau.de\/dels\/historischer-ort\/virtueller-rundgang\/ueberreste-des-ersten-lagers-1933-1937\/#primaryimage","url":"https:\/\/www.kz-gedenkstaette-dachau.de\/wp-content\/uploads\/2018\/11\/wall_gleisstueck-250x147.jpg","contentUrl":"https:\/\/www.kz-gedenkstaette-dachau.de\/wp-content\/uploads\/2018\/11\/wall_gleisstueck-250x147.jpg"},{"@type":"BreadcrumbList","@id":"https:\/\/www.kz-gedenkstaette-dachau.de\/dels\/historischer-ort\/virtueller-rundgang\/ueberreste-des-ersten-lagers-1933-1937\/#breadcrumb","itemListElement":[{"@type":"ListItem","position":1,"name":"Start\u00b7seite","item":"https:\/\/www.kz-gedenkstaette-dachau.de\/dels\/"},{"@type":"ListItem","position":2,"name":"Historischer Ort","item":"https:\/\/www.kz-gedenkstaette-dachau.de\/dels\/historischer-ort\/"},{"@type":"ListItem","position":3,"name":"Virtueller Rund\u00b7gang","item":"https:\/\/www.kz-gedenkstaette-dachau.de\/dels\/historischer-ort\/virtueller-rundgang\/"},{"@type":"ListItem","position":4,"name":"\u00dcber\u2219reste vom 1. Lager (von 1933 bis 1937)"}]},{"@type":"WebSite","@id":"https:\/\/www.kz-gedenkstaette-dachau.de\/#website","url":"https:\/\/www.kz-gedenkstaette-dachau.de\/","name":"KZ Gedenkst\u00e4tte Dachau","description":"","potentialAction":[{"@type":"SearchAction","target":{"@type":"EntryPoint","urlTemplate":"https:\/\/www.kz-gedenkstaette-dachau.de\/?s={search_term_string}"},"query-input":{"@type":"PropertyValueSpecification","valueRequired":true,"valueName":"search_term_string"}}],"inLanguage":"ls-DE"}]}},"_links":{"self":[{"href":"https:\/\/www.kz-gedenkstaette-dachau.de\/dels\/wp-json\/wp\/v2\/pages\/63641","targetHints":{"allow":["GET"]}}],"collection":[{"href":"https:\/\/www.kz-gedenkstaette-dachau.de\/dels\/wp-json\/wp\/v2\/pages"}],"about":[{"href":"https:\/\/www.kz-gedenkstaette-dachau.de\/dels\/wp-json\/wp\/v2\/types\/page"}],"author":[{"embeddable":true,"href":"https:\/\/www.kz-gedenkstaette-dachau.de\/dels\/wp-json\/wp\/v2\/users\/1"}],"replies":[{"embeddable":true,"href":"https:\/\/www.kz-gedenkstaette-dachau.de\/dels\/wp-json\/wp\/v2\/comments?post=63641"}],"version-history":[{"count":0,"href":"https:\/\/www.kz-gedenkstaette-dachau.de\/dels\/wp-json\/wp\/v2\/pages\/63641\/revisions"}],"up":[{"embeddable":true,"href":"https:\/\/www.kz-gedenkstaette-dachau.de\/dels\/wp-json\/wp\/v2\/pages\/63630"}],"wp:attachment":[{"href":"https:\/\/www.kz-gedenkstaette-dachau.de\/dels\/wp-json\/wp\/v2\/media?parent=63641"}],"curies":[{"name":"wp","href":"https:\/\/api.w.org\/{rel}","templated":true}]}}