{"id":63649,"date":"2018-09-04T12:36:58","date_gmt":"2018-09-04T10:36:58","guid":{"rendered":"https:\/\/www.kz-gedenkstaette-dachau.de\/historischer-ort\/virtueller-rundgang\/jourhaus-mit-lagertor\/"},"modified":"2020-04-22T11:40:30","modified_gmt":"2020-04-22T09:40:30","slug":"jourhaus-mit-lagertor","status":"publish","type":"page","link":"https:\/\/www.kz-gedenkstaette-dachau.de\/dels\/historischer-ort\/virtueller-rundgang\/jourhaus-mit-lagertor\/","title":{"rendered":"Jour\u00b7haus mit Lager\u00b7tor"},"content":{"rendered":"<div id=\"attachment_62568\" style=\"width: 710px\" class=\"wp-caption alignnone\"><img loading=\"lazy\" decoding=\"async\" aria-describedby=\"caption-attachment-62568\" class=\"wp-image-62568\" src=\"https:\/\/www.kz-gedenkstaette-dachau.de\/wp-content\/uploads\/2018\/11\/ehem_jourhaus-250x147.jpg\" alt=\"Das Jour\u00b7haus heute. Das Foto ist von 2010. (KZ-Gedenk\u00b7st\u00e4tte Dachau)\" width=\"700\" height=\"413\" srcset=\"https:\/\/www.kz-gedenkstaette-dachau.de\/wp-content\/uploads\/2018\/11\/ehem_jourhaus-250x147.jpg 250w, https:\/\/www.kz-gedenkstaette-dachau.de\/wp-content\/uploads\/2018\/11\/ehem_jourhaus-768x453.jpg 768w, https:\/\/www.kz-gedenkstaette-dachau.de\/wp-content\/uploads\/2018\/11\/ehem_jourhaus-700x413.jpg 700w, https:\/\/www.kz-gedenkstaette-dachau.de\/wp-content\/uploads\/2018\/11\/ehem_jourhaus-120x71.jpg 120w, https:\/\/www.kz-gedenkstaette-dachau.de\/wp-content\/uploads\/2018\/11\/ehem_jourhaus.jpg 1120w\" sizes=\"auto, (max-width: 700px) 100vw, 700px\" \/><p id=\"caption-attachment-62568\" class=\"wp-caption-text\"><small>Das Jour\u00b7haus heute.<br \/>Das Foto ist von 2010.<br \/>(KZ-Gedenk\u00b7st\u00e4tte Dachau)<small><\/small><\/small><\/p><\/div>\n<p>Station 5 ist das Jour\u00b7haus.<\/p>\n<p><strong>Das Jour\u00b7haus fr\u00fcher<\/strong><br \/>\n1936 wurde das Jour\u00b7haus gebaut.<br \/>\n<span style=\"color: #cc1800;\"><strong title=\"H\u00e4ftling ist ein anderes Wort f\u00fcr Gefangener.\">H\u00e4ftlinge<\/strong><\/span> haben das Jour\u00b7haus gebaut.<\/p>\n<p>Das Jour\u00b7haus war der Eingang vom <span style=\"color: #cc1800;\"><strong title=\"Das H\u00e4ftlings\u00b7lager war wie ein Gef\u00e4ngnis. Das H\u00e4ftlings\u00b7lager war ein Teil vom KZ Dachau. Im H\u00e4ftlings\u00b7lager waren die H\u00e4ftlinge eingesperrt. Die SS hat die H\u00e4ftlinge kontrolliert. Und die SS hat die H\u00e4ftlinge isoliert. Die H\u00e4ftlinge hatten keine Privatsph\u00e4re.\">H\u00e4ftlings\u00b7lager<\/strong><\/span>.<br \/>\nDie H\u00e4ftlinge haben das H\u00e4ftlings\u00b7lager<br \/>\ndurch das Jour\u00b7haus betreten.<\/p>\n<p><strong>Welche Aufgabe hatte das Jour\u00b7haus?<\/strong><br \/>\nIn dem Jour\u00b7haus haben einige Mitglieder von der <span style=\"color: #cc1800;\"><strong title=\"Viele SS-M\u00e4nner haben im KZ gearbeitet. Diese SS-M\u00e4nner hatten den Namen: Lager-SS. Die Lager-SS war zust\u00e4ndig f\u00fcr die Organisation des H\u00e4ftlings\u00b7lagers. Die Lager-SS hat die H\u00e4ftlinge bewacht. Und die H\u00e4ftlinge bestraft. Die Lager-SS hat auch viele H\u00e4ftlinge miss\u00b7handelt. Und viele H\u00e4ftlinge get\u00f6tet.\">Lager-SS<\/strong><\/span> gearbeitet.<br \/>\nUnd einige Mitglieder von der Politischen Abteilung.<br \/>\nDie Lager-SS hat im Jour\u00b7haus den Tages\u00b7dienst gemacht.<br \/>\nDeshalb hat das Jour\u00b7haus auch den Namen.<br \/>\nJour ist n\u00e4mlich franz\u00f6sisch und hei\u00dft: Tag.<br \/>\nDie Lager-SS hat zum Beispiel jeden Tag:<\/p>\n<ul>\n<li>die H\u00e4ftlinge zur Arbeit gezwungen<\/li>\n<li>die Baracken kontrolliert<\/li>\n<li>Strafen beantragt<\/li>\n<li>Wach\u00b7m\u00e4nner eingeteilt<\/li>\n<\/ul>\n<p>Im Jour\u00b7haus hat die <span style=\"color: #cc1800;\"><strong title=\"SS ist die Abk\u00fcrzung f\u00fcr Schutz\u00b7staffel. Die SS hat zu der NSDAP geh\u00f6rt. Die SS hat die die KZ kontrolliert. Und die SS hat die H\u00e4ftlinge im KZ bewacht. Viele europ\u00e4ische Juden sind in Vernichtungs\u00b7lagern get\u00f6tet worden. Und viele europ\u00e4ische Roma und Sinti sind in Vernichtungs\u00b7lagern get\u00f6tet worden. Das hat die SS organisiert. Truppen von der SS haben auch im 2. Welt\u00b7krieg gek\u00e4mpft. Diese Truppen waren besonders brutal. Die Truppen haben gegen Widerstands\u00b7k\u00e4mpfer gek\u00e4mpft. Die Widerstands\u00b7k\u00e4mpfer waren gegen die Nazis. Und gegen die Zivil\u00b7bev\u00f6lkerung. Die Zivil\u00b7bev\u00f6lkerung k\u00e4mpft nicht im Krieg mit. Die SS hat viele Menschen ermordet.\">SS<\/strong><\/span> sehr viel \u00fcber die H\u00e4ftlinge entschieden.<br \/>\nF\u00fcr die H\u00e4ftlinge war das Jour\u00b7haus das Macht\u00b7zentrum von der SS.<\/p>\n<p><strong>Was waren Funktions\u00b7h\u00e4ftlinge?<\/strong><br \/>\nDie SS hat manchen H\u00e4ftlingen besondere Aufgaben gegeben.<br \/>\nDiese H\u00e4ftlinge nennt man: Funktions\u00b7h\u00e4ftlinge.<br \/>\nDie Funktions\u00b7h\u00e4ftlinge mussten zum Beispiel andere H\u00e4ftlinge bewachen.<br \/>\nOder andere H\u00e4ftlinge kontrollieren.<br \/>\nOder H\u00e4ftlinge f\u00fcr Arbeit einteilen.<br \/>\nDie Funktions\u00b7h\u00e4ftlinge mussten die Befehle von der SS ausf\u00fchren.<br \/>\nSonst h\u00e4tte die SS die Funktions\u00b7h\u00e4ftlinge bestraft.<br \/>\nManchmal haben die Befehle von der SS andere H\u00e4ftlinge gef\u00e4hrdet.<br \/>\nZum Beispiel mussten die Funktions\u00b7h\u00e4ftlinge andere H\u00e4ftlinge bestrafen.<br \/>\nTrotzdem mussten die Funktions\u00b7h\u00e4ftlinge die Befehle von der SS ausf\u00fchren.<br \/>\nDie Funktions\u00b7h\u00e4ftlinge konnten so auch andere H\u00e4ftlinge besch\u00fctzen.<br \/>\nDie Funktions\u00b7h\u00e4ftlinge konnten zum Beispiel<br \/>\nschwache H\u00e4ftlinge f\u00fcr leichtere Arbeit einteilen.<\/p>\n<p><strong>Arbeit macht frei<\/strong><br \/>\nDas Tor vom Jour\u00b7haus hat eine Inschrift.<br \/>\nDiese Inschrift hei\u00dft: Arbeit macht frei.<br \/>\nMit der Inschrift haben die Nazis das <span style=\"color: #cc1800;\"><strong title=\"KZ ist die Abk\u00fcrzung f\u00fcr Konzentrations\u00b7lager.\">KZ<\/strong><\/span> verharmlost.<br \/>\nDie Nazis haben gesagt:<br \/>\nDas KZ ist ein Arbeits\u00b7lager.<br \/>\nUnd ein Erziehungs\u00b7lager.<br \/>\nDie H\u00e4ftlinge m\u00fcssen n\u00e4mlich arbeiten.<br \/>\nUnd die H\u00e4ftlinge m\u00fcssen erzogen werden.<br \/>\nDas war ein Teil von der <span style=\"color: #cc1800;\"><strong title=\"Die Nazis wollten viel Macht haben. Die Nazis wollten die deutschen B\u00fcrger vom NS begeistern. Deshalb mussten die Nazis das deutsche Volk beeinflussen. Daf\u00fcr haben die Nazis unter anderem die Medien benutzt. Zum Beispiel das Radio. Oder die Zeitung. Die Nazis haben die politischen Gegner schlecht dargestellt. Und die Nazis haben Adolf Hitler besonders gut dargestellt. Und die NSDAP. Die Propaganda hat zum Beispiel auch die KZ verharmlost. Das hei\u00dft: Die KZ wurden besser dargestellt als die KZ waren.\">NS-Propaganda<\/strong><\/span>.<\/p>\n<p>Die Inschrift war auch menschen\u00b7verachtend.<br \/>\nDie H\u00e4ftlinge sind n\u00e4mlich <strong>nicht<\/strong> durch Arbeit frei geworden.<br \/>\nDie Arbeit war meistens sehr schwer.<br \/>\nDeshalb hat die Arbeit die H\u00e4ftlinge geschw\u00e4cht.<br \/>\nUnd die Nazis haben die Arbeits\u00b7kraft der H\u00e4ftlinge ausgenutzt.<br \/>\nUnd viele H\u00e4ftlinge sind durch die schwere Arbeit get\u00f6tet worden.<\/p>\n","protected":false},"excerpt":{"rendered":"<p>Station 5 ist das Jour\u00b7haus. Das Jour\u00b7haus fr\u00fcher 1936 wurde das Jour\u00b7haus gebaut. H\u00e4ftlinge haben das Jour\u00b7haus gebaut. Das Jour\u00b7haus war der Eingang vom H\u00e4ftlings\u00b7lager. Die H\u00e4ftlinge haben das H\u00e4ftlings\u00b7lager durch das Jour\u00b7haus betreten. Welche Aufgabe hatte das Jour\u00b7haus? In dem Jour\u00b7haus haben einige Mitglieder von der Lager-SS gearbeitet. Und einige Mitglieder von der Politischen&#8230; <a class=\"view-article\" href=\"https:\/\/www.kz-gedenkstaette-dachau.de\/dels\/historischer-ort\/virtueller-rundgang\/jourhaus-mit-lagertor\/\">Artikel anzeigen<\/a><\/p>\n","protected":false},"author":1,"featured_media":0,"parent":63630,"menu_order":500,"comment_status":"closed","ping_status":"closed","template":"page-virtueller_rundgang_unterseite.php","meta":{"_acf_changed":false,"footnotes":""},"class_list":["post-63649","page","type-page","status-publish","hentry"],"acf":[],"yoast_head":"<!-- This site is optimized with the Yoast SEO plugin v27.5 - https:\/\/yoast.com\/product\/yoast-seo-wordpress\/ -->\n<title>Jour\u00b7haus mit Lager\u00b7tor - KZ Gedenkst\u00e4tte Dachau<\/title>\n<meta name=\"robots\" content=\"index, follow, max-snippet:-1, max-image-preview:large, max-video-preview:-1\" \/>\n<link rel=\"canonical\" href=\"https:\/\/www.kz-gedenkstaette-dachau.de\/dels\/historischer-ort\/virtueller-rundgang\/jourhaus-mit-lagertor\/\" \/>\n<meta property=\"og:locale\" content=\"en_US\" \/>\n<meta property=\"og:type\" content=\"article\" \/>\n<meta property=\"og:title\" content=\"Jour\u00b7haus mit Lager\u00b7tor - KZ Gedenkst\u00e4tte Dachau\" \/>\n<meta property=\"og:description\" content=\"Station 5 ist das Jour\u00b7haus. Das Jour\u00b7haus fr\u00fcher 1936 wurde das Jour\u00b7haus gebaut. H\u00e4ftlinge haben das Jour\u00b7haus gebaut. Das Jour\u00b7haus war der Eingang vom H\u00e4ftlings\u00b7lager. Die H\u00e4ftlinge haben das H\u00e4ftlings\u00b7lager durch das Jour\u00b7haus betreten. Welche Aufgabe hatte das Jour\u00b7haus? In dem Jour\u00b7haus haben einige Mitglieder von der Lager-SS gearbeitet. Und einige Mitglieder von der Politischen... Artikel anzeigen\" \/>\n<meta property=\"og:url\" content=\"https:\/\/www.kz-gedenkstaette-dachau.de\/dels\/historischer-ort\/virtueller-rundgang\/jourhaus-mit-lagertor\/\" \/>\n<meta property=\"og:site_name\" content=\"KZ Gedenkst\u00e4tte Dachau\" \/>\n<meta property=\"article:modified_time\" content=\"2020-04-22T09:40:30+00:00\" \/>\n<meta property=\"og:image\" content=\"https:\/\/www.kz-gedenkstaette-dachau.de\/wp-content\/uploads\/2018\/11\/ehem_jourhaus-250x147.jpg\" \/>\n<meta name=\"twitter:card\" content=\"summary_large_image\" \/>\n<meta name=\"twitter:label1\" content=\"Est. reading time\" \/>\n\t<meta name=\"twitter:data1\" content=\"2 minutes\" \/>\n<script type=\"application\/ld+json\" class=\"yoast-schema-graph\">{\"@context\":\"https:\\\/\\\/schema.org\",\"@graph\":[{\"@type\":\"WebPage\",\"@id\":\"https:\\\/\\\/www.kz-gedenkstaette-dachau.de\\\/dels\\\/historischer-ort\\\/virtueller-rundgang\\\/jourhaus-mit-lagertor\\\/\",\"url\":\"https:\\\/\\\/www.kz-gedenkstaette-dachau.de\\\/dels\\\/historischer-ort\\\/virtueller-rundgang\\\/jourhaus-mit-lagertor\\\/\",\"name\":\"Jour\u00b7haus mit Lager\u00b7tor - KZ Gedenkst\u00e4tte Dachau\",\"isPartOf\":{\"@id\":\"https:\\\/\\\/www.kz-gedenkstaette-dachau.de\\\/#website\"},\"primaryImageOfPage\":{\"@id\":\"https:\\\/\\\/www.kz-gedenkstaette-dachau.de\\\/dels\\\/historischer-ort\\\/virtueller-rundgang\\\/jourhaus-mit-lagertor\\\/#primaryimage\"},\"image\":{\"@id\":\"https:\\\/\\\/www.kz-gedenkstaette-dachau.de\\\/dels\\\/historischer-ort\\\/virtueller-rundgang\\\/jourhaus-mit-lagertor\\\/#primaryimage\"},\"thumbnailUrl\":\"https:\\\/\\\/www.kz-gedenkstaette-dachau.de\\\/wp-content\\\/uploads\\\/2018\\\/11\\\/ehem_jourhaus-250x147.jpg\",\"datePublished\":\"2018-09-04T10:36:58+00:00\",\"dateModified\":\"2020-04-22T09:40:30+00:00\",\"breadcrumb\":{\"@id\":\"https:\\\/\\\/www.kz-gedenkstaette-dachau.de\\\/dels\\\/historischer-ort\\\/virtueller-rundgang\\\/jourhaus-mit-lagertor\\\/#breadcrumb\"},\"inLanguage\":\"ls-DE\",\"potentialAction\":[{\"@type\":\"ReadAction\",\"target\":[\"https:\\\/\\\/www.kz-gedenkstaette-dachau.de\\\/dels\\\/historischer-ort\\\/virtueller-rundgang\\\/jourhaus-mit-lagertor\\\/\"]}]},{\"@type\":\"ImageObject\",\"inLanguage\":\"ls-DE\",\"@id\":\"https:\\\/\\\/www.kz-gedenkstaette-dachau.de\\\/dels\\\/historischer-ort\\\/virtueller-rundgang\\\/jourhaus-mit-lagertor\\\/#primaryimage\",\"url\":\"https:\\\/\\\/www.kz-gedenkstaette-dachau.de\\\/wp-content\\\/uploads\\\/2018\\\/11\\\/ehem_jourhaus-250x147.jpg\",\"contentUrl\":\"https:\\\/\\\/www.kz-gedenkstaette-dachau.de\\\/wp-content\\\/uploads\\\/2018\\\/11\\\/ehem_jourhaus-250x147.jpg\"},{\"@type\":\"BreadcrumbList\",\"@id\":\"https:\\\/\\\/www.kz-gedenkstaette-dachau.de\\\/dels\\\/historischer-ort\\\/virtueller-rundgang\\\/jourhaus-mit-lagertor\\\/#breadcrumb\",\"itemListElement\":[{\"@type\":\"ListItem\",\"position\":1,\"name\":\"Start\u00b7seite\",\"item\":\"https:\\\/\\\/www.kz-gedenkstaette-dachau.de\\\/dels\\\/\"},{\"@type\":\"ListItem\",\"position\":2,\"name\":\"Historischer Ort\",\"item\":\"https:\\\/\\\/www.kz-gedenkstaette-dachau.de\\\/dels\\\/historischer-ort\\\/\"},{\"@type\":\"ListItem\",\"position\":3,\"name\":\"Virtueller Rund\u00b7gang\",\"item\":\"https:\\\/\\\/www.kz-gedenkstaette-dachau.de\\\/dels\\\/historischer-ort\\\/virtueller-rundgang\\\/\"},{\"@type\":\"ListItem\",\"position\":4,\"name\":\"Jour\u00b7haus mit Lager\u00b7tor\"}]},{\"@type\":\"WebSite\",\"@id\":\"https:\\\/\\\/www.kz-gedenkstaette-dachau.de\\\/#website\",\"url\":\"https:\\\/\\\/www.kz-gedenkstaette-dachau.de\\\/\",\"name\":\"KZ Gedenkst\u00e4tte Dachau\",\"description\":\"\",\"potentialAction\":[{\"@type\":\"SearchAction\",\"target\":{\"@type\":\"EntryPoint\",\"urlTemplate\":\"https:\\\/\\\/www.kz-gedenkstaette-dachau.de\\\/?s={search_term_string}\"},\"query-input\":{\"@type\":\"PropertyValueSpecification\",\"valueRequired\":true,\"valueName\":\"search_term_string\"}}],\"inLanguage\":\"ls-DE\"}]}<\/script>\n<!-- \/ Yoast SEO plugin. -->","yoast_head_json":{"title":"Jour\u00b7haus mit Lager\u00b7tor - KZ Gedenkst\u00e4tte Dachau","robots":{"index":"index","follow":"follow","max-snippet":"max-snippet:-1","max-image-preview":"max-image-preview:large","max-video-preview":"max-video-preview:-1"},"canonical":"https:\/\/www.kz-gedenkstaette-dachau.de\/dels\/historischer-ort\/virtueller-rundgang\/jourhaus-mit-lagertor\/","og_locale":"en_US","og_type":"article","og_title":"Jour\u00b7haus mit Lager\u00b7tor - KZ Gedenkst\u00e4tte Dachau","og_description":"Station 5 ist das Jour\u00b7haus. Das Jour\u00b7haus fr\u00fcher 1936 wurde das Jour\u00b7haus gebaut. H\u00e4ftlinge haben das Jour\u00b7haus gebaut. Das Jour\u00b7haus war der Eingang vom H\u00e4ftlings\u00b7lager. Die H\u00e4ftlinge haben das H\u00e4ftlings\u00b7lager durch das Jour\u00b7haus betreten. Welche Aufgabe hatte das Jour\u00b7haus? In dem Jour\u00b7haus haben einige Mitglieder von der Lager-SS gearbeitet. Und einige Mitglieder von der Politischen... Artikel anzeigen","og_url":"https:\/\/www.kz-gedenkstaette-dachau.de\/dels\/historischer-ort\/virtueller-rundgang\/jourhaus-mit-lagertor\/","og_site_name":"KZ Gedenkst\u00e4tte Dachau","article_modified_time":"2020-04-22T09:40:30+00:00","og_image":[{"url":"https:\/\/www.kz-gedenkstaette-dachau.de\/wp-content\/uploads\/2018\/11\/ehem_jourhaus-250x147.jpg","type":"","width":"","height":""}],"twitter_card":"summary_large_image","twitter_misc":{"Est. reading time":"2 minutes"},"schema":{"@context":"https:\/\/schema.org","@graph":[{"@type":"WebPage","@id":"https:\/\/www.kz-gedenkstaette-dachau.de\/dels\/historischer-ort\/virtueller-rundgang\/jourhaus-mit-lagertor\/","url":"https:\/\/www.kz-gedenkstaette-dachau.de\/dels\/historischer-ort\/virtueller-rundgang\/jourhaus-mit-lagertor\/","name":"Jour\u00b7haus mit Lager\u00b7tor - KZ Gedenkst\u00e4tte Dachau","isPartOf":{"@id":"https:\/\/www.kz-gedenkstaette-dachau.de\/#website"},"primaryImageOfPage":{"@id":"https:\/\/www.kz-gedenkstaette-dachau.de\/dels\/historischer-ort\/virtueller-rundgang\/jourhaus-mit-lagertor\/#primaryimage"},"image":{"@id":"https:\/\/www.kz-gedenkstaette-dachau.de\/dels\/historischer-ort\/virtueller-rundgang\/jourhaus-mit-lagertor\/#primaryimage"},"thumbnailUrl":"https:\/\/www.kz-gedenkstaette-dachau.de\/wp-content\/uploads\/2018\/11\/ehem_jourhaus-250x147.jpg","datePublished":"2018-09-04T10:36:58+00:00","dateModified":"2020-04-22T09:40:30+00:00","breadcrumb":{"@id":"https:\/\/www.kz-gedenkstaette-dachau.de\/dels\/historischer-ort\/virtueller-rundgang\/jourhaus-mit-lagertor\/#breadcrumb"},"inLanguage":"ls-DE","potentialAction":[{"@type":"ReadAction","target":["https:\/\/www.kz-gedenkstaette-dachau.de\/dels\/historischer-ort\/virtueller-rundgang\/jourhaus-mit-lagertor\/"]}]},{"@type":"ImageObject","inLanguage":"ls-DE","@id":"https:\/\/www.kz-gedenkstaette-dachau.de\/dels\/historischer-ort\/virtueller-rundgang\/jourhaus-mit-lagertor\/#primaryimage","url":"https:\/\/www.kz-gedenkstaette-dachau.de\/wp-content\/uploads\/2018\/11\/ehem_jourhaus-250x147.jpg","contentUrl":"https:\/\/www.kz-gedenkstaette-dachau.de\/wp-content\/uploads\/2018\/11\/ehem_jourhaus-250x147.jpg"},{"@type":"BreadcrumbList","@id":"https:\/\/www.kz-gedenkstaette-dachau.de\/dels\/historischer-ort\/virtueller-rundgang\/jourhaus-mit-lagertor\/#breadcrumb","itemListElement":[{"@type":"ListItem","position":1,"name":"Start\u00b7seite","item":"https:\/\/www.kz-gedenkstaette-dachau.de\/dels\/"},{"@type":"ListItem","position":2,"name":"Historischer Ort","item":"https:\/\/www.kz-gedenkstaette-dachau.de\/dels\/historischer-ort\/"},{"@type":"ListItem","position":3,"name":"Virtueller Rund\u00b7gang","item":"https:\/\/www.kz-gedenkstaette-dachau.de\/dels\/historischer-ort\/virtueller-rundgang\/"},{"@type":"ListItem","position":4,"name":"Jour\u00b7haus mit Lager\u00b7tor"}]},{"@type":"WebSite","@id":"https:\/\/www.kz-gedenkstaette-dachau.de\/#website","url":"https:\/\/www.kz-gedenkstaette-dachau.de\/","name":"KZ Gedenkst\u00e4tte Dachau","description":"","potentialAction":[{"@type":"SearchAction","target":{"@type":"EntryPoint","urlTemplate":"https:\/\/www.kz-gedenkstaette-dachau.de\/?s={search_term_string}"},"query-input":{"@type":"PropertyValueSpecification","valueRequired":true,"valueName":"search_term_string"}}],"inLanguage":"ls-DE"}]}},"_links":{"self":[{"href":"https:\/\/www.kz-gedenkstaette-dachau.de\/dels\/wp-json\/wp\/v2\/pages\/63649","targetHints":{"allow":["GET"]}}],"collection":[{"href":"https:\/\/www.kz-gedenkstaette-dachau.de\/dels\/wp-json\/wp\/v2\/pages"}],"about":[{"href":"https:\/\/www.kz-gedenkstaette-dachau.de\/dels\/wp-json\/wp\/v2\/types\/page"}],"author":[{"embeddable":true,"href":"https:\/\/www.kz-gedenkstaette-dachau.de\/dels\/wp-json\/wp\/v2\/users\/1"}],"replies":[{"embeddable":true,"href":"https:\/\/www.kz-gedenkstaette-dachau.de\/dels\/wp-json\/wp\/v2\/comments?post=63649"}],"version-history":[{"count":0,"href":"https:\/\/www.kz-gedenkstaette-dachau.de\/dels\/wp-json\/wp\/v2\/pages\/63649\/revisions"}],"up":[{"embeddable":true,"href":"https:\/\/www.kz-gedenkstaette-dachau.de\/dels\/wp-json\/wp\/v2\/pages\/63630"}],"wp:attachment":[{"href":"https:\/\/www.kz-gedenkstaette-dachau.de\/dels\/wp-json\/wp\/v2\/media?parent=63649"}],"curies":[{"name":"wp","href":"https:\/\/api.w.org\/{rel}","templated":true}]}}