{"id":63652,"date":"2018-09-04T12:37:37","date_gmt":"2018-09-04T10:37:37","guid":{"rendered":"https:\/\/www.kz-gedenkstaette-dachau.de\/historischer-ort\/virtueller-rundgang\/appellplatz\/"},"modified":"2020-03-31T14:05:59","modified_gmt":"2020-03-31T12:05:59","slug":"appellplatz","status":"publish","type":"page","link":"https:\/\/www.kz-gedenkstaette-dachau.de\/dels\/historischer-ort\/virtueller-rundgang\/appellplatz\/","title":{"rendered":"Appell\u00b7platz"},"content":{"rendered":"<div id=\"attachment_63653\" style=\"width: 710px\" class=\"wp-caption alignnone\"><img loading=\"lazy\" decoding=\"async\" aria-describedby=\"caption-attachment-63653\" class=\"wp-image-63653\" src=\"https:\/\/www.kz-gedenkstaette-dachau.de\/wp-content\/uploads\/2018\/11\/ehem_appellplatz_wirtschaftsgebaeude-250x147.jpg\" alt=\"Ehemaliger Appell\u00b7platz, Rechts: Das ehemalige Wirtschafts\u00b7geb\u00e4ude. Das Foto ist von 2017. (KZ-Gedenk\u00b7st\u00e4tte Dachau)\" width=\"700\" height=\"413\" srcset=\"https:\/\/www.kz-gedenkstaette-dachau.de\/wp-content\/uploads\/2018\/11\/ehem_appellplatz_wirtschaftsgebaeude-250x147.jpg 250w, https:\/\/www.kz-gedenkstaette-dachau.de\/wp-content\/uploads\/2018\/11\/ehem_appellplatz_wirtschaftsgebaeude-768x453.jpg 768w, https:\/\/www.kz-gedenkstaette-dachau.de\/wp-content\/uploads\/2018\/11\/ehem_appellplatz_wirtschaftsgebaeude-700x413.jpg 700w, https:\/\/www.kz-gedenkstaette-dachau.de\/wp-content\/uploads\/2018\/11\/ehem_appellplatz_wirtschaftsgebaeude-120x71.jpg 120w, https:\/\/www.kz-gedenkstaette-dachau.de\/wp-content\/uploads\/2018\/11\/ehem_appellplatz_wirtschaftsgebaeude.jpg 1120w\" sizes=\"auto, (max-width: 700px) 100vw, 700px\" \/><p id=\"caption-attachment-63653\" class=\"wp-caption-text\"><small>Der ehemalige Appell\u00b7platz.<br \/>Rechts: Das ehemalige Wirtschafts\u00b7geb\u00e4ude.<br \/>Das Foto ist von 2017.<br \/>(KZ-Gedenk\u00b7st\u00e4tte Dachau)<small><\/p><\/div>\n<p>Station 6 ist der Appell\u00b7platz.<br \/>\nDer Appell\u00b7platz ist zwischen dem Wirtschafts\u00b7geb\u00e4ude und den Baracken.<br \/>\nDer Appell\u00b7platz ist eine gro\u00dfe Fl\u00e4che.<br \/>\nAuf dem Appell\u00b7platz hat die <span style=\"color: #cc1800;\"><strong title=\"SS ist die Abk\u00fcrzung f\u00fcr Schutz\u00b7staffel. Die SS hat zu der NSDAP geh\u00f6rt. Die SS hat die die KZ kontrolliert. Und die SS hat die H\u00e4ftlinge im KZ bewacht. Viele europ\u00e4ische Juden sind in Vernichtungs\u00b7lagern get\u00f6tet worden. Und viele europ\u00e4ische Roma und Sinti sind in Vernichtungs\u00b7lagern get\u00f6tet worden. Das hat die SS organisiert. Truppen von der SS haben auch im 2. Welt\u00b7krieg gek\u00e4mpft. Diese Truppen waren besonders brutal. Die Truppen haben gegen Widerstands\u00b7k\u00e4mpfer gek\u00e4mpft. Die Widerstands\u00b7k\u00e4mpfer waren gegen die Nazis. Und gegen die Zivil\u00b7bev\u00f6lkerung. Die Zivil\u00b7bev\u00f6lkerung k\u00e4mpft nicht im Krieg mit. Die SS hat viele Menschen ermordet.\">SS<\/strong><\/span> Z\u00e4hl\u00b7appelle gemacht.<\/p>\n<p><strong>Was ist bei einem Z\u00e4hl\u00b7appell passiert?<\/strong><br \/>\nMorgens mussten sich die <span style=\"color: #cc1800;\"><strong title=\"H\u00e4ftling ist ein anderes Wort f\u00fcr Gefangener.\">H\u00e4ftlinge<\/strong><\/span> vor den Baracken versammeln.<br \/>\nDann mussten die H\u00e4ftlinge zum Appell\u00b7platz gehen.<br \/>\nAuf dem Appell\u00b7platz mussten sich die H\u00e4ftlinge aufstellen.<br \/>\nDie H\u00e4ftlinge mussten sich in Reihen aufstellen.<br \/>\nJede Reihe musste aus 10 H\u00e4ftlingen bestehen.<br \/>\nDann mussten die H\u00e4ftlinge still stehen bleiben.<br \/>\nDie H\u00e4ftlinge mussten in milit\u00e4rischer Haltung stehen bleiben.<br \/>\nDas hei\u00dft:<br \/>\nDie H\u00e4ftlinge mussten ganz gerade stehen.<br \/>\nUnd die H\u00e4ftlinge durften sich <strong>nicht <\/strong>bewegen.<br \/>\nDann mussten die H\u00e4ftlinge ihre Nummer sagen.<br \/>\nDer Name von den H\u00e4ftlingen war <strong>nicht<\/strong> mehr wichtig.<br \/>\nDie SS wollte die H\u00e4ftlinge damit verletzen.<\/p>\n<p>Die H\u00e4ftlinge mussten bei jedem Wetter stehen.<br \/>\nDann haben die <span style=\"color: #cc1800;\"><strong title=\"Viele SS-M\u00e4nner haben im KZ gearbeitet. Diese SS-M\u00e4nner hatten den Namen: Lager-SS. Die Lager-SS war zust\u00e4ndig f\u00fcr die Organisation des H\u00e4ftlings\u00b7lagers. Die Lager-SS hat die H\u00e4ftlinge bewacht. Und die H\u00e4ftlinge bestraft. Die Lager-SS hat auch viele H\u00e4ftlinge miss\u00b7handelt. Und viele H\u00e4ftlinge get\u00f6tet\">SS-M\u00e4nner<\/strong><\/span> die H\u00e4ftlinge gez\u00e4hlt.<br \/>\nDie SS-M\u00e4nner wussten n\u00e4mlich:<br \/>\nSo viele H\u00e4ftlinge sind im <span style=\"color: #cc1800;\"><strong title=\"KZ ist die Abk\u00fcrzung f\u00fcr Konzentrations\u00b7lager.\">KZ<\/strong><\/span>.<br \/>\nUnd so viele H\u00e4ftlinge m\u00fcssen zum Z\u00e4hl\u00b7appell kommen.<br \/>\nDas hat meistens eine Stunde gedauert.<br \/>\nOft hat das aber auch l\u00e4nger gedauert.<br \/>\nDie H\u00e4ftlinge mussten die ganze Zeit still\u00b7stehen.<br \/>\nNach dem Z\u00e4hl\u00b7appell mussten die H\u00e4ftlinge arbeiten.<br \/>\nJeder H\u00e4ftling war einer Arbeits\u00b7gruppe zugeteilt.<br \/>\nDiese Gruppen hatten den Namen: Arbeits\u00b7kommandos.<br \/>\nAbends nach der Arbeit war wieder ein Z\u00e4hl\u00b7appell.<br \/>\nDer war genauso wie der Z\u00e4hl\u00b7appell am Morgen.<\/p>\n<p><strong>Strafen auf dem Appell\u00b7platz<\/strong><br \/>\nManchmal war das Ergebnis vom Z\u00e4hl\u00b7appell falsch.<br \/>\nDas hei\u00dft:<br \/>\nDie SS-M\u00e4nner haben zu wenige H\u00e4ftlinge gez\u00e4hlt.<br \/>\nOder zu viele H\u00e4ftlinge.<br \/>\nDann wurden alle H\u00e4ftlinge bestraft.<br \/>\nDas nennt man auch: Kollektiv\u00b7strafe.<br \/>\nDie H\u00e4ftlinge mussten alle still\u00b7stehen.<br \/>\nDie SS-M\u00e4nner mussten n\u00e4mlich wissen:<br \/>\nWarum ist das Ergebnis vom Z\u00e4hl\u00b7appell falsch?<br \/>\nSind H\u00e4ftlinge <strong>nicht<\/strong> zum Z\u00e4hl\u00b7appell gekommen?<br \/>\nDas hat meistens sehr lange gedauert.<br \/>\nSo lange mussten die H\u00e4ftlinge still\u00b7stehen.<br \/>\nDabei sind manche H\u00e4ftlinge zusammen\u00b7gebrochen.<br \/>\nViele H\u00e4ftlinge waren n\u00e4mlich krank.<br \/>\nOder schwach.<br \/>\nDie anderen H\u00e4ftlinge durften <strong>nicht<\/strong> helfen.<br \/>\nIrgendwann haben die SS-M\u00e4nner herausgefunden:<br \/>\nDeshalb war das Ergebnis vom Z\u00e4hl\u00b7appell falsch.<br \/>\nDann wurde der Appell beendet.<\/p>\n<p>Auf dem Appell\u00b7platz gab es auch noch andere Strafen.<br \/>\nZum Beispiel das Straf\u00b7exerzieren.<br \/>\nBeim Straf\u00b7exerzieren mussten die H\u00e4ftlinge k\u00f6rperliche \u00dcbungen machen.<br \/>\nK\u00f6rperliche \u00dcbungen sind zum Beispiel Liege\u00b7st\u00fctze.<br \/>\nDiese \u00dcbungen mussten die H\u00e4ftlinge sehr schnell machen.<br \/>\nUnd sehr oft.<br \/>\nAuch dabei sind viele H\u00e4ftlinge zusammen\u00b7gebrochen.<\/p>\n<p>Auf dem Appell\u00b7platz wurden auch H\u00e4ftlinge miss\u00b7handelt.<br \/>\nDie H\u00e4ftlinge mussten sich auf den Pr\u00fcgel\u00b7bock legen.<br \/>\nDann haben SS-M\u00e4nner die H\u00e4ftlinge geschlagen.<\/p>\n<p><strong>Der Appell\u00b7platz am Ende des 2. Welt\u00b7krieges<\/strong><br \/>\nIn den letzten Monaten vom <span style=\"color: #cc1800;\"><strong title=\"Der 2. Welt\u00b7krieg war von 1939 bis 1945. Das NS-Regime hat den 2. Welt\u00b7krieg angefangen. Das NS-Regime hat n\u00e4mlich andere L\u00e4nder angegriffen. Und andere L\u00e4nder besetzt. Am 2. Welt\u00b7krieg waren viele L\u00e4nder in Europa beteiligt. Und viele L\u00e4nder aus der ganzen Welt. Der 2. Welt\u00b7krieg war der schlimmste Krieg der Geschichte. Sehr viele Menschen sind im 2. Welt\u00b7krieg gestorben. Es waren mehrere Millionen Menschen.\">2. Welt\u00b7krieg<\/strong><\/span> war das KZ Dachau sehr voll.<br \/>\nViele andere KZ mussten n\u00e4mlich evakuiert werden.<br \/>\nDeshalb sind H\u00e4ftlinge aus anderen KZ nach Dachau gebracht worden.<\/p>\n<p>Die H\u00e4ftlinge aus den anderen KZ mussten zuerst auf dem Appell\u00b7platz warten.<br \/>\nViele kranke H\u00e4ftlinge sind dann auf dem Appell\u00b7platz gestorben.<br \/>\nUnd viele schwache H\u00e4ftlinge.<\/p>\n","protected":false},"excerpt":{"rendered":"<p>Station 6 ist der Appell\u00b7platz. Der Appell\u00b7platz ist zwischen dem Wirtschafts\u00b7geb\u00e4ude und den Baracken. Der Appell\u00b7platz ist eine gro\u00dfe Fl\u00e4che. Auf dem Appell\u00b7platz hat die SS Z\u00e4hl\u00b7appelle gemacht. Was ist bei einem Z\u00e4hl\u00b7appell passiert? Morgens mussten sich die H\u00e4ftlinge vor den Baracken versammeln. Dann mussten die H\u00e4ftlinge zum Appell\u00b7platz gehen. Auf dem Appell\u00b7platz mussten sich&#8230; <a class=\"view-article\" href=\"https:\/\/www.kz-gedenkstaette-dachau.de\/dels\/historischer-ort\/virtueller-rundgang\/appellplatz\/\">Artikel anzeigen<\/a><\/p>\n","protected":false},"author":1,"featured_media":0,"parent":63630,"menu_order":600,"comment_status":"closed","ping_status":"closed","template":"page-virtueller_rundgang_unterseite.php","meta":{"_acf_changed":false,"footnotes":""},"class_list":["post-63652","page","type-page","status-publish","hentry"],"acf":[],"yoast_head":"<!-- This site is optimized with the Yoast SEO plugin v27.4 - https:\/\/yoast.com\/product\/yoast-seo-wordpress\/ -->\n<title>Appell\u00b7platz - KZ Gedenkst\u00e4tte Dachau<\/title>\n<meta name=\"robots\" content=\"index, follow, max-snippet:-1, max-image-preview:large, max-video-preview:-1\" \/>\n<link rel=\"canonical\" href=\"https:\/\/www.kz-gedenkstaette-dachau.de\/dels\/historischer-ort\/virtueller-rundgang\/appellplatz\/\" \/>\n<meta property=\"og:locale\" content=\"en_US\" \/>\n<meta property=\"og:type\" content=\"article\" \/>\n<meta property=\"og:title\" content=\"Appell\u00b7platz - KZ Gedenkst\u00e4tte Dachau\" \/>\n<meta property=\"og:description\" content=\"Station 6 ist der Appell\u00b7platz. Der Appell\u00b7platz ist zwischen dem Wirtschafts\u00b7geb\u00e4ude und den Baracken. Der Appell\u00b7platz ist eine gro\u00dfe Fl\u00e4che. Auf dem Appell\u00b7platz hat die SS Z\u00e4hl\u00b7appelle gemacht. Was ist bei einem Z\u00e4hl\u00b7appell passiert? Morgens mussten sich die H\u00e4ftlinge vor den Baracken versammeln. Dann mussten die H\u00e4ftlinge zum Appell\u00b7platz gehen. Auf dem Appell\u00b7platz mussten sich... Artikel anzeigen\" \/>\n<meta property=\"og:url\" content=\"https:\/\/www.kz-gedenkstaette-dachau.de\/dels\/historischer-ort\/virtueller-rundgang\/appellplatz\/\" \/>\n<meta property=\"og:site_name\" content=\"KZ Gedenkst\u00e4tte Dachau\" \/>\n<meta property=\"article:modified_time\" content=\"2020-03-31T12:05:59+00:00\" \/>\n<meta property=\"og:image\" content=\"https:\/\/www.kz-gedenkstaette-dachau.de\/wp-content\/uploads\/2018\/11\/ehem_appellplatz_wirtschaftsgebaeude-250x147.jpg\" \/>\n<meta name=\"twitter:card\" content=\"summary_large_image\" \/>\n<meta name=\"twitter:label1\" content=\"Est. reading time\" \/>\n\t<meta name=\"twitter:data1\" content=\"3 minutes\" \/>\n<script type=\"application\/ld+json\" class=\"yoast-schema-graph\">{\"@context\":\"https:\\\/\\\/schema.org\",\"@graph\":[{\"@type\":\"WebPage\",\"@id\":\"https:\\\/\\\/www.kz-gedenkstaette-dachau.de\\\/dels\\\/historischer-ort\\\/virtueller-rundgang\\\/appellplatz\\\/\",\"url\":\"https:\\\/\\\/www.kz-gedenkstaette-dachau.de\\\/dels\\\/historischer-ort\\\/virtueller-rundgang\\\/appellplatz\\\/\",\"name\":\"Appell\u00b7platz - KZ Gedenkst\u00e4tte Dachau\",\"isPartOf\":{\"@id\":\"https:\\\/\\\/www.kz-gedenkstaette-dachau.de\\\/#website\"},\"primaryImageOfPage\":{\"@id\":\"https:\\\/\\\/www.kz-gedenkstaette-dachau.de\\\/dels\\\/historischer-ort\\\/virtueller-rundgang\\\/appellplatz\\\/#primaryimage\"},\"image\":{\"@id\":\"https:\\\/\\\/www.kz-gedenkstaette-dachau.de\\\/dels\\\/historischer-ort\\\/virtueller-rundgang\\\/appellplatz\\\/#primaryimage\"},\"thumbnailUrl\":\"https:\\\/\\\/www.kz-gedenkstaette-dachau.de\\\/wp-content\\\/uploads\\\/2018\\\/11\\\/ehem_appellplatz_wirtschaftsgebaeude-250x147.jpg\",\"datePublished\":\"2018-09-04T10:37:37+00:00\",\"dateModified\":\"2020-03-31T12:05:59+00:00\",\"breadcrumb\":{\"@id\":\"https:\\\/\\\/www.kz-gedenkstaette-dachau.de\\\/dels\\\/historischer-ort\\\/virtueller-rundgang\\\/appellplatz\\\/#breadcrumb\"},\"inLanguage\":\"ls-DE\",\"potentialAction\":[{\"@type\":\"ReadAction\",\"target\":[\"https:\\\/\\\/www.kz-gedenkstaette-dachau.de\\\/dels\\\/historischer-ort\\\/virtueller-rundgang\\\/appellplatz\\\/\"]}]},{\"@type\":\"ImageObject\",\"inLanguage\":\"ls-DE\",\"@id\":\"https:\\\/\\\/www.kz-gedenkstaette-dachau.de\\\/dels\\\/historischer-ort\\\/virtueller-rundgang\\\/appellplatz\\\/#primaryimage\",\"url\":\"https:\\\/\\\/www.kz-gedenkstaette-dachau.de\\\/wp-content\\\/uploads\\\/2018\\\/11\\\/ehem_appellplatz_wirtschaftsgebaeude-250x147.jpg\",\"contentUrl\":\"https:\\\/\\\/www.kz-gedenkstaette-dachau.de\\\/wp-content\\\/uploads\\\/2018\\\/11\\\/ehem_appellplatz_wirtschaftsgebaeude-250x147.jpg\"},{\"@type\":\"BreadcrumbList\",\"@id\":\"https:\\\/\\\/www.kz-gedenkstaette-dachau.de\\\/dels\\\/historischer-ort\\\/virtueller-rundgang\\\/appellplatz\\\/#breadcrumb\",\"itemListElement\":[{\"@type\":\"ListItem\",\"position\":1,\"name\":\"Start\u00b7seite\",\"item\":\"https:\\\/\\\/www.kz-gedenkstaette-dachau.de\\\/dels\\\/\"},{\"@type\":\"ListItem\",\"position\":2,\"name\":\"Historischer Ort\",\"item\":\"https:\\\/\\\/www.kz-gedenkstaette-dachau.de\\\/dels\\\/historischer-ort\\\/\"},{\"@type\":\"ListItem\",\"position\":3,\"name\":\"Virtueller Rund\u00b7gang\",\"item\":\"https:\\\/\\\/www.kz-gedenkstaette-dachau.de\\\/dels\\\/historischer-ort\\\/virtueller-rundgang\\\/\"},{\"@type\":\"ListItem\",\"position\":4,\"name\":\"Appell\u00b7platz\"}]},{\"@type\":\"WebSite\",\"@id\":\"https:\\\/\\\/www.kz-gedenkstaette-dachau.de\\\/#website\",\"url\":\"https:\\\/\\\/www.kz-gedenkstaette-dachau.de\\\/\",\"name\":\"KZ Gedenkst\u00e4tte Dachau\",\"description\":\"\",\"potentialAction\":[{\"@type\":\"SearchAction\",\"target\":{\"@type\":\"EntryPoint\",\"urlTemplate\":\"https:\\\/\\\/www.kz-gedenkstaette-dachau.de\\\/?s={search_term_string}\"},\"query-input\":{\"@type\":\"PropertyValueSpecification\",\"valueRequired\":true,\"valueName\":\"search_term_string\"}}],\"inLanguage\":\"ls-DE\"}]}<\/script>\n<!-- \/ Yoast SEO plugin. -->","yoast_head_json":{"title":"Appell\u00b7platz - KZ Gedenkst\u00e4tte Dachau","robots":{"index":"index","follow":"follow","max-snippet":"max-snippet:-1","max-image-preview":"max-image-preview:large","max-video-preview":"max-video-preview:-1"},"canonical":"https:\/\/www.kz-gedenkstaette-dachau.de\/dels\/historischer-ort\/virtueller-rundgang\/appellplatz\/","og_locale":"en_US","og_type":"article","og_title":"Appell\u00b7platz - KZ Gedenkst\u00e4tte Dachau","og_description":"Station 6 ist der Appell\u00b7platz. Der Appell\u00b7platz ist zwischen dem Wirtschafts\u00b7geb\u00e4ude und den Baracken. Der Appell\u00b7platz ist eine gro\u00dfe Fl\u00e4che. Auf dem Appell\u00b7platz hat die SS Z\u00e4hl\u00b7appelle gemacht. Was ist bei einem Z\u00e4hl\u00b7appell passiert? Morgens mussten sich die H\u00e4ftlinge vor den Baracken versammeln. Dann mussten die H\u00e4ftlinge zum Appell\u00b7platz gehen. Auf dem Appell\u00b7platz mussten sich... Artikel anzeigen","og_url":"https:\/\/www.kz-gedenkstaette-dachau.de\/dels\/historischer-ort\/virtueller-rundgang\/appellplatz\/","og_site_name":"KZ Gedenkst\u00e4tte Dachau","article_modified_time":"2020-03-31T12:05:59+00:00","og_image":[{"url":"https:\/\/www.kz-gedenkstaette-dachau.de\/wp-content\/uploads\/2018\/11\/ehem_appellplatz_wirtschaftsgebaeude-250x147.jpg","type":"","width":"","height":""}],"twitter_card":"summary_large_image","twitter_misc":{"Est. reading time":"3 minutes"},"schema":{"@context":"https:\/\/schema.org","@graph":[{"@type":"WebPage","@id":"https:\/\/www.kz-gedenkstaette-dachau.de\/dels\/historischer-ort\/virtueller-rundgang\/appellplatz\/","url":"https:\/\/www.kz-gedenkstaette-dachau.de\/dels\/historischer-ort\/virtueller-rundgang\/appellplatz\/","name":"Appell\u00b7platz - KZ Gedenkst\u00e4tte Dachau","isPartOf":{"@id":"https:\/\/www.kz-gedenkstaette-dachau.de\/#website"},"primaryImageOfPage":{"@id":"https:\/\/www.kz-gedenkstaette-dachau.de\/dels\/historischer-ort\/virtueller-rundgang\/appellplatz\/#primaryimage"},"image":{"@id":"https:\/\/www.kz-gedenkstaette-dachau.de\/dels\/historischer-ort\/virtueller-rundgang\/appellplatz\/#primaryimage"},"thumbnailUrl":"https:\/\/www.kz-gedenkstaette-dachau.de\/wp-content\/uploads\/2018\/11\/ehem_appellplatz_wirtschaftsgebaeude-250x147.jpg","datePublished":"2018-09-04T10:37:37+00:00","dateModified":"2020-03-31T12:05:59+00:00","breadcrumb":{"@id":"https:\/\/www.kz-gedenkstaette-dachau.de\/dels\/historischer-ort\/virtueller-rundgang\/appellplatz\/#breadcrumb"},"inLanguage":"ls-DE","potentialAction":[{"@type":"ReadAction","target":["https:\/\/www.kz-gedenkstaette-dachau.de\/dels\/historischer-ort\/virtueller-rundgang\/appellplatz\/"]}]},{"@type":"ImageObject","inLanguage":"ls-DE","@id":"https:\/\/www.kz-gedenkstaette-dachau.de\/dels\/historischer-ort\/virtueller-rundgang\/appellplatz\/#primaryimage","url":"https:\/\/www.kz-gedenkstaette-dachau.de\/wp-content\/uploads\/2018\/11\/ehem_appellplatz_wirtschaftsgebaeude-250x147.jpg","contentUrl":"https:\/\/www.kz-gedenkstaette-dachau.de\/wp-content\/uploads\/2018\/11\/ehem_appellplatz_wirtschaftsgebaeude-250x147.jpg"},{"@type":"BreadcrumbList","@id":"https:\/\/www.kz-gedenkstaette-dachau.de\/dels\/historischer-ort\/virtueller-rundgang\/appellplatz\/#breadcrumb","itemListElement":[{"@type":"ListItem","position":1,"name":"Start\u00b7seite","item":"https:\/\/www.kz-gedenkstaette-dachau.de\/dels\/"},{"@type":"ListItem","position":2,"name":"Historischer Ort","item":"https:\/\/www.kz-gedenkstaette-dachau.de\/dels\/historischer-ort\/"},{"@type":"ListItem","position":3,"name":"Virtueller Rund\u00b7gang","item":"https:\/\/www.kz-gedenkstaette-dachau.de\/dels\/historischer-ort\/virtueller-rundgang\/"},{"@type":"ListItem","position":4,"name":"Appell\u00b7platz"}]},{"@type":"WebSite","@id":"https:\/\/www.kz-gedenkstaette-dachau.de\/#website","url":"https:\/\/www.kz-gedenkstaette-dachau.de\/","name":"KZ Gedenkst\u00e4tte Dachau","description":"","potentialAction":[{"@type":"SearchAction","target":{"@type":"EntryPoint","urlTemplate":"https:\/\/www.kz-gedenkstaette-dachau.de\/?s={search_term_string}"},"query-input":{"@type":"PropertyValueSpecification","valueRequired":true,"valueName":"search_term_string"}}],"inLanguage":"ls-DE"}]}},"_links":{"self":[{"href":"https:\/\/www.kz-gedenkstaette-dachau.de\/dels\/wp-json\/wp\/v2\/pages\/63652","targetHints":{"allow":["GET"]}}],"collection":[{"href":"https:\/\/www.kz-gedenkstaette-dachau.de\/dels\/wp-json\/wp\/v2\/pages"}],"about":[{"href":"https:\/\/www.kz-gedenkstaette-dachau.de\/dels\/wp-json\/wp\/v2\/types\/page"}],"author":[{"embeddable":true,"href":"https:\/\/www.kz-gedenkstaette-dachau.de\/dels\/wp-json\/wp\/v2\/users\/1"}],"replies":[{"embeddable":true,"href":"https:\/\/www.kz-gedenkstaette-dachau.de\/dels\/wp-json\/wp\/v2\/comments?post=63652"}],"version-history":[{"count":0,"href":"https:\/\/www.kz-gedenkstaette-dachau.de\/dels\/wp-json\/wp\/v2\/pages\/63652\/revisions"}],"up":[{"embeddable":true,"href":"https:\/\/www.kz-gedenkstaette-dachau.de\/dels\/wp-json\/wp\/v2\/pages\/63630"}],"wp:attachment":[{"href":"https:\/\/www.kz-gedenkstaette-dachau.de\/dels\/wp-json\/wp\/v2\/media?parent=63652"}],"curies":[{"name":"wp","href":"https:\/\/api.w.org\/{rel}","templated":true}]}}