{"id":63690,"date":"2018-09-04T12:43:53","date_gmt":"2018-09-04T10:43:53","guid":{"rendered":"https:\/\/www.kz-gedenkstaette-dachau.de\/historischer-ort\/virtueller-rundgang\/internationales-mahnmal\/"},"modified":"2020-03-31T17:41:55","modified_gmt":"2020-03-31T15:41:55","slug":"internationales-mahnmal","status":"publish","type":"page","link":"https:\/\/www.kz-gedenkstaette-dachau.de\/dels\/historischer-ort\/virtueller-rundgang\/internationales-mahnmal\/","title":{"rendered":"Inter\u00b7nationales Mahn\u00b7mal"},"content":{"rendered":"<div id=\"attachment_63691\" style=\"width: 710px\" class=\"wp-caption alignnone\"><img loading=\"lazy\" decoding=\"async\" aria-describedby=\"caption-attachment-63691\" class=\"wp-image-63691\" src=\"https:\/\/www.kz-gedenkstaette-dachau.de\/wp-content\/uploads\/2018\/11\/int_mahnmal-250x147.jpg\" alt=\"Internationales Mahn\u00b7mal vor dem ehemaligen Wirtschafts\u00b7geb\u00e4ude. Das Foto ist von 2017. (KZ-Gedenk\u00b7st\u00e4tte Dachau)\" width=\"700\" height=\"413\" srcset=\"https:\/\/www.kz-gedenkstaette-dachau.de\/wp-content\/uploads\/2018\/11\/int_mahnmal-250x147.jpg 250w, https:\/\/www.kz-gedenkstaette-dachau.de\/wp-content\/uploads\/2018\/11\/int_mahnmal-768x453.jpg 768w, https:\/\/www.kz-gedenkstaette-dachau.de\/wp-content\/uploads\/2018\/11\/int_mahnmal-700x413.jpg 700w, https:\/\/www.kz-gedenkstaette-dachau.de\/wp-content\/uploads\/2018\/11\/int_mahnmal-120x71.jpg 120w, https:\/\/www.kz-gedenkstaette-dachau.de\/wp-content\/uploads\/2018\/11\/int_mahnmal.jpg 1120w\" sizes=\"auto, (max-width: 700px) 100vw, 700px\" \/><p id=\"caption-attachment-63691\" class=\"wp-caption-text\"><small>Internationales Mahn\u00b7mal vor dem ehemaligen Wirtschafts\u00b7geb\u00e4ude.<br \/>Das Foto ist von 2017.<br \/>(KZ-Gedenk\u00b7st\u00e4tte Dachau)<small><\/small><\/small><\/p><\/div>\n<p>Station 14 ist das Inter\u00b7nationale Mahn\u00b7mal.<br \/>\nDas Inter\u00b7nationale Mahn\u00b7mal wurde am <strong>8. September 1968<\/strong> eingeweiht.<br \/>\nVorher hat es einen K\u00fcnstler\u00b7wettbewerb gegeben.<br \/>\nDie \u00dcberlebenden-Organisation CID hat den K\u00fcnstler\u00b7wettbewerb veranstaltet.<br \/>\nDer Wettbewerb war:<br \/>\nWie soll das Internationale Mahn\u00b7mal aussehen?<br \/>\nNandor Glid hat den Wettbewerb <strong>1959<\/strong> gewonnen.<br \/>\nDeshalb hat Nandor Glid das Mahn\u00b7mal entworfen.<br \/>\nNandor Glid war ein Bild\u00b7hauer.<br \/>\nNandor Glid war ein Jude.<br \/>\nDeshalb ist Nandor Glid von den Nazis verfolgt worden.<br \/>\nNandor Glid hatte sich dem Widerstand gegen die Nazis angeschlossen.<br \/>\nNandor Glid hat sich Ende <strong>1944<\/strong> dem Widerstand angeschlossen.<\/p>\n<p><strong>Wie sieht das inter\u00b7nationale Mahn\u00b7mal aus?<\/strong><br \/>\nDas Inter\u00b7nationale Mahn\u00b7mal ist begehbar.<br \/>\nUnd das Inter\u00b7nationale Mahn\u00b7mal<br \/>\nhat mehrere Elemente.<br \/>\nDas Mahn\u00b7mal ist ein Lehr\u00b7pfad.<\/p>\n<p>Das hei\u00dft:<br \/>\nMan soll dem Weg<br \/>\ndurch das Mahn\u00b7mal folgen.<br \/>\nDann soll man etwas lernen.<\/p>\n<p><strong>Die Mauer<\/strong><br \/>\nBesucher kommen vom Jour\u00b7haus auf das Mahn\u00b7mal zu.<br \/>\nDas Mahn\u00b7mal hat eine gro\u00dfe Mauer.<br \/>\nAuf der Mauer steht:<br \/>\nMan soll dem Vorbild der <span style=\"color: #cc1800;\"><strong title=\"H\u00e4ftling ist ein anderes Wort f\u00fcr Gefangener.\">H\u00e4ftlinge<\/strong><\/span> folgen.<br \/>\nMan soll sich f\u00fcr eine freie Gesellschaft einsetzen.<br \/>\nUnd f\u00fcr eine gerechte Gesellschaft.<br \/>\nMan soll sich gegen Terror einsetzen.<br \/>\nUnd gegen Willk\u00fcr.<br \/>\nEin Weg f\u00fchrt durch das Mahn\u00b7mal.<br \/>\nDer Weg f\u00fchrt zum tiefsten Punkt vom Mahn\u00b7mal.<br \/>\nDas soll f\u00fcr die Hoffnungs\u00b7losigkeit von den H\u00e4ftlingen stehen.<br \/>\nUnd f\u00fcr das Leid von den H\u00e4ftlingen.<\/p>\n<p><strong>Die Skulptur<\/strong><br \/>\nAm tiefsten Punkt steht man vor einer Skulptur.<br \/>\nEine Skulptur ist ein Kunst\u00b7objekt.<br \/>\nDiese Skulptur ist aus Bronze.<br \/>\nDie Skulptur zeigt Menschen.<br \/>\nDiese Menschen sind in einem Stachel\u00b7draht\u00b7zaun.<br \/>\nLinks und rechts von der Skulptur sind Beton\u00b7pfeiler.<br \/>\nDiese Beton\u00b7pfeiler stehen f\u00fcr die Bewachungs\u00b7anlage vom <span style=\"color: #cc1800;\"><strong title=\"KZ ist die Abk\u00fcrzung f\u00fcr Konzentrations\u00b7lager.\">KZ<\/strong><\/span> Dachau.<\/p>\n<p><strong>Das Relief<\/strong><br \/>\n<div id=\"attachment_64012\" style=\"width: 710px\" class=\"wp-caption alignnone\"><img loading=\"lazy\" decoding=\"async\" aria-describedby=\"caption-attachment-64012\" class=\"wp-image-64012\" src=\"https:\/\/www.kz-gedenkstaette-dachau.de\/wp-content\/uploads\/2018\/11\/relief_winkel-250x147.jpg\" alt=\"Relief mit Winkeln in der Form von einer Kette. Das Foto ist von 2017. (KZ-Gedenk\u00b7st\u00e4tte Dachau)\" width=\"700\" height=\"413\" srcset=\"https:\/\/www.kz-gedenkstaette-dachau.de\/wp-content\/uploads\/2018\/11\/relief_winkel-250x147.jpg 250w, https:\/\/www.kz-gedenkstaette-dachau.de\/wp-content\/uploads\/2018\/11\/relief_winkel-768x453.jpg 768w, https:\/\/www.kz-gedenkstaette-dachau.de\/wp-content\/uploads\/2018\/11\/relief_winkel-700x413.jpg 700w, https:\/\/www.kz-gedenkstaette-dachau.de\/wp-content\/uploads\/2018\/11\/relief_winkel-120x71.jpg 120w, https:\/\/www.kz-gedenkstaette-dachau.de\/wp-content\/uploads\/2018\/11\/relief_winkel.jpg 1120w\" sizes=\"auto, (max-width: 700px) 100vw, 700px\" \/><p id=\"caption-attachment-64012\" class=\"wp-caption-text\"><small>Relief mit Winkeln in der Form von einer Kette.<br \/>Das Foto ist von 2017.<br \/>(KZ-Gedenk\u00b7st\u00e4tte Dachau)<small><\/p><\/div><\/p>\n<p>Gegen\u00fcber von der Skulptur ist ein Relief.<br \/>\nDas Relief hat die Form von einer Kette.<br \/>\nDiese Kette steht f\u00fcr den Zusammen\u00b7halt<br \/>\nvon den H\u00e4ftlingen im KZ.<br \/>\nIn dem Relief sind Winkel.<br \/>\nDiese Winkel sind wie die H\u00e4ftlings\u00b7winkel.<\/p>\n<p>Deshalb haben die Winkel auch die gleichen Farben wie die H\u00e4ftlings\u00b7winkel.<br \/>\nAber 3 Winkel fehlen:<\/p>\n<ul>\n<li>Der schwarze Winkel f\u00fcr Asoziale<\/li>\n<li>Der gr\u00fcne Winkel f\u00fcr Berufs\u00b7verbrecher<\/li>\n<li>Und der rosa Winkel f\u00fcr Homosexuelle<\/li>\n<\/ul>\n<p>Diese 3 Gruppen von Menschen<br \/>\nwurden lange <strong>nicht<\/strong> offiziell als Opfer des <span style=\"color: #cc1800;\"><strong title=\"NS ist die Abk\u00fcrzung f\u00fcr: National\u00b7sozialismus. Der National\u00b7sozialismus war eine politische Bewegung. Die Anh\u00e4nger vom National\u00b7sozialismus nennt man auch: Nazis. Die Nazis hatten bestimmte Ideen. Eine wichtige Idee war der Rassismus. Die Nazis haben gesagt: Es gibt verschiedene Rassen von Menschen. Und die Deutschen sind die beste Rasse. Deshalb haben die Nazis auch gesagt: Die deutsche Rasse braucht mehr Platz. Deshalb m\u00fcssen wir andere L\u00e4nder angreifen. Und andere L\u00e4nder besetzen. Eine andere wichtige Idee von den Nazis war die Volks\u00b7gemeinschaft. Die Nazis haben entschieden: Diese Menschen geh\u00f6ren zur Volks\u00b7gemeinschaft. Diese Menschen geh\u00f6ren nicht zur Volks\u00b7gemeinschaft. Die Nazis haben gesagt: Die Menschen in der Volks\u00b7gemeinschaft werden unterst\u00fctzt. Die Menschen in der Volks\u00b7gemeinschaft k\u00f6nnen ein gutes Leben f\u00fchren. Die Nazis haben auch Menschen aus der Volks\u00b7gemeinschaft ausgeschlossen. Zum Beispiel: J\u00fcdische Menschen. Oder politische Gegner. Die Nazis haben diese Menschen verfolgt. Und die Nazis haben viele von diesen Menschen verhaftet. Und die Nazis haben viele von diesen Menschen get\u00f6tet.\">NS<\/strong><\/span> anerkannt.<br \/>\nDeshalb sind diese Opfer\u00b7gruppen <strong>nicht<\/strong> auf dem Relief abgebildet.<\/p>\n<p><strong>Erst ab 1980 <\/strong> wird allm\u00e4hlich auch \u00fcber diese Opfer\u00b7gruppen gesprochen.<br \/>\nUnd die \u00d6ffentlichkeit interessiert sich allm\u00e4hlich f\u00fcr diese Opfer\u00b7gruppen.<br \/>\nUnd die \u00d6ffentlichkeit w\u00fcrdigt allm\u00e4hlich diese Opfer\u00b7gruppen.<\/p>\n<p><strong>Das Grab\u00b7mal<\/strong><br \/>\nEin Gang f\u00fchrt vom tiefsten Punkt im Mahn\u00b7mal nach oben.<br \/>\nAm Ende von diesem Gang ist ein Grab\u00b7mal.<br \/>\nIn diesem Grab\u00b7mal ist die Asche von einem H\u00e4ftling.<br \/>\nDer Name von diesem H\u00e4ftling ist <strong>nicht<\/strong> bekannt.<br \/>\nHinter dem Grab\u00b7mal ist eine Mauer.<br \/>\nAuf dieser Mauer stehen die Worte: Nie wieder.<br \/>\nDiese Worte stehen in 5 verschiedenen Sprachen auf der Mauer.<\/p>\n","protected":false},"excerpt":{"rendered":"<p>Station 14 ist das Inter\u00b7nationale Mahn\u00b7mal. Das Inter\u00b7nationale Mahn\u00b7mal wurde am 8. September 1968 eingeweiht. Vorher hat es einen K\u00fcnstler\u00b7wettbewerb gegeben. Die \u00dcberlebenden-Organisation CID hat den K\u00fcnstler\u00b7wettbewerb veranstaltet. Der Wettbewerb war: Wie soll das Internationale Mahn\u00b7mal aussehen? Nandor Glid hat den Wettbewerb 1959 gewonnen. Deshalb hat Nandor Glid das Mahn\u00b7mal entworfen. Nandor Glid war ein&#8230; <a class=\"view-article\" href=\"https:\/\/www.kz-gedenkstaette-dachau.de\/dels\/historischer-ort\/virtueller-rundgang\/internationales-mahnmal\/\">Artikel anzeigen<\/a><\/p>\n","protected":false},"author":1,"featured_media":0,"parent":63630,"menu_order":1400,"comment_status":"closed","ping_status":"closed","template":"page-virtueller_rundgang_unterseite.php","meta":{"_acf_changed":false,"footnotes":""},"class_list":["post-63690","page","type-page","status-publish","hentry"],"acf":[],"yoast_head":"<!-- This site is optimized with the Yoast SEO plugin v27.4 - https:\/\/yoast.com\/product\/yoast-seo-wordpress\/ -->\n<title>Inter\u00b7nationales Mahn\u00b7mal - KZ Gedenkst\u00e4tte Dachau<\/title>\n<meta name=\"robots\" content=\"index, follow, max-snippet:-1, max-image-preview:large, max-video-preview:-1\" \/>\n<link rel=\"canonical\" href=\"https:\/\/www.kz-gedenkstaette-dachau.de\/dels\/historischer-ort\/virtueller-rundgang\/internationales-mahnmal\/\" \/>\n<meta property=\"og:locale\" content=\"en_US\" \/>\n<meta property=\"og:type\" content=\"article\" \/>\n<meta property=\"og:title\" content=\"Inter\u00b7nationales Mahn\u00b7mal - KZ Gedenkst\u00e4tte Dachau\" \/>\n<meta property=\"og:description\" content=\"Station 14 ist das Inter\u00b7nationale Mahn\u00b7mal. Das Inter\u00b7nationale Mahn\u00b7mal wurde am 8. September 1968 eingeweiht. Vorher hat es einen K\u00fcnstler\u00b7wettbewerb gegeben. Die \u00dcberlebenden-Organisation CID hat den K\u00fcnstler\u00b7wettbewerb veranstaltet. Der Wettbewerb war: Wie soll das Internationale Mahn\u00b7mal aussehen? Nandor Glid hat den Wettbewerb 1959 gewonnen. Deshalb hat Nandor Glid das Mahn\u00b7mal entworfen. Nandor Glid war ein... Artikel anzeigen\" \/>\n<meta property=\"og:url\" content=\"https:\/\/www.kz-gedenkstaette-dachau.de\/dels\/historischer-ort\/virtueller-rundgang\/internationales-mahnmal\/\" \/>\n<meta property=\"og:site_name\" content=\"KZ Gedenkst\u00e4tte Dachau\" \/>\n<meta property=\"article:modified_time\" content=\"2020-03-31T15:41:55+00:00\" \/>\n<meta property=\"og:image\" content=\"https:\/\/www.kz-gedenkstaette-dachau.de\/wp-content\/uploads\/2018\/11\/int_mahnmal-250x147.jpg\" \/>\n<meta name=\"twitter:card\" content=\"summary_large_image\" \/>\n<meta name=\"twitter:label1\" content=\"Est. reading time\" \/>\n\t<meta name=\"twitter:data1\" content=\"3 minutes\" \/>\n<script type=\"application\/ld+json\" class=\"yoast-schema-graph\">{\"@context\":\"https:\\\/\\\/schema.org\",\"@graph\":[{\"@type\":\"WebPage\",\"@id\":\"https:\\\/\\\/www.kz-gedenkstaette-dachau.de\\\/dels\\\/historischer-ort\\\/virtueller-rundgang\\\/internationales-mahnmal\\\/\",\"url\":\"https:\\\/\\\/www.kz-gedenkstaette-dachau.de\\\/dels\\\/historischer-ort\\\/virtueller-rundgang\\\/internationales-mahnmal\\\/\",\"name\":\"Inter\u00b7nationales Mahn\u00b7mal - KZ Gedenkst\u00e4tte Dachau\",\"isPartOf\":{\"@id\":\"https:\\\/\\\/www.kz-gedenkstaette-dachau.de\\\/#website\"},\"primaryImageOfPage\":{\"@id\":\"https:\\\/\\\/www.kz-gedenkstaette-dachau.de\\\/dels\\\/historischer-ort\\\/virtueller-rundgang\\\/internationales-mahnmal\\\/#primaryimage\"},\"image\":{\"@id\":\"https:\\\/\\\/www.kz-gedenkstaette-dachau.de\\\/dels\\\/historischer-ort\\\/virtueller-rundgang\\\/internationales-mahnmal\\\/#primaryimage\"},\"thumbnailUrl\":\"https:\\\/\\\/www.kz-gedenkstaette-dachau.de\\\/wp-content\\\/uploads\\\/2018\\\/11\\\/int_mahnmal-250x147.jpg\",\"datePublished\":\"2018-09-04T10:43:53+00:00\",\"dateModified\":\"2020-03-31T15:41:55+00:00\",\"breadcrumb\":{\"@id\":\"https:\\\/\\\/www.kz-gedenkstaette-dachau.de\\\/dels\\\/historischer-ort\\\/virtueller-rundgang\\\/internationales-mahnmal\\\/#breadcrumb\"},\"inLanguage\":\"ls-DE\",\"potentialAction\":[{\"@type\":\"ReadAction\",\"target\":[\"https:\\\/\\\/www.kz-gedenkstaette-dachau.de\\\/dels\\\/historischer-ort\\\/virtueller-rundgang\\\/internationales-mahnmal\\\/\"]}]},{\"@type\":\"ImageObject\",\"inLanguage\":\"ls-DE\",\"@id\":\"https:\\\/\\\/www.kz-gedenkstaette-dachau.de\\\/dels\\\/historischer-ort\\\/virtueller-rundgang\\\/internationales-mahnmal\\\/#primaryimage\",\"url\":\"https:\\\/\\\/www.kz-gedenkstaette-dachau.de\\\/wp-content\\\/uploads\\\/2018\\\/11\\\/int_mahnmal-250x147.jpg\",\"contentUrl\":\"https:\\\/\\\/www.kz-gedenkstaette-dachau.de\\\/wp-content\\\/uploads\\\/2018\\\/11\\\/int_mahnmal-250x147.jpg\"},{\"@type\":\"BreadcrumbList\",\"@id\":\"https:\\\/\\\/www.kz-gedenkstaette-dachau.de\\\/dels\\\/historischer-ort\\\/virtueller-rundgang\\\/internationales-mahnmal\\\/#breadcrumb\",\"itemListElement\":[{\"@type\":\"ListItem\",\"position\":1,\"name\":\"Start\u00b7seite\",\"item\":\"https:\\\/\\\/www.kz-gedenkstaette-dachau.de\\\/dels\\\/\"},{\"@type\":\"ListItem\",\"position\":2,\"name\":\"Historischer Ort\",\"item\":\"https:\\\/\\\/www.kz-gedenkstaette-dachau.de\\\/dels\\\/historischer-ort\\\/\"},{\"@type\":\"ListItem\",\"position\":3,\"name\":\"Virtueller Rund\u00b7gang\",\"item\":\"https:\\\/\\\/www.kz-gedenkstaette-dachau.de\\\/dels\\\/historischer-ort\\\/virtueller-rundgang\\\/\"},{\"@type\":\"ListItem\",\"position\":4,\"name\":\"Inter\u00b7nationales Mahn\u00b7mal\"}]},{\"@type\":\"WebSite\",\"@id\":\"https:\\\/\\\/www.kz-gedenkstaette-dachau.de\\\/#website\",\"url\":\"https:\\\/\\\/www.kz-gedenkstaette-dachau.de\\\/\",\"name\":\"KZ Gedenkst\u00e4tte Dachau\",\"description\":\"\",\"potentialAction\":[{\"@type\":\"SearchAction\",\"target\":{\"@type\":\"EntryPoint\",\"urlTemplate\":\"https:\\\/\\\/www.kz-gedenkstaette-dachau.de\\\/?s={search_term_string}\"},\"query-input\":{\"@type\":\"PropertyValueSpecification\",\"valueRequired\":true,\"valueName\":\"search_term_string\"}}],\"inLanguage\":\"ls-DE\"}]}<\/script>\n<!-- \/ Yoast SEO plugin. -->","yoast_head_json":{"title":"Inter\u00b7nationales Mahn\u00b7mal - KZ Gedenkst\u00e4tte Dachau","robots":{"index":"index","follow":"follow","max-snippet":"max-snippet:-1","max-image-preview":"max-image-preview:large","max-video-preview":"max-video-preview:-1"},"canonical":"https:\/\/www.kz-gedenkstaette-dachau.de\/dels\/historischer-ort\/virtueller-rundgang\/internationales-mahnmal\/","og_locale":"en_US","og_type":"article","og_title":"Inter\u00b7nationales Mahn\u00b7mal - KZ Gedenkst\u00e4tte Dachau","og_description":"Station 14 ist das Inter\u00b7nationale Mahn\u00b7mal. Das Inter\u00b7nationale Mahn\u00b7mal wurde am 8. September 1968 eingeweiht. Vorher hat es einen K\u00fcnstler\u00b7wettbewerb gegeben. Die \u00dcberlebenden-Organisation CID hat den K\u00fcnstler\u00b7wettbewerb veranstaltet. Der Wettbewerb war: Wie soll das Internationale Mahn\u00b7mal aussehen? Nandor Glid hat den Wettbewerb 1959 gewonnen. Deshalb hat Nandor Glid das Mahn\u00b7mal entworfen. Nandor Glid war ein... Artikel anzeigen","og_url":"https:\/\/www.kz-gedenkstaette-dachau.de\/dels\/historischer-ort\/virtueller-rundgang\/internationales-mahnmal\/","og_site_name":"KZ Gedenkst\u00e4tte Dachau","article_modified_time":"2020-03-31T15:41:55+00:00","og_image":[{"url":"https:\/\/www.kz-gedenkstaette-dachau.de\/wp-content\/uploads\/2018\/11\/int_mahnmal-250x147.jpg","type":"","width":"","height":""}],"twitter_card":"summary_large_image","twitter_misc":{"Est. reading time":"3 minutes"},"schema":{"@context":"https:\/\/schema.org","@graph":[{"@type":"WebPage","@id":"https:\/\/www.kz-gedenkstaette-dachau.de\/dels\/historischer-ort\/virtueller-rundgang\/internationales-mahnmal\/","url":"https:\/\/www.kz-gedenkstaette-dachau.de\/dels\/historischer-ort\/virtueller-rundgang\/internationales-mahnmal\/","name":"Inter\u00b7nationales Mahn\u00b7mal - KZ Gedenkst\u00e4tte Dachau","isPartOf":{"@id":"https:\/\/www.kz-gedenkstaette-dachau.de\/#website"},"primaryImageOfPage":{"@id":"https:\/\/www.kz-gedenkstaette-dachau.de\/dels\/historischer-ort\/virtueller-rundgang\/internationales-mahnmal\/#primaryimage"},"image":{"@id":"https:\/\/www.kz-gedenkstaette-dachau.de\/dels\/historischer-ort\/virtueller-rundgang\/internationales-mahnmal\/#primaryimage"},"thumbnailUrl":"https:\/\/www.kz-gedenkstaette-dachau.de\/wp-content\/uploads\/2018\/11\/int_mahnmal-250x147.jpg","datePublished":"2018-09-04T10:43:53+00:00","dateModified":"2020-03-31T15:41:55+00:00","breadcrumb":{"@id":"https:\/\/www.kz-gedenkstaette-dachau.de\/dels\/historischer-ort\/virtueller-rundgang\/internationales-mahnmal\/#breadcrumb"},"inLanguage":"ls-DE","potentialAction":[{"@type":"ReadAction","target":["https:\/\/www.kz-gedenkstaette-dachau.de\/dels\/historischer-ort\/virtueller-rundgang\/internationales-mahnmal\/"]}]},{"@type":"ImageObject","inLanguage":"ls-DE","@id":"https:\/\/www.kz-gedenkstaette-dachau.de\/dels\/historischer-ort\/virtueller-rundgang\/internationales-mahnmal\/#primaryimage","url":"https:\/\/www.kz-gedenkstaette-dachau.de\/wp-content\/uploads\/2018\/11\/int_mahnmal-250x147.jpg","contentUrl":"https:\/\/www.kz-gedenkstaette-dachau.de\/wp-content\/uploads\/2018\/11\/int_mahnmal-250x147.jpg"},{"@type":"BreadcrumbList","@id":"https:\/\/www.kz-gedenkstaette-dachau.de\/dels\/historischer-ort\/virtueller-rundgang\/internationales-mahnmal\/#breadcrumb","itemListElement":[{"@type":"ListItem","position":1,"name":"Start\u00b7seite","item":"https:\/\/www.kz-gedenkstaette-dachau.de\/dels\/"},{"@type":"ListItem","position":2,"name":"Historischer Ort","item":"https:\/\/www.kz-gedenkstaette-dachau.de\/dels\/historischer-ort\/"},{"@type":"ListItem","position":3,"name":"Virtueller Rund\u00b7gang","item":"https:\/\/www.kz-gedenkstaette-dachau.de\/dels\/historischer-ort\/virtueller-rundgang\/"},{"@type":"ListItem","position":4,"name":"Inter\u00b7nationales Mahn\u00b7mal"}]},{"@type":"WebSite","@id":"https:\/\/www.kz-gedenkstaette-dachau.de\/#website","url":"https:\/\/www.kz-gedenkstaette-dachau.de\/","name":"KZ Gedenkst\u00e4tte Dachau","description":"","potentialAction":[{"@type":"SearchAction","target":{"@type":"EntryPoint","urlTemplate":"https:\/\/www.kz-gedenkstaette-dachau.de\/?s={search_term_string}"},"query-input":{"@type":"PropertyValueSpecification","valueRequired":true,"valueName":"search_term_string"}}],"inLanguage":"ls-DE"}]}},"_links":{"self":[{"href":"https:\/\/www.kz-gedenkstaette-dachau.de\/dels\/wp-json\/wp\/v2\/pages\/63690","targetHints":{"allow":["GET"]}}],"collection":[{"href":"https:\/\/www.kz-gedenkstaette-dachau.de\/dels\/wp-json\/wp\/v2\/pages"}],"about":[{"href":"https:\/\/www.kz-gedenkstaette-dachau.de\/dels\/wp-json\/wp\/v2\/types\/page"}],"author":[{"embeddable":true,"href":"https:\/\/www.kz-gedenkstaette-dachau.de\/dels\/wp-json\/wp\/v2\/users\/1"}],"replies":[{"embeddable":true,"href":"https:\/\/www.kz-gedenkstaette-dachau.de\/dels\/wp-json\/wp\/v2\/comments?post=63690"}],"version-history":[{"count":0,"href":"https:\/\/www.kz-gedenkstaette-dachau.de\/dels\/wp-json\/wp\/v2\/pages\/63690\/revisions"}],"up":[{"embeddable":true,"href":"https:\/\/www.kz-gedenkstaette-dachau.de\/dels\/wp-json\/wp\/v2\/pages\/63630"}],"wp:attachment":[{"href":"https:\/\/www.kz-gedenkstaette-dachau.de\/dels\/wp-json\/wp\/v2\/media?parent=63690"}],"curies":[{"name":"wp","href":"https:\/\/api.w.org\/{rel}","templated":true}]}}