{"id":63701,"date":"2018-09-04T12:45:43","date_gmt":"2018-09-04T10:45:43","guid":{"rendered":"https:\/\/www.kz-gedenkstaette-dachau.de\/historischer-ort\/virtueller-rundgang\/karmel-heilig-blut\/"},"modified":"2020-03-31T17:51:20","modified_gmt":"2020-03-31T15:51:20","slug":"karmel-heilig-blut","status":"publish","type":"page","link":"https:\/\/www.kz-gedenkstaette-dachau.de\/dels\/historischer-ort\/virtueller-rundgang\/karmel-heilig-blut\/","title":{"rendered":"Karmel Heilig Blut"},"content":{"rendered":"<div id=\"attachment_63702\" style=\"width: 710px\" class=\"wp-caption alignnone\"><img loading=\"lazy\" decoding=\"async\" aria-describedby=\"caption-attachment-63702\" class=\"wp-image-63702\" src=\"https:\/\/www.kz-gedenkstaette-dachau.de\/wp-content\/uploads\/2018\/11\/karmel_heilig_blut-250x147.jpg\" alt=\"Eingang des Karmel Heilig Blut. Das Foto ist von 2017. (KZ-Gedenk\u00b7st\u00e4tte Dachau)\" width=\"700\" height=\"413\" srcset=\"https:\/\/www.kz-gedenkstaette-dachau.de\/wp-content\/uploads\/2018\/11\/karmel_heilig_blut-250x147.jpg 250w, https:\/\/www.kz-gedenkstaette-dachau.de\/wp-content\/uploads\/2018\/11\/karmel_heilig_blut-768x453.jpg 768w, https:\/\/www.kz-gedenkstaette-dachau.de\/wp-content\/uploads\/2018\/11\/karmel_heilig_blut-700x413.jpg 700w, https:\/\/www.kz-gedenkstaette-dachau.de\/wp-content\/uploads\/2018\/11\/karmel_heilig_blut-120x71.jpg 120w, https:\/\/www.kz-gedenkstaette-dachau.de\/wp-content\/uploads\/2018\/11\/karmel_heilig_blut.jpg 1120w\" sizes=\"auto, (max-width: 700px) 100vw, 700px\" \/><p id=\"caption-attachment-63702\" class=\"wp-caption-text\"><small>Eingang des Karmel Heilig Blut.<br \/>Das Foto ist von 2017.<br \/>(KZ-Gedenk\u00b7st\u00e4tte Dachau)<small><\/p><\/div>\n<p>Station 17 ist das Karmel Heilig Blut.<br \/>\nDas Karmel Heilig Blut ist hinter der Todes\u00b7angst-Christi-Kapelle.<br \/>\nDas Karmel Heilig Blut ist ein Kloster.<br \/>\nIn einem Kloster leben Menschen.<br \/>\nDiese Menschen leben f\u00fcr ihren Glauben.<br \/>\nDeshalb beten diese Menschen zum Beispiel zusammen.<\/p>\n<p>Josef Wiedemann hat das Karmel Heilig Blut entworfen.<br \/>\nJosef Wiedemann war ein Architekt.<br \/>\nDer Grund\u00b7riss vom Karmel Heilig Blut ist ein Kreuz.<\/p>\n<p>Das Kloster wurde am <strong>22. November 1964<\/strong> eingeweiht.<br \/>\nJohannes Neuh\u00e4usler hat das Kloster eingeweiht.<br \/>\nNeuh\u00e4usler war ein <span style=\"color: #cc1800;\"><strong title=\"Ein \u00dcberlebender war fr\u00fcher ein H\u00e4ftling im KZ. Dieser Mensch hat die KZ-Haft \u00fcberlebt. Viele Menschen haben die KZ-Haft nicht \u00fcberlebt. Diese Menschen sind an Hunger gestorben. Oder diese Menschen sind an Krankheiten gestorben. Oder diese Menschen wurden von der SS get\u00f6tet.\">\u00dcberlebender<\/strong><\/span> aus dem <span style=\"color: #cc1800;\"><strong title=\"KZ ist die Abk\u00fcrzung f\u00fcr Konzentrations\u00b7lager.\">KZ<\/strong><\/span> Dachau.<br \/>\nNeuh\u00e4usler war sp\u00e4ter Weih\u00b7bischof von M\u00fcnchen.<br \/>\nNeuh\u00e4usler wurde in der Kirche vom Kloster beerdigt.<\/p>\n<p><strong>Wer lebt im Karmel Heilig Blut?<\/strong><br \/>\nIm Karmel Heilig Blut leben Karmelitinnen.<br \/>\nKarmelitinnen sind Nonnen.<br \/>\nDiese Nonnen geh\u00f6ren zum Orden der Unbeschuhten Karmelitinnen.<br \/>\nDieser Orden wurde im 16. Jahr\u00b7hundert gegr\u00fcndet.<br \/>\nDie Heilige Teresa von \u00c1vila<br \/>\nhat den Orden gegr\u00fcndet.<br \/>\nDie Karmelitin Maria Theresia wollte das Kloster im ehemaligen KZ Dachau.<br \/>\nMaria Theresia hat gesagt:<br \/>\nIm KZ Dachau sind grausame Dinge passiert.<br \/>\nDeshalb m\u00fcssen wir hier beten.<br \/>\nSo wollen wir ein Zeichen der Hoffnung setzen.<\/p>\n<p><strong>Was gibt es im Karmel Heilig Blut?<\/strong><br \/>\nMan kann das Kloster durch einen Tor\u00b7durch\u00b7bruch betreten.<br \/>\nDer Tor\u00b7durch\u00b7bruch ist einem ehemaligen Wach\u00b7turm.<br \/>\nDen Vor\u00b7hof vom Kloster kann man betreten.<br \/>\nUnd die Pforte vom Kloster.<br \/>\nUnd die Kirche vom Kloster.<\/p>\n<p>Im <span style=\"color: #cc1800;\"><strong title=\"Das H\u00e4ftlings\u00b7lager war wie ein Gef\u00e4ngnis. Das H\u00e4ftlings\u00b7lager war ein Teil vom KZ Dachau. Im H\u00e4ftlings\u00b7lager waren die H\u00e4ftlinge eingesperrt. Die SS hat die H\u00e4ftlinge kontrolliert. Und die SS hat die H\u00e4ftlinge isoliert. Die H\u00e4ftlinge hatten keine Privatsph\u00e4re.\">H\u00e4ftlings\u00b7lager<\/strong><\/span> war eine Lager\u00b7kapelle.<br \/>\nDie Lager\u00b7kapelle war fr\u00fcher in einer von den Baracken.<br \/>\nVon der Lager\u00b7kapelle sind einige Dinge erhalten.<br \/>\nDiese Sachen sind in einer Vitrine im Vor\u00b7hof vom Kloster ausgestellt.<\/p>\n","protected":false},"excerpt":{"rendered":"<p>Station 17 ist das Karmel Heilig Blut. Das Karmel Heilig Blut ist hinter der Todes\u00b7angst-Christi-Kapelle. Das Karmel Heilig Blut ist ein Kloster. In einem Kloster leben Menschen. Diese Menschen leben f\u00fcr ihren Glauben. Deshalb beten diese Menschen zum Beispiel zusammen. Josef Wiedemann hat das Karmel Heilig Blut entworfen. Josef Wiedemann war ein Architekt. Der Grund\u00b7riss&#8230; <a class=\"view-article\" href=\"https:\/\/www.kz-gedenkstaette-dachau.de\/dels\/historischer-ort\/virtueller-rundgang\/karmel-heilig-blut\/\">Artikel anzeigen<\/a><\/p>\n","protected":false},"author":1,"featured_media":0,"parent":63630,"menu_order":1700,"comment_status":"closed","ping_status":"closed","template":"page-virtueller_rundgang_unterseite.php","meta":{"_acf_changed":false,"footnotes":""},"class_list":["post-63701","page","type-page","status-publish","hentry"],"acf":[],"yoast_head":"<!-- This site is optimized with the Yoast SEO plugin v27.4 - https:\/\/yoast.com\/product\/yoast-seo-wordpress\/ -->\n<title>Karmel Heilig Blut - KZ Gedenkst\u00e4tte Dachau<\/title>\n<meta name=\"robots\" content=\"index, follow, max-snippet:-1, max-image-preview:large, max-video-preview:-1\" \/>\n<link rel=\"canonical\" href=\"https:\/\/www.kz-gedenkstaette-dachau.de\/dels\/historischer-ort\/virtueller-rundgang\/karmel-heilig-blut\/\" \/>\n<meta property=\"og:locale\" content=\"en_US\" \/>\n<meta property=\"og:type\" content=\"article\" \/>\n<meta property=\"og:title\" content=\"Karmel Heilig Blut - KZ Gedenkst\u00e4tte Dachau\" \/>\n<meta property=\"og:description\" content=\"Station 17 ist das Karmel Heilig Blut. Das Karmel Heilig Blut ist hinter der Todes\u00b7angst-Christi-Kapelle. Das Karmel Heilig Blut ist ein Kloster. In einem Kloster leben Menschen. Diese Menschen leben f\u00fcr ihren Glauben. Deshalb beten diese Menschen zum Beispiel zusammen. Josef Wiedemann hat das Karmel Heilig Blut entworfen. Josef Wiedemann war ein Architekt. Der Grund\u00b7riss... Artikel anzeigen\" \/>\n<meta property=\"og:url\" content=\"https:\/\/www.kz-gedenkstaette-dachau.de\/dels\/historischer-ort\/virtueller-rundgang\/karmel-heilig-blut\/\" \/>\n<meta property=\"og:site_name\" content=\"KZ Gedenkst\u00e4tte Dachau\" \/>\n<meta property=\"article:modified_time\" content=\"2020-03-31T15:51:20+00:00\" \/>\n<meta property=\"og:image\" content=\"https:\/\/www.kz-gedenkstaette-dachau.de\/wp-content\/uploads\/2018\/11\/karmel_heilig_blut-250x147.jpg\" \/>\n<meta name=\"twitter:card\" content=\"summary_large_image\" \/>\n<meta name=\"twitter:label1\" content=\"Est. reading time\" \/>\n\t<meta name=\"twitter:data1\" content=\"1 minute\" \/>\n<script type=\"application\/ld+json\" class=\"yoast-schema-graph\">{\"@context\":\"https:\\\/\\\/schema.org\",\"@graph\":[{\"@type\":\"WebPage\",\"@id\":\"https:\\\/\\\/www.kz-gedenkstaette-dachau.de\\\/dels\\\/historischer-ort\\\/virtueller-rundgang\\\/karmel-heilig-blut\\\/\",\"url\":\"https:\\\/\\\/www.kz-gedenkstaette-dachau.de\\\/dels\\\/historischer-ort\\\/virtueller-rundgang\\\/karmel-heilig-blut\\\/\",\"name\":\"Karmel Heilig Blut - KZ Gedenkst\u00e4tte Dachau\",\"isPartOf\":{\"@id\":\"https:\\\/\\\/www.kz-gedenkstaette-dachau.de\\\/#website\"},\"primaryImageOfPage\":{\"@id\":\"https:\\\/\\\/www.kz-gedenkstaette-dachau.de\\\/dels\\\/historischer-ort\\\/virtueller-rundgang\\\/karmel-heilig-blut\\\/#primaryimage\"},\"image\":{\"@id\":\"https:\\\/\\\/www.kz-gedenkstaette-dachau.de\\\/dels\\\/historischer-ort\\\/virtueller-rundgang\\\/karmel-heilig-blut\\\/#primaryimage\"},\"thumbnailUrl\":\"https:\\\/\\\/www.kz-gedenkstaette-dachau.de\\\/wp-content\\\/uploads\\\/2018\\\/11\\\/karmel_heilig_blut-250x147.jpg\",\"datePublished\":\"2018-09-04T10:45:43+00:00\",\"dateModified\":\"2020-03-31T15:51:20+00:00\",\"breadcrumb\":{\"@id\":\"https:\\\/\\\/www.kz-gedenkstaette-dachau.de\\\/dels\\\/historischer-ort\\\/virtueller-rundgang\\\/karmel-heilig-blut\\\/#breadcrumb\"},\"inLanguage\":\"ls-DE\",\"potentialAction\":[{\"@type\":\"ReadAction\",\"target\":[\"https:\\\/\\\/www.kz-gedenkstaette-dachau.de\\\/dels\\\/historischer-ort\\\/virtueller-rundgang\\\/karmel-heilig-blut\\\/\"]}]},{\"@type\":\"ImageObject\",\"inLanguage\":\"ls-DE\",\"@id\":\"https:\\\/\\\/www.kz-gedenkstaette-dachau.de\\\/dels\\\/historischer-ort\\\/virtueller-rundgang\\\/karmel-heilig-blut\\\/#primaryimage\",\"url\":\"https:\\\/\\\/www.kz-gedenkstaette-dachau.de\\\/wp-content\\\/uploads\\\/2018\\\/11\\\/karmel_heilig_blut-250x147.jpg\",\"contentUrl\":\"https:\\\/\\\/www.kz-gedenkstaette-dachau.de\\\/wp-content\\\/uploads\\\/2018\\\/11\\\/karmel_heilig_blut-250x147.jpg\"},{\"@type\":\"BreadcrumbList\",\"@id\":\"https:\\\/\\\/www.kz-gedenkstaette-dachau.de\\\/dels\\\/historischer-ort\\\/virtueller-rundgang\\\/karmel-heilig-blut\\\/#breadcrumb\",\"itemListElement\":[{\"@type\":\"ListItem\",\"position\":1,\"name\":\"Start\u00b7seite\",\"item\":\"https:\\\/\\\/www.kz-gedenkstaette-dachau.de\\\/dels\\\/\"},{\"@type\":\"ListItem\",\"position\":2,\"name\":\"Historischer Ort\",\"item\":\"https:\\\/\\\/www.kz-gedenkstaette-dachau.de\\\/dels\\\/historischer-ort\\\/\"},{\"@type\":\"ListItem\",\"position\":3,\"name\":\"Virtueller Rund\u00b7gang\",\"item\":\"https:\\\/\\\/www.kz-gedenkstaette-dachau.de\\\/dels\\\/historischer-ort\\\/virtueller-rundgang\\\/\"},{\"@type\":\"ListItem\",\"position\":4,\"name\":\"Karmel Heilig Blut\"}]},{\"@type\":\"WebSite\",\"@id\":\"https:\\\/\\\/www.kz-gedenkstaette-dachau.de\\\/#website\",\"url\":\"https:\\\/\\\/www.kz-gedenkstaette-dachau.de\\\/\",\"name\":\"KZ Gedenkst\u00e4tte Dachau\",\"description\":\"\",\"potentialAction\":[{\"@type\":\"SearchAction\",\"target\":{\"@type\":\"EntryPoint\",\"urlTemplate\":\"https:\\\/\\\/www.kz-gedenkstaette-dachau.de\\\/?s={search_term_string}\"},\"query-input\":{\"@type\":\"PropertyValueSpecification\",\"valueRequired\":true,\"valueName\":\"search_term_string\"}}],\"inLanguage\":\"ls-DE\"}]}<\/script>\n<!-- \/ Yoast SEO plugin. -->","yoast_head_json":{"title":"Karmel Heilig Blut - KZ Gedenkst\u00e4tte Dachau","robots":{"index":"index","follow":"follow","max-snippet":"max-snippet:-1","max-image-preview":"max-image-preview:large","max-video-preview":"max-video-preview:-1"},"canonical":"https:\/\/www.kz-gedenkstaette-dachau.de\/dels\/historischer-ort\/virtueller-rundgang\/karmel-heilig-blut\/","og_locale":"en_US","og_type":"article","og_title":"Karmel Heilig Blut - KZ Gedenkst\u00e4tte Dachau","og_description":"Station 17 ist das Karmel Heilig Blut. Das Karmel Heilig Blut ist hinter der Todes\u00b7angst-Christi-Kapelle. Das Karmel Heilig Blut ist ein Kloster. In einem Kloster leben Menschen. Diese Menschen leben f\u00fcr ihren Glauben. Deshalb beten diese Menschen zum Beispiel zusammen. Josef Wiedemann hat das Karmel Heilig Blut entworfen. Josef Wiedemann war ein Architekt. Der Grund\u00b7riss... Artikel anzeigen","og_url":"https:\/\/www.kz-gedenkstaette-dachau.de\/dels\/historischer-ort\/virtueller-rundgang\/karmel-heilig-blut\/","og_site_name":"KZ Gedenkst\u00e4tte Dachau","article_modified_time":"2020-03-31T15:51:20+00:00","og_image":[{"url":"https:\/\/www.kz-gedenkstaette-dachau.de\/wp-content\/uploads\/2018\/11\/karmel_heilig_blut-250x147.jpg","type":"","width":"","height":""}],"twitter_card":"summary_large_image","twitter_misc":{"Est. reading time":"1 minute"},"schema":{"@context":"https:\/\/schema.org","@graph":[{"@type":"WebPage","@id":"https:\/\/www.kz-gedenkstaette-dachau.de\/dels\/historischer-ort\/virtueller-rundgang\/karmel-heilig-blut\/","url":"https:\/\/www.kz-gedenkstaette-dachau.de\/dels\/historischer-ort\/virtueller-rundgang\/karmel-heilig-blut\/","name":"Karmel Heilig Blut - KZ Gedenkst\u00e4tte Dachau","isPartOf":{"@id":"https:\/\/www.kz-gedenkstaette-dachau.de\/#website"},"primaryImageOfPage":{"@id":"https:\/\/www.kz-gedenkstaette-dachau.de\/dels\/historischer-ort\/virtueller-rundgang\/karmel-heilig-blut\/#primaryimage"},"image":{"@id":"https:\/\/www.kz-gedenkstaette-dachau.de\/dels\/historischer-ort\/virtueller-rundgang\/karmel-heilig-blut\/#primaryimage"},"thumbnailUrl":"https:\/\/www.kz-gedenkstaette-dachau.de\/wp-content\/uploads\/2018\/11\/karmel_heilig_blut-250x147.jpg","datePublished":"2018-09-04T10:45:43+00:00","dateModified":"2020-03-31T15:51:20+00:00","breadcrumb":{"@id":"https:\/\/www.kz-gedenkstaette-dachau.de\/dels\/historischer-ort\/virtueller-rundgang\/karmel-heilig-blut\/#breadcrumb"},"inLanguage":"ls-DE","potentialAction":[{"@type":"ReadAction","target":["https:\/\/www.kz-gedenkstaette-dachau.de\/dels\/historischer-ort\/virtueller-rundgang\/karmel-heilig-blut\/"]}]},{"@type":"ImageObject","inLanguage":"ls-DE","@id":"https:\/\/www.kz-gedenkstaette-dachau.de\/dels\/historischer-ort\/virtueller-rundgang\/karmel-heilig-blut\/#primaryimage","url":"https:\/\/www.kz-gedenkstaette-dachau.de\/wp-content\/uploads\/2018\/11\/karmel_heilig_blut-250x147.jpg","contentUrl":"https:\/\/www.kz-gedenkstaette-dachau.de\/wp-content\/uploads\/2018\/11\/karmel_heilig_blut-250x147.jpg"},{"@type":"BreadcrumbList","@id":"https:\/\/www.kz-gedenkstaette-dachau.de\/dels\/historischer-ort\/virtueller-rundgang\/karmel-heilig-blut\/#breadcrumb","itemListElement":[{"@type":"ListItem","position":1,"name":"Start\u00b7seite","item":"https:\/\/www.kz-gedenkstaette-dachau.de\/dels\/"},{"@type":"ListItem","position":2,"name":"Historischer Ort","item":"https:\/\/www.kz-gedenkstaette-dachau.de\/dels\/historischer-ort\/"},{"@type":"ListItem","position":3,"name":"Virtueller Rund\u00b7gang","item":"https:\/\/www.kz-gedenkstaette-dachau.de\/dels\/historischer-ort\/virtueller-rundgang\/"},{"@type":"ListItem","position":4,"name":"Karmel Heilig Blut"}]},{"@type":"WebSite","@id":"https:\/\/www.kz-gedenkstaette-dachau.de\/#website","url":"https:\/\/www.kz-gedenkstaette-dachau.de\/","name":"KZ Gedenkst\u00e4tte Dachau","description":"","potentialAction":[{"@type":"SearchAction","target":{"@type":"EntryPoint","urlTemplate":"https:\/\/www.kz-gedenkstaette-dachau.de\/?s={search_term_string}"},"query-input":{"@type":"PropertyValueSpecification","valueRequired":true,"valueName":"search_term_string"}}],"inLanguage":"ls-DE"}]}},"_links":{"self":[{"href":"https:\/\/www.kz-gedenkstaette-dachau.de\/dels\/wp-json\/wp\/v2\/pages\/63701","targetHints":{"allow":["GET"]}}],"collection":[{"href":"https:\/\/www.kz-gedenkstaette-dachau.de\/dels\/wp-json\/wp\/v2\/pages"}],"about":[{"href":"https:\/\/www.kz-gedenkstaette-dachau.de\/dels\/wp-json\/wp\/v2\/types\/page"}],"author":[{"embeddable":true,"href":"https:\/\/www.kz-gedenkstaette-dachau.de\/dels\/wp-json\/wp\/v2\/users\/1"}],"replies":[{"embeddable":true,"href":"https:\/\/www.kz-gedenkstaette-dachau.de\/dels\/wp-json\/wp\/v2\/comments?post=63701"}],"version-history":[{"count":0,"href":"https:\/\/www.kz-gedenkstaette-dachau.de\/dels\/wp-json\/wp\/v2\/pages\/63701\/revisions"}],"up":[{"embeddable":true,"href":"https:\/\/www.kz-gedenkstaette-dachau.de\/dels\/wp-json\/wp\/v2\/pages\/63630"}],"wp:attachment":[{"href":"https:\/\/www.kz-gedenkstaette-dachau.de\/dels\/wp-json\/wp\/v2\/media?parent=63701"}],"curies":[{"name":"wp","href":"https:\/\/api.w.org\/{rel}","templated":true}]}}