{"id":63706,"date":"2018-09-04T12:46:07","date_gmt":"2018-09-04T10:46:07","guid":{"rendered":"https:\/\/www.kz-gedenkstaette-dachau.de\/historischer-ort\/virtueller-rundgang\/evangelische-versoehnungskriche\/"},"modified":"2020-03-31T17:54:27","modified_gmt":"2020-03-31T15:54:27","slug":"evangelische-versoehnungskriche","status":"publish","type":"page","link":"https:\/\/www.kz-gedenkstaette-dachau.de\/dels\/historischer-ort\/virtueller-rundgang\/evangelische-versoehnungskriche\/","title":{"rendered":"Evangelische Vers\u00f6hnungs\u00b7kirche"},"content":{"rendered":"<div id=\"attachment_63707\" style=\"width: 710px\" class=\"wp-caption alignnone\"><img loading=\"lazy\" decoding=\"async\" aria-describedby=\"caption-attachment-63707\" class=\"wp-image-63707\" src=\"https:\/\/www.kz-gedenkstaette-dachau.de\/wp-content\/uploads\/2018\/11\/evangelische_versoehnungskirche-250x147.jpg\" alt=\"Evangelische Vers\u00f6hnungs\u00b7kirche. Das Foto ist von 2010. (KZ-Gedenk\u00b7st\u00e4tte Dachau)\" width=\"700\" height=\"413\" srcset=\"https:\/\/www.kz-gedenkstaette-dachau.de\/wp-content\/uploads\/2018\/11\/evangelische_versoehnungskirche-250x147.jpg 250w, https:\/\/www.kz-gedenkstaette-dachau.de\/wp-content\/uploads\/2018\/11\/evangelische_versoehnungskirche-768x453.jpg 768w, https:\/\/www.kz-gedenkstaette-dachau.de\/wp-content\/uploads\/2018\/11\/evangelische_versoehnungskirche-700x413.jpg 700w, https:\/\/www.kz-gedenkstaette-dachau.de\/wp-content\/uploads\/2018\/11\/evangelische_versoehnungskirche-120x71.jpg 120w, https:\/\/www.kz-gedenkstaette-dachau.de\/wp-content\/uploads\/2018\/11\/evangelische_versoehnungskirche.jpg 1120w\" sizes=\"auto, (max-width: 700px) 100vw, 700px\" \/><p id=\"caption-attachment-63707\" class=\"wp-caption-text\"><small>Evangelische Vers\u00f6hnungs\u00b7kirche.<br \/>Das Foto ist von 2010.<br \/>(KZ-Gedenk\u00b7st\u00e4tte Dachau)<small><\/p><\/div>\n<p>Station 18 ist die Evangelische Vers\u00f6hnungs\u00b7kirche.<br \/>\nNiederl\u00e4ndische <span style=\"color: #cc1800;\"><strong title=\"Ein \u00dcberlebender war fr\u00fcher ein H\u00e4ftling im KZ. Dieser Mensch hat die KZ-Haft \u00fcberlebt. Viele Menschen haben die KZ-Haft nicht \u00fcberlebt. Diese Menschen sind an Hunger gestorben. Oder diese Menschen sind an Krankheiten gestorben. Oder diese Menschen wurden von der SS get\u00f6tet.\">\u00dcberlebende<\/strong><\/span> hatten die Idee f\u00fcr die Kirche.<br \/>\nDer Welt\u00b7kirchen\u00b7rat hat diese Idee unterst\u00fctzt.<br \/>\nHelmut Striffler hat die Kirche entworfen.<br \/>\nHelmut Striffler war ein Architekt.<\/p>\n<p>Die Evangelische Kirche Deutschlands<br \/>\nhat die Kirche bauen lassen.<br \/>\nDie Kirche wurde am <strong>30. April 1967<\/strong> eingeweiht.<br \/>\nHermann Dietzfelbinger hat die Kirche eingeweiht.<br \/>\nDietzfelbinger war der bayerische Landes\u00b7bischof.<\/p>\n<p>Die Kirche wurde mit einem Gottes\u00b7dienst eingeweiht.<br \/>\nDen Gottes\u00b7dienst hat Martin Niem\u00f6ller gehalten.<br \/>\nMartin Niem\u00f6ller war ein \u00dcberlebender aus dem <span style=\"color: #cc1800;\"><strong title=\"KZ ist die Abk\u00fcrzung f\u00fcr Konzentrations\u00b7lager.\">KZ<\/strong><\/span> Dachau.<br \/>\n<strong>Bis 1964<\/strong> war Martin Niem\u00f6ller<br \/>\nder Kirchen\u00b7pr\u00e4sident der Evangelischen Kirche in Hessen und Nassau.<\/p>\n<p><strong>Wie sieht die Evangelische Vers\u00f6hnungs\u00b7kirche aus?<\/strong><br \/>\nDie Evangelische Vers\u00f6hnungs\u00b7kirche<br \/>\nhat eine ungew\u00f6hnliche Form.<br \/>\nDie Kirche ist n\u00e4mlich <strong>nicht<\/strong> gerade.<br \/>\nDas kann man auf dem Bild gut sehen.<br \/>\nDie Kirche soll ein Gegensatz zum ehemaligen KZ sein.<br \/>\nDas KZ war n\u00e4mlich symmetrisch gebaut.<\/p>\n","protected":false},"excerpt":{"rendered":"<p>Station 18 ist die Evangelische Vers\u00f6hnungs\u00b7kirche. Niederl\u00e4ndische \u00dcberlebende hatten die Idee f\u00fcr die Kirche. Der Welt\u00b7kirchen\u00b7rat hat diese Idee unterst\u00fctzt. Helmut Striffler hat die Kirche entworfen. Helmut Striffler war ein Architekt. Die Evangelische Kirche Deutschlands hat die Kirche bauen lassen. Die Kirche wurde am 30. April 1967 eingeweiht. Hermann Dietzfelbinger hat die Kirche eingeweiht. Dietzfelbinger&#8230; <a class=\"view-article\" href=\"https:\/\/www.kz-gedenkstaette-dachau.de\/dels\/historischer-ort\/virtueller-rundgang\/evangelische-versoehnungskriche\/\">Artikel anzeigen<\/a><\/p>\n","protected":false},"author":1,"featured_media":0,"parent":63630,"menu_order":1800,"comment_status":"closed","ping_status":"closed","template":"page-virtueller_rundgang_unterseite.php","meta":{"_acf_changed":false,"footnotes":""},"class_list":["post-63706","page","type-page","status-publish","hentry"],"acf":[],"yoast_head":"<!-- This site is optimized with the Yoast SEO plugin v27.3 - https:\/\/yoast.com\/product\/yoast-seo-wordpress\/ -->\n<title>Evangelische Vers\u00f6hnungs\u00b7kirche - KZ Gedenkst\u00e4tte Dachau<\/title>\n<meta name=\"robots\" content=\"index, follow, max-snippet:-1, max-image-preview:large, max-video-preview:-1\" \/>\n<link rel=\"canonical\" href=\"https:\/\/www.kz-gedenkstaette-dachau.de\/dels\/historischer-ort\/virtueller-rundgang\/evangelische-versoehnungskriche\/\" \/>\n<meta property=\"og:locale\" content=\"en_US\" \/>\n<meta property=\"og:type\" content=\"article\" \/>\n<meta property=\"og:title\" content=\"Evangelische Vers\u00f6hnungs\u00b7kirche - KZ Gedenkst\u00e4tte Dachau\" \/>\n<meta property=\"og:description\" content=\"Station 18 ist die Evangelische Vers\u00f6hnungs\u00b7kirche. Niederl\u00e4ndische \u00dcberlebende hatten die Idee f\u00fcr die Kirche. Der Welt\u00b7kirchen\u00b7rat hat diese Idee unterst\u00fctzt. Helmut Striffler hat die Kirche entworfen. Helmut Striffler war ein Architekt. Die Evangelische Kirche Deutschlands hat die Kirche bauen lassen. Die Kirche wurde am 30. April 1967 eingeweiht. Hermann Dietzfelbinger hat die Kirche eingeweiht. Dietzfelbinger... Artikel anzeigen\" \/>\n<meta property=\"og:url\" content=\"https:\/\/www.kz-gedenkstaette-dachau.de\/dels\/historischer-ort\/virtueller-rundgang\/evangelische-versoehnungskriche\/\" \/>\n<meta property=\"og:site_name\" content=\"KZ Gedenkst\u00e4tte Dachau\" \/>\n<meta property=\"article:modified_time\" content=\"2020-03-31T15:54:27+00:00\" \/>\n<meta property=\"og:image\" content=\"https:\/\/www.kz-gedenkstaette-dachau.de\/wp-content\/uploads\/2018\/11\/evangelische_versoehnungskirche-250x147.jpg\" \/>\n<meta name=\"twitter:card\" content=\"summary_large_image\" \/>\n<meta name=\"twitter:label1\" content=\"Est. reading time\" \/>\n\t<meta name=\"twitter:data1\" content=\"1 minute\" \/>\n<script type=\"application\/ld+json\" class=\"yoast-schema-graph\">{\"@context\":\"https:\\\/\\\/schema.org\",\"@graph\":[{\"@type\":\"WebPage\",\"@id\":\"https:\\\/\\\/www.kz-gedenkstaette-dachau.de\\\/dels\\\/historischer-ort\\\/virtueller-rundgang\\\/evangelische-versoehnungskriche\\\/\",\"url\":\"https:\\\/\\\/www.kz-gedenkstaette-dachau.de\\\/dels\\\/historischer-ort\\\/virtueller-rundgang\\\/evangelische-versoehnungskriche\\\/\",\"name\":\"Evangelische Vers\u00f6hnungs\u00b7kirche - KZ Gedenkst\u00e4tte Dachau\",\"isPartOf\":{\"@id\":\"https:\\\/\\\/www.kz-gedenkstaette-dachau.de\\\/#website\"},\"primaryImageOfPage\":{\"@id\":\"https:\\\/\\\/www.kz-gedenkstaette-dachau.de\\\/dels\\\/historischer-ort\\\/virtueller-rundgang\\\/evangelische-versoehnungskriche\\\/#primaryimage\"},\"image\":{\"@id\":\"https:\\\/\\\/www.kz-gedenkstaette-dachau.de\\\/dels\\\/historischer-ort\\\/virtueller-rundgang\\\/evangelische-versoehnungskriche\\\/#primaryimage\"},\"thumbnailUrl\":\"https:\\\/\\\/www.kz-gedenkstaette-dachau.de\\\/wp-content\\\/uploads\\\/2018\\\/11\\\/evangelische_versoehnungskirche-250x147.jpg\",\"datePublished\":\"2018-09-04T10:46:07+00:00\",\"dateModified\":\"2020-03-31T15:54:27+00:00\",\"breadcrumb\":{\"@id\":\"https:\\\/\\\/www.kz-gedenkstaette-dachau.de\\\/dels\\\/historischer-ort\\\/virtueller-rundgang\\\/evangelische-versoehnungskriche\\\/#breadcrumb\"},\"inLanguage\":\"ls-DE\",\"potentialAction\":[{\"@type\":\"ReadAction\",\"target\":[\"https:\\\/\\\/www.kz-gedenkstaette-dachau.de\\\/dels\\\/historischer-ort\\\/virtueller-rundgang\\\/evangelische-versoehnungskriche\\\/\"]}]},{\"@type\":\"ImageObject\",\"inLanguage\":\"ls-DE\",\"@id\":\"https:\\\/\\\/www.kz-gedenkstaette-dachau.de\\\/dels\\\/historischer-ort\\\/virtueller-rundgang\\\/evangelische-versoehnungskriche\\\/#primaryimage\",\"url\":\"https:\\\/\\\/www.kz-gedenkstaette-dachau.de\\\/wp-content\\\/uploads\\\/2018\\\/11\\\/evangelische_versoehnungskirche-250x147.jpg\",\"contentUrl\":\"https:\\\/\\\/www.kz-gedenkstaette-dachau.de\\\/wp-content\\\/uploads\\\/2018\\\/11\\\/evangelische_versoehnungskirche-250x147.jpg\"},{\"@type\":\"BreadcrumbList\",\"@id\":\"https:\\\/\\\/www.kz-gedenkstaette-dachau.de\\\/dels\\\/historischer-ort\\\/virtueller-rundgang\\\/evangelische-versoehnungskriche\\\/#breadcrumb\",\"itemListElement\":[{\"@type\":\"ListItem\",\"position\":1,\"name\":\"Start\u00b7seite\",\"item\":\"https:\\\/\\\/www.kz-gedenkstaette-dachau.de\\\/dels\\\/\"},{\"@type\":\"ListItem\",\"position\":2,\"name\":\"Historischer Ort\",\"item\":\"https:\\\/\\\/www.kz-gedenkstaette-dachau.de\\\/dels\\\/historischer-ort\\\/\"},{\"@type\":\"ListItem\",\"position\":3,\"name\":\"Virtueller Rund\u00b7gang\",\"item\":\"https:\\\/\\\/www.kz-gedenkstaette-dachau.de\\\/dels\\\/historischer-ort\\\/virtueller-rundgang\\\/\"},{\"@type\":\"ListItem\",\"position\":4,\"name\":\"Evangelische Vers\u00f6hnungs\u00b7kirche\"}]},{\"@type\":\"WebSite\",\"@id\":\"https:\\\/\\\/www.kz-gedenkstaette-dachau.de\\\/#website\",\"url\":\"https:\\\/\\\/www.kz-gedenkstaette-dachau.de\\\/\",\"name\":\"KZ Gedenkst\u00e4tte Dachau\",\"description\":\"\",\"potentialAction\":[{\"@type\":\"SearchAction\",\"target\":{\"@type\":\"EntryPoint\",\"urlTemplate\":\"https:\\\/\\\/www.kz-gedenkstaette-dachau.de\\\/?s={search_term_string}\"},\"query-input\":{\"@type\":\"PropertyValueSpecification\",\"valueRequired\":true,\"valueName\":\"search_term_string\"}}],\"inLanguage\":\"ls-DE\"}]}<\/script>\n<!-- \/ Yoast SEO plugin. -->","yoast_head_json":{"title":"Evangelische Vers\u00f6hnungs\u00b7kirche - KZ Gedenkst\u00e4tte Dachau","robots":{"index":"index","follow":"follow","max-snippet":"max-snippet:-1","max-image-preview":"max-image-preview:large","max-video-preview":"max-video-preview:-1"},"canonical":"https:\/\/www.kz-gedenkstaette-dachau.de\/dels\/historischer-ort\/virtueller-rundgang\/evangelische-versoehnungskriche\/","og_locale":"en_US","og_type":"article","og_title":"Evangelische Vers\u00f6hnungs\u00b7kirche - KZ Gedenkst\u00e4tte Dachau","og_description":"Station 18 ist die Evangelische Vers\u00f6hnungs\u00b7kirche. Niederl\u00e4ndische \u00dcberlebende hatten die Idee f\u00fcr die Kirche. Der Welt\u00b7kirchen\u00b7rat hat diese Idee unterst\u00fctzt. Helmut Striffler hat die Kirche entworfen. Helmut Striffler war ein Architekt. Die Evangelische Kirche Deutschlands hat die Kirche bauen lassen. Die Kirche wurde am 30. April 1967 eingeweiht. Hermann Dietzfelbinger hat die Kirche eingeweiht. Dietzfelbinger... Artikel anzeigen","og_url":"https:\/\/www.kz-gedenkstaette-dachau.de\/dels\/historischer-ort\/virtueller-rundgang\/evangelische-versoehnungskriche\/","og_site_name":"KZ Gedenkst\u00e4tte Dachau","article_modified_time":"2020-03-31T15:54:27+00:00","og_image":[{"url":"https:\/\/www.kz-gedenkstaette-dachau.de\/wp-content\/uploads\/2018\/11\/evangelische_versoehnungskirche-250x147.jpg","type":"","width":"","height":""}],"twitter_card":"summary_large_image","twitter_misc":{"Est. reading time":"1 minute"},"schema":{"@context":"https:\/\/schema.org","@graph":[{"@type":"WebPage","@id":"https:\/\/www.kz-gedenkstaette-dachau.de\/dels\/historischer-ort\/virtueller-rundgang\/evangelische-versoehnungskriche\/","url":"https:\/\/www.kz-gedenkstaette-dachau.de\/dels\/historischer-ort\/virtueller-rundgang\/evangelische-versoehnungskriche\/","name":"Evangelische Vers\u00f6hnungs\u00b7kirche - KZ Gedenkst\u00e4tte Dachau","isPartOf":{"@id":"https:\/\/www.kz-gedenkstaette-dachau.de\/#website"},"primaryImageOfPage":{"@id":"https:\/\/www.kz-gedenkstaette-dachau.de\/dels\/historischer-ort\/virtueller-rundgang\/evangelische-versoehnungskriche\/#primaryimage"},"image":{"@id":"https:\/\/www.kz-gedenkstaette-dachau.de\/dels\/historischer-ort\/virtueller-rundgang\/evangelische-versoehnungskriche\/#primaryimage"},"thumbnailUrl":"https:\/\/www.kz-gedenkstaette-dachau.de\/wp-content\/uploads\/2018\/11\/evangelische_versoehnungskirche-250x147.jpg","datePublished":"2018-09-04T10:46:07+00:00","dateModified":"2020-03-31T15:54:27+00:00","breadcrumb":{"@id":"https:\/\/www.kz-gedenkstaette-dachau.de\/dels\/historischer-ort\/virtueller-rundgang\/evangelische-versoehnungskriche\/#breadcrumb"},"inLanguage":"ls-DE","potentialAction":[{"@type":"ReadAction","target":["https:\/\/www.kz-gedenkstaette-dachau.de\/dels\/historischer-ort\/virtueller-rundgang\/evangelische-versoehnungskriche\/"]}]},{"@type":"ImageObject","inLanguage":"ls-DE","@id":"https:\/\/www.kz-gedenkstaette-dachau.de\/dels\/historischer-ort\/virtueller-rundgang\/evangelische-versoehnungskriche\/#primaryimage","url":"https:\/\/www.kz-gedenkstaette-dachau.de\/wp-content\/uploads\/2018\/11\/evangelische_versoehnungskirche-250x147.jpg","contentUrl":"https:\/\/www.kz-gedenkstaette-dachau.de\/wp-content\/uploads\/2018\/11\/evangelische_versoehnungskirche-250x147.jpg"},{"@type":"BreadcrumbList","@id":"https:\/\/www.kz-gedenkstaette-dachau.de\/dels\/historischer-ort\/virtueller-rundgang\/evangelische-versoehnungskriche\/#breadcrumb","itemListElement":[{"@type":"ListItem","position":1,"name":"Start\u00b7seite","item":"https:\/\/www.kz-gedenkstaette-dachau.de\/dels\/"},{"@type":"ListItem","position":2,"name":"Historischer Ort","item":"https:\/\/www.kz-gedenkstaette-dachau.de\/dels\/historischer-ort\/"},{"@type":"ListItem","position":3,"name":"Virtueller Rund\u00b7gang","item":"https:\/\/www.kz-gedenkstaette-dachau.de\/dels\/historischer-ort\/virtueller-rundgang\/"},{"@type":"ListItem","position":4,"name":"Evangelische Vers\u00f6hnungs\u00b7kirche"}]},{"@type":"WebSite","@id":"https:\/\/www.kz-gedenkstaette-dachau.de\/#website","url":"https:\/\/www.kz-gedenkstaette-dachau.de\/","name":"KZ Gedenkst\u00e4tte Dachau","description":"","potentialAction":[{"@type":"SearchAction","target":{"@type":"EntryPoint","urlTemplate":"https:\/\/www.kz-gedenkstaette-dachau.de\/?s={search_term_string}"},"query-input":{"@type":"PropertyValueSpecification","valueRequired":true,"valueName":"search_term_string"}}],"inLanguage":"ls-DE"}]}},"_links":{"self":[{"href":"https:\/\/www.kz-gedenkstaette-dachau.de\/dels\/wp-json\/wp\/v2\/pages\/63706","targetHints":{"allow":["GET"]}}],"collection":[{"href":"https:\/\/www.kz-gedenkstaette-dachau.de\/dels\/wp-json\/wp\/v2\/pages"}],"about":[{"href":"https:\/\/www.kz-gedenkstaette-dachau.de\/dels\/wp-json\/wp\/v2\/types\/page"}],"author":[{"embeddable":true,"href":"https:\/\/www.kz-gedenkstaette-dachau.de\/dels\/wp-json\/wp\/v2\/users\/1"}],"replies":[{"embeddable":true,"href":"https:\/\/www.kz-gedenkstaette-dachau.de\/dels\/wp-json\/wp\/v2\/comments?post=63706"}],"version-history":[{"count":0,"href":"https:\/\/www.kz-gedenkstaette-dachau.de\/dels\/wp-json\/wp\/v2\/pages\/63706\/revisions"}],"up":[{"embeddable":true,"href":"https:\/\/www.kz-gedenkstaette-dachau.de\/dels\/wp-json\/wp\/v2\/pages\/63630"}],"wp:attachment":[{"href":"https:\/\/www.kz-gedenkstaette-dachau.de\/dels\/wp-json\/wp\/v2\/media?parent=63706"}],"curies":[{"name":"wp","href":"https:\/\/api.w.org\/{rel}","templated":true}]}}