{"id":56820,"date":"2018-11-19T15:38:46","date_gmt":"2018-11-19T14:38:46","guid":{"rendered":"https:\/\/www.kz-gedenkstaette-dachau.de\/sitio-historico\/recorrido-virtual-del-entorno\/kz-ehrenfriedhof-leitenberg\/"},"modified":"2024-04-04T17:10:24","modified_gmt":"2024-04-04T15:10:24","slug":"cementerio-de-leitenberg","status":"publish","type":"page","link":"https:\/\/www.kz-gedenkstaette-dachau.de\/es\/sitio-historico\/recorrido-virtual-del-entorno\/cementerio-de-leitenberg\/","title":{"rendered":"Cementerio de Leitenberg"},"content":{"rendered":"<p>Alrededor de febrero de 1945, se dej\u00f3 de usar el crematorio del campo de concentraci\u00f3n de Dachau debido a la falta de carb\u00f3n. Entre febrero y abril, la SS oblig\u00f3 a los prisioneros a que trasladaran los restos de sus camaradas a una cuesta en los alrededores conocida como Leitenberg y a que cavaran <em>in situ<\/em> ocho fosas comunes para m\u00e1s de 4.000 reclusos muertos. Tras la liberaci\u00f3n, la administraci\u00f3n militar estadounidense dispuso que se cavaran dos fosas m\u00e1s para otros 2.000 muertos; pero, entonces, fueron antiguos mandos del partido nacionalsocialista y campesinos de Dachau los que tuvieron que transportar los restos humanos desde campo en carretas tiradas por caballos y darles sepultura en Leitenberg.<\/p>\n<p>En la posguerra, las autoridades dejaron de conservar y mantener estos sepulcros, de modo que, en verano de 1949, el estado de abandono en que se encontraban caus\u00f3 un esc\u00e1ndalo internacional. Desde la esfera pol\u00edtica y la prensa se exigi\u00f3 al gobierno del Estado de Baviera que hiciera de este sitio un cementerio digno de las v\u00edctimas del campo de concentraci\u00f3n. Las reformas se hicieron, pero sin tomar en cuenta el credo de las v\u00edctimas, de modo que se imprimi\u00f3 al recinto un car\u00e1cter meramente cristiano. El cementerio fue inaugurado el 16 de diciembre de 1949, y, en 1951\/52, se erigi\u00f3 un monumento en memoria de las v\u00edctimas.<\/p>\n<p>En los a\u00f1os 50, el servicio de b\u00fasqueda de Francia exhum\u00f3 los restos mortales y traslad\u00f3 a ese pa\u00eds a todos aquellos que pudieron ser identificados como ciudadanos franceses. Los dem\u00e1s volvieron a ser inhumados en sepulcros individuales junto con otras v\u00edctimas del campo de concentraci\u00f3n que hab\u00edan sido enterradas en otros cementerios del campo en Alta Baviera, para entonces, ya clausurados. En la d\u00e9cada de los 60, hubo traslados de restos humanos a B\u00e9lgica, Holanda, Italia y Noruega. En 1963 se consagr\u00f3 en el recinto la Capilla Reina de la Paz en memoria de las v\u00edctimas italianas. En Leitenberg descansan hoy los restos de m\u00e1s de 7.400 v\u00edctimas del r\u00e9gimen nacionalsocialista.<\/p>\n","protected":false},"excerpt":{"rendered":"<p>Alrededor de febrero de 1945, se dej\u00f3 de usar el crematorio del campo de concentraci\u00f3n de Dachau debido a la falta de carb\u00f3n. Entre febrero y abril, la SS oblig\u00f3 a los prisioneros a que trasladaran los restos de sus camaradas a una cuesta en los alrededores conocida como Leitenberg y a que cavaran in&#8230; <a class=\"view-article\" href=\"https:\/\/www.kz-gedenkstaette-dachau.de\/es\/sitio-historico\/recorrido-virtual-del-entorno\/cementerio-de-leitenberg\/\">Ver art\u00edculo<\/a><\/p>\n","protected":false},"author":1,"featured_media":0,"parent":56804,"menu_order":400,"comment_status":"closed","ping_status":"closed","template":"page-virtueller_rundgang_unterseite.php","meta":{"_acf_changed":false,"footnotes":""},"class_list":["post-56820","page","type-page","status-publish","hentry"],"acf":[],"yoast_head":"<!-- This site is optimized with the Yoast SEO plugin v27.5 - https:\/\/yoast.com\/product\/yoast-seo-wordpress\/ -->\n<title>Cementerio de Leitenberg - KZ Gedenkst\u00e4tte Dachau<\/title>\n<meta name=\"robots\" content=\"index, follow, max-snippet:-1, max-image-preview:large, max-video-preview:-1\" \/>\n<link rel=\"canonical\" href=\"https:\/\/www.kz-gedenkstaette-dachau.de\/es\/sitio-historico\/recorrido-virtual-del-entorno\/cementerio-de-leitenberg\/\" \/>\n<meta property=\"og:locale\" content=\"es_ES\" \/>\n<meta property=\"og:type\" content=\"article\" \/>\n<meta property=\"og:title\" content=\"Cementerio de Leitenberg - KZ Gedenkst\u00e4tte Dachau\" \/>\n<meta property=\"og:description\" content=\"Alrededor de febrero de 1945, se dej\u00f3 de usar el crematorio del campo de concentraci\u00f3n de Dachau debido a la falta de carb\u00f3n. Entre febrero y abril, la SS oblig\u00f3 a los prisioneros a que trasladaran los restos de sus camaradas a una cuesta en los alrededores conocida como Leitenberg y a que cavaran in... Ver art\u00edculo\" \/>\n<meta property=\"og:url\" content=\"https:\/\/www.kz-gedenkstaette-dachau.de\/es\/sitio-historico\/recorrido-virtual-del-entorno\/cementerio-de-leitenberg\/\" \/>\n<meta property=\"og:site_name\" content=\"KZ Gedenkst\u00e4tte Dachau\" \/>\n<meta property=\"article:modified_time\" content=\"2024-04-04T15:10:24+00:00\" \/>\n<meta name=\"twitter:card\" content=\"summary_large_image\" \/>\n<meta name=\"twitter:label1\" content=\"Tiempo de lectura\" \/>\n\t<meta name=\"twitter:data1\" content=\"2 minutos\" \/>\n<script type=\"application\/ld+json\" class=\"yoast-schema-graph\">{\"@context\":\"https:\\\/\\\/schema.org\",\"@graph\":[{\"@type\":\"WebPage\",\"@id\":\"https:\\\/\\\/www.kz-gedenkstaette-dachau.de\\\/es\\\/sitio-historico\\\/recorrido-virtual-del-entorno\\\/cementerio-de-leitenberg\\\/\",\"url\":\"https:\\\/\\\/www.kz-gedenkstaette-dachau.de\\\/es\\\/sitio-historico\\\/recorrido-virtual-del-entorno\\\/cementerio-de-leitenberg\\\/\",\"name\":\"Cementerio de Leitenberg - KZ Gedenkst\u00e4tte Dachau\",\"isPartOf\":{\"@id\":\"https:\\\/\\\/www.kz-gedenkstaette-dachau.de\\\/#website\"},\"datePublished\":\"2018-11-19T14:38:46+00:00\",\"dateModified\":\"2024-04-04T15:10:24+00:00\",\"breadcrumb\":{\"@id\":\"https:\\\/\\\/www.kz-gedenkstaette-dachau.de\\\/es\\\/sitio-historico\\\/recorrido-virtual-del-entorno\\\/cementerio-de-leitenberg\\\/#breadcrumb\"},\"inLanguage\":\"es\",\"potentialAction\":[{\"@type\":\"ReadAction\",\"target\":[\"https:\\\/\\\/www.kz-gedenkstaette-dachau.de\\\/es\\\/sitio-historico\\\/recorrido-virtual-del-entorno\\\/cementerio-de-leitenberg\\\/\"]}]},{\"@type\":\"BreadcrumbList\",\"@id\":\"https:\\\/\\\/www.kz-gedenkstaette-dachau.de\\\/es\\\/sitio-historico\\\/recorrido-virtual-del-entorno\\\/cementerio-de-leitenberg\\\/#breadcrumb\",\"itemListElement\":[{\"@type\":\"ListItem\",\"position\":1,\"name\":\"Sitio web\",\"item\":\"https:\\\/\\\/www.kz-gedenkstaette-dachau.de\\\/es\\\/\"},{\"@type\":\"ListItem\",\"position\":2,\"name\":\"Sitio hist\u00f3rico\",\"item\":\"https:\\\/\\\/www.kz-gedenkstaette-dachau.de\\\/es\\\/sitio-historico\\\/\"},{\"@type\":\"ListItem\",\"position\":3,\"name\":\"Recorrido virtual del entorno\",\"item\":\"https:\\\/\\\/www.kz-gedenkstaette-dachau.de\\\/es\\\/sitio-historico\\\/recorrido-virtual-del-entorno\\\/\"},{\"@type\":\"ListItem\",\"position\":4,\"name\":\"Cementerio de Leitenberg\"}]},{\"@type\":\"WebSite\",\"@id\":\"https:\\\/\\\/www.kz-gedenkstaette-dachau.de\\\/#website\",\"url\":\"https:\\\/\\\/www.kz-gedenkstaette-dachau.de\\\/\",\"name\":\"KZ Gedenkst\u00e4tte Dachau\",\"description\":\"\",\"potentialAction\":[{\"@type\":\"SearchAction\",\"target\":{\"@type\":\"EntryPoint\",\"urlTemplate\":\"https:\\\/\\\/www.kz-gedenkstaette-dachau.de\\\/?s={search_term_string}\"},\"query-input\":{\"@type\":\"PropertyValueSpecification\",\"valueRequired\":true,\"valueName\":\"search_term_string\"}}],\"inLanguage\":\"es\"}]}<\/script>\n<!-- \/ Yoast SEO plugin. -->","yoast_head_json":{"title":"Cementerio de Leitenberg - KZ Gedenkst\u00e4tte Dachau","robots":{"index":"index","follow":"follow","max-snippet":"max-snippet:-1","max-image-preview":"max-image-preview:large","max-video-preview":"max-video-preview:-1"},"canonical":"https:\/\/www.kz-gedenkstaette-dachau.de\/es\/sitio-historico\/recorrido-virtual-del-entorno\/cementerio-de-leitenberg\/","og_locale":"es_ES","og_type":"article","og_title":"Cementerio de Leitenberg - KZ Gedenkst\u00e4tte Dachau","og_description":"Alrededor de febrero de 1945, se dej\u00f3 de usar el crematorio del campo de concentraci\u00f3n de Dachau debido a la falta de carb\u00f3n. Entre febrero y abril, la SS oblig\u00f3 a los prisioneros a que trasladaran los restos de sus camaradas a una cuesta en los alrededores conocida como Leitenberg y a que cavaran in... Ver art\u00edculo","og_url":"https:\/\/www.kz-gedenkstaette-dachau.de\/es\/sitio-historico\/recorrido-virtual-del-entorno\/cementerio-de-leitenberg\/","og_site_name":"KZ Gedenkst\u00e4tte Dachau","article_modified_time":"2024-04-04T15:10:24+00:00","twitter_card":"summary_large_image","twitter_misc":{"Tiempo de lectura":"2 minutos"},"schema":{"@context":"https:\/\/schema.org","@graph":[{"@type":"WebPage","@id":"https:\/\/www.kz-gedenkstaette-dachau.de\/es\/sitio-historico\/recorrido-virtual-del-entorno\/cementerio-de-leitenberg\/","url":"https:\/\/www.kz-gedenkstaette-dachau.de\/es\/sitio-historico\/recorrido-virtual-del-entorno\/cementerio-de-leitenberg\/","name":"Cementerio de Leitenberg - KZ Gedenkst\u00e4tte Dachau","isPartOf":{"@id":"https:\/\/www.kz-gedenkstaette-dachau.de\/#website"},"datePublished":"2018-11-19T14:38:46+00:00","dateModified":"2024-04-04T15:10:24+00:00","breadcrumb":{"@id":"https:\/\/www.kz-gedenkstaette-dachau.de\/es\/sitio-historico\/recorrido-virtual-del-entorno\/cementerio-de-leitenberg\/#breadcrumb"},"inLanguage":"es","potentialAction":[{"@type":"ReadAction","target":["https:\/\/www.kz-gedenkstaette-dachau.de\/es\/sitio-historico\/recorrido-virtual-del-entorno\/cementerio-de-leitenberg\/"]}]},{"@type":"BreadcrumbList","@id":"https:\/\/www.kz-gedenkstaette-dachau.de\/es\/sitio-historico\/recorrido-virtual-del-entorno\/cementerio-de-leitenberg\/#breadcrumb","itemListElement":[{"@type":"ListItem","position":1,"name":"Sitio web","item":"https:\/\/www.kz-gedenkstaette-dachau.de\/es\/"},{"@type":"ListItem","position":2,"name":"Sitio hist\u00f3rico","item":"https:\/\/www.kz-gedenkstaette-dachau.de\/es\/sitio-historico\/"},{"@type":"ListItem","position":3,"name":"Recorrido virtual del entorno","item":"https:\/\/www.kz-gedenkstaette-dachau.de\/es\/sitio-historico\/recorrido-virtual-del-entorno\/"},{"@type":"ListItem","position":4,"name":"Cementerio de Leitenberg"}]},{"@type":"WebSite","@id":"https:\/\/www.kz-gedenkstaette-dachau.de\/#website","url":"https:\/\/www.kz-gedenkstaette-dachau.de\/","name":"KZ Gedenkst\u00e4tte Dachau","description":"","potentialAction":[{"@type":"SearchAction","target":{"@type":"EntryPoint","urlTemplate":"https:\/\/www.kz-gedenkstaette-dachau.de\/?s={search_term_string}"},"query-input":{"@type":"PropertyValueSpecification","valueRequired":true,"valueName":"search_term_string"}}],"inLanguage":"es"}]}},"_links":{"self":[{"href":"https:\/\/www.kz-gedenkstaette-dachau.de\/es\/wp-json\/wp\/v2\/pages\/56820","targetHints":{"allow":["GET"]}}],"collection":[{"href":"https:\/\/www.kz-gedenkstaette-dachau.de\/es\/wp-json\/wp\/v2\/pages"}],"about":[{"href":"https:\/\/www.kz-gedenkstaette-dachau.de\/es\/wp-json\/wp\/v2\/types\/page"}],"author":[{"embeddable":true,"href":"https:\/\/www.kz-gedenkstaette-dachau.de\/es\/wp-json\/wp\/v2\/users\/1"}],"replies":[{"embeddable":true,"href":"https:\/\/www.kz-gedenkstaette-dachau.de\/es\/wp-json\/wp\/v2\/comments?post=56820"}],"version-history":[{"count":1,"href":"https:\/\/www.kz-gedenkstaette-dachau.de\/es\/wp-json\/wp\/v2\/pages\/56820\/revisions"}],"predecessor-version":[{"id":90149,"href":"https:\/\/www.kz-gedenkstaette-dachau.de\/es\/wp-json\/wp\/v2\/pages\/56820\/revisions\/90149"}],"up":[{"embeddable":true,"href":"https:\/\/www.kz-gedenkstaette-dachau.de\/es\/wp-json\/wp\/v2\/pages\/56804"}],"wp:attachment":[{"href":"https:\/\/www.kz-gedenkstaette-dachau.de\/es\/wp-json\/wp\/v2\/media?parent=56820"}],"curies":[{"name":"wp","href":"https:\/\/api.w.org\/{rel}","templated":true}]}}

<p>Alrededor de febrero de 1945, se dejó de usar el crematorio del campo de concentración de Dachau debido a la falta de carbón. Entre febrero y abril, la SS obligó a los prisioneros a que trasladaran los restos de sus camaradas a una cuesta en los alrededores conocida como Leitenberg y a que cavaran <em>in situ</em> ocho fosas comunes para más de 4.000 reclusos muertos. Tras la liberación, la administración militar estadounidense dispuso que se cavaran dos fosas más para otros 2.000 muertos; pero, entonces, fueron antiguos mandos del partido nacionalsocialista y campesinos de Dachau los que tuvieron que transportar los restos humanos desde campo en carretas tiradas por caballos y darles sepultura en Leitenberg.</p>
<p>En la posguerra, las autoridades dejaron de conservar y mantener estos sepulcros, de modo que, en verano de 1949, el estado de abandono en que se encontraban causó un escándalo internacional. Desde la esfera política y la prensa se exigió al gobierno del Estado de Baviera que hiciera de este sitio un cementerio digno de las víctimas del campo de concentración. Las reformas se hicieron, pero sin tomar en cuenta el credo de las víctimas, de modo que se imprimió al recinto un carácter meramente cristiano. El cementerio fue inaugurado el 16 de diciembre de 1949, y, en 1951/52, se erigió un monumento en memoria de las víctimas.</p>
<p>En los años 50, el servicio de búsqueda de Francia exhumó los restos mortales y trasladó a ese país a todos aquellos que pudieron ser identificados como ciudadanos franceses. Los demás volvieron a ser inhumados en sepulcros individuales junto con otras víctimas del campo de concentración que habían sido enterradas en otros cementerios del campo en Alta Baviera, para entonces, ya clausurados. En la década de los 60, hubo traslados de restos humanos a Bélgica, Holanda, Italia y Noruega. En 1963 se consagró en el recinto la Capilla Reina de la Paz en memoria de las víctimas italianas. En Leitenberg descansan hoy los restos de más de 7.400 víctimas del régimen nacionalsocialista.</p>

<p>Alrededor de febrero de 1945, se dejó de usar el crematorio del campo de concentración de Dachau debido a la falta de carbón. Entre febrero y abril, la SS obligó a los prisioneros a que trasladaran los restos de sus camaradas a una cuesta en los alrededores conocida como Leitenberg y a que cavaran in&#8230; <a class="view-article" href="https://www.kz-gedenkstaette-dachau.de/es/sitio-historico/recorrido-virtual-del-entorno/cementerio-de-leitenberg/">Ver artículo</a></p>

<!-- This site is optimized with the Yoast SEO plugin v27.5 - https://yoast.com/product/yoast-seo-wordpress/ -->
<title>Cementerio de Leitenberg - KZ Gedenkstätte Dachau</title>
<meta name="robots" content="index, follow, max-snippet:-1, max-image-preview:large, max-video-preview:-1" />
<link rel="canonical" href="https://www.kz-gedenkstaette-dachau.de/es/sitio-historico/recorrido-virtual-del-entorno/cementerio-de-leitenberg/" />
<meta property="og:locale" content="es_ES" />
<meta property="og:type" content="article" />
<meta property="og:title" content="Cementerio de Leitenberg - KZ Gedenkstätte Dachau" />
<meta property="og:description" content="Alrededor de febrero de 1945, se dejó de usar el crematorio del campo de concentración de Dachau debido a la falta de carbón. Entre febrero y abril, la SS obligó a los prisioneros a que trasladaran los restos de sus camaradas a una cuesta en los alrededores conocida como Leitenberg y a que cavaran in... Ver artículo" />
<meta property="og:url" content="https://www.kz-gedenkstaette-dachau.de/es/sitio-historico/recorrido-virtual-del-entorno/cementerio-de-leitenberg/" />
<meta property="og:site_name" content="KZ Gedenkstätte Dachau" />
<meta property="article:modified_time" content="2024-04-04T15:10:24+00:00" />
<meta name="twitter:card" content="summary_large_image" />
<meta name="twitter:label1" content="Tiempo de lectura" />
	<meta name="twitter:data1" content="2 minutos" />
<script type="application/ld+json" class="yoast-schema-graph">{"@context":"https:\/\/schema.org","@graph":[{"@type":"WebPage","@id":"https:\/\/www.kz-gedenkstaette-dachau.de\/es\/sitio-historico\/recorrido-virtual-del-entorno\/cementerio-de-leitenberg\/","url":"https:\/\/www.kz-gedenkstaette-dachau.de\/es\/sitio-historico\/recorrido-virtual-del-entorno\/cementerio-de-leitenberg\/","name":"Cementerio de Leitenberg - KZ Gedenkstätte Dachau","isPartOf":{"@id":"https:\/\/www.kz-gedenkstaette-dachau.de\/#website"},"datePublished":"2018-11-19T14:38:46+00:00","dateModified":"2024-04-04T15:10:24+00:00","breadcrumb":{"@id":"https:\/\/www.kz-gedenkstaette-dachau.de\/es\/sitio-historico\/recorrido-virtual-del-entorno\/cementerio-de-leitenberg\/#breadcrumb"},"inLanguage":"es","potentialAction":[{"@type":"ReadAction","target":["https:\/\/www.kz-gedenkstaette-dachau.de\/es\/sitio-historico\/recorrido-virtual-del-entorno\/cementerio-de-leitenberg\/"]}]},{"@type":"BreadcrumbList","@id":"https:\/\/www.kz-gedenkstaette-dachau.de\/es\/sitio-historico\/recorrido-virtual-del-entorno\/cementerio-de-leitenberg\/#breadcrumb","itemListElement":[{"@type":"ListItem","position":1,"name":"Sitio web","item":"https:\/\/www.kz-gedenkstaette-dachau.de\/es\/"},{"@type":"ListItem","position":2,"name":"Sitio histórico","item":"https:\/\/www.kz-gedenkstaette-dachau.de\/es\/sitio-historico\/"},{"@type":"ListItem","position":3,"name":"Recorrido virtual del entorno","item":"https:\/\/www.kz-gedenkstaette-dachau.de\/es\/sitio-historico\/recorrido-virtual-del-entorno\/"},{"@type":"ListItem","position":4,"name":"Cementerio de Leitenberg"}]},{"@type":"WebSite","@id":"https:\/\/www.kz-gedenkstaette-dachau.de\/#website","url":"https:\/\/www.kz-gedenkstaette-dachau.de\/","name":"KZ Gedenkstätte Dachau","description":"","potentialAction":[{"@type":"SearchAction","target":{"@type":"EntryPoint","urlTemplate":"https:\/\/www.kz-gedenkstaette-dachau.de\/?s={search_term_string}"},"query-input":{"@type":"PropertyValueSpecification","valueRequired":true,"valueName":"search_term_string"}}],"inLanguage":"es"}]}</script>
<!-- / Yoast SEO plugin. -->

Cementerio de Leitenberg - KZ Gedenkstätte Dachau

Alrededor de febrero de 1945, se dejó de usar el crematorio del campo de concentración de Dachau debido a la falta de carbón. Entre febrero y abril, la SS obligó a los prisioneros a que trasladaran los restos de sus camaradas a una cuesta en los alrededores conocida como Leitenberg y a que cavaran in... Ver artículo

KZ Gedenkstätte Dachau

Sitio histórico
