{"id":56824,"date":"2018-11-19T15:41:37","date_gmt":"2018-11-19T14:41:37","guid":{"rendered":"https:\/\/www.kz-gedenkstaette-dachau.de\/sitio-historico\/recorrido-virtual-del-entorno\/todesmarsch-mahnmal\/"},"modified":"2024-04-04T17:24:02","modified_gmt":"2024-04-04T15:24:02","slug":"marchas-de-la-muerte","status":"publish","type":"page","link":"https:\/\/www.kz-gedenkstaette-dachau.de\/es\/sitio-historico\/recorrido-virtual-del-entorno\/marchas-de-la-muerte\/","title":{"rendered":"Monumento Admonitorio en Memoria de las Marchas de la Muerte"},"content":{"rendered":"<p>En verano de 1944, conforme iban avanzando las tropas aliadas, la SS se dio a la tarea de evacuar, por etapas, los campos de concentraci\u00f3n cercanos al frente. Ya en tren, ya en marchas violentas, traslad\u00f3 a los prisioneros a otros campos m\u00e1s distantes. Por su ubicaci\u00f3n dentro del territorio del Reich, el campo de concentraci\u00f3n de Dachau sirvi\u00f3, entonces, como punto de acopio de reclusos provenientes de los campos de Auschwitz, Natzweiler, Flossenb\u00fcrg y Buchenwald. El n\u00famero de v\u00edctimas de las marchas y de los transportes en tren es considerable.<\/p>\n<p>La orden de evacuar el campo de Dachau y sus subcampos se dio apenas unos d\u00edas antes del arribo de las tropas estadounidenses. El 23 de abril de 1945 inicia la disoluci\u00f3n del complejo de subcampos en Kaufering. Tres d\u00edas m\u00e1s tarde, las primeras columnas de prisioneros del campo principal de Dachau parten en direcci\u00f3n al sur. La SS oblig\u00f3 a por lo menos 25.000 prisioneros de toda la red de campos pertenecientes a Dachau a ponerse en camino en convoy o en marchas violentas.<\/p>\n<p>Los desplazamientos a pie, tambi\u00e9n conocidos como las \u201cmarchas de la muerte\u201d, costaron la vida a, por lo menos, mil personas que murieron a consecuencia de enfermedades, desnutrici\u00f3n y agotamiento. Los guardias de la SS asesinaban a tiros o a golpes a todo aquel que desfallec\u00eda o se iba rezagando. La ruta pas\u00f3 por numerosos pueblos y ciudades peque\u00f1as, y no pocos vecinos presenciaron estas brutales marchas.<\/p>\n<p>En 1989 se coloc\u00f3 el primero de un total de 22 Monumentos Admonitorios en Memoria de las Marchas de la Muerte que, entretanto, se encuentran en diversas comunidades a lo largo del trayecto que siguieron estas marchas. Se trata de una serie de monumentos id\u00e9nticos dise\u00f1ados por el escultor Hubertus von Pilgrim. El ejemplar que se encuentra en Dachau, en el cruce de la calles Theodor-Heuss-Stra\u00dfe y Sudetenstra\u00dfe, fue colocado en 2001 en memoria del calvario que padecieron las v\u00edctimas.<\/p>\n","protected":false},"excerpt":{"rendered":"<p>En verano de 1944, conforme iban avanzando las tropas aliadas, la SS se dio a la tarea de evacuar, por etapas, los campos de concentraci\u00f3n cercanos al frente. Ya en tren, ya en marchas violentas, traslad\u00f3 a los prisioneros a otros campos m\u00e1s distantes. Por su ubicaci\u00f3n dentro del territorio del Reich, el campo de&#8230; <a class=\"view-article\" href=\"https:\/\/www.kz-gedenkstaette-dachau.de\/es\/sitio-historico\/recorrido-virtual-del-entorno\/marchas-de-la-muerte\/\">Ver art\u00edculo<\/a><\/p>\n","protected":false},"author":1,"featured_media":0,"parent":56804,"menu_order":600,"comment_status":"closed","ping_status":"closed","template":"page-virtueller_rundgang_unterseite.php","meta":{"_acf_changed":false,"footnotes":""},"class_list":["post-56824","page","type-page","status-publish","hentry"],"acf":[],"yoast_head":"<!-- This site is optimized with the Yoast SEO plugin v27.5 - https:\/\/yoast.com\/product\/yoast-seo-wordpress\/ -->\n<title>Monumento Admonitorio en Memoria de las Marchas de la Muerte - KZ Gedenkst\u00e4tte Dachau<\/title>\n<meta name=\"robots\" content=\"index, follow, max-snippet:-1, max-image-preview:large, max-video-preview:-1\" \/>\n<link rel=\"canonical\" href=\"https:\/\/www.kz-gedenkstaette-dachau.de\/es\/sitio-historico\/recorrido-virtual-del-entorno\/marchas-de-la-muerte\/\" \/>\n<meta property=\"og:locale\" content=\"es_ES\" \/>\n<meta property=\"og:type\" content=\"article\" \/>\n<meta property=\"og:title\" content=\"Monumento Admonitorio en Memoria de las Marchas de la Muerte - KZ Gedenkst\u00e4tte Dachau\" \/>\n<meta property=\"og:description\" content=\"En verano de 1944, conforme iban avanzando las tropas aliadas, la SS se dio a la tarea de evacuar, por etapas, los campos de concentraci\u00f3n cercanos al frente. Ya en tren, ya en marchas violentas, traslad\u00f3 a los prisioneros a otros campos m\u00e1s distantes. Por su ubicaci\u00f3n dentro del territorio del Reich, el campo de... Ver art\u00edculo\" \/>\n<meta property=\"og:url\" content=\"https:\/\/www.kz-gedenkstaette-dachau.de\/es\/sitio-historico\/recorrido-virtual-del-entorno\/marchas-de-la-muerte\/\" \/>\n<meta property=\"og:site_name\" content=\"KZ Gedenkst\u00e4tte Dachau\" \/>\n<meta property=\"article:modified_time\" content=\"2024-04-04T15:24:02+00:00\" \/>\n<meta name=\"twitter:card\" content=\"summary_large_image\" \/>\n<meta name=\"twitter:label1\" content=\"Tiempo de lectura\" \/>\n\t<meta name=\"twitter:data1\" content=\"2 minutos\" \/>\n<script type=\"application\/ld+json\" class=\"yoast-schema-graph\">{\"@context\":\"https:\\\/\\\/schema.org\",\"@graph\":[{\"@type\":\"WebPage\",\"@id\":\"https:\\\/\\\/www.kz-gedenkstaette-dachau.de\\\/es\\\/sitio-historico\\\/recorrido-virtual-del-entorno\\\/marchas-de-la-muerte\\\/\",\"url\":\"https:\\\/\\\/www.kz-gedenkstaette-dachau.de\\\/es\\\/sitio-historico\\\/recorrido-virtual-del-entorno\\\/marchas-de-la-muerte\\\/\",\"name\":\"Monumento Admonitorio en Memoria de las Marchas de la Muerte - KZ Gedenkst\u00e4tte Dachau\",\"isPartOf\":{\"@id\":\"https:\\\/\\\/www.kz-gedenkstaette-dachau.de\\\/#website\"},\"datePublished\":\"2018-11-19T14:41:37+00:00\",\"dateModified\":\"2024-04-04T15:24:02+00:00\",\"breadcrumb\":{\"@id\":\"https:\\\/\\\/www.kz-gedenkstaette-dachau.de\\\/es\\\/sitio-historico\\\/recorrido-virtual-del-entorno\\\/marchas-de-la-muerte\\\/#breadcrumb\"},\"inLanguage\":\"es\",\"potentialAction\":[{\"@type\":\"ReadAction\",\"target\":[\"https:\\\/\\\/www.kz-gedenkstaette-dachau.de\\\/es\\\/sitio-historico\\\/recorrido-virtual-del-entorno\\\/marchas-de-la-muerte\\\/\"]}]},{\"@type\":\"BreadcrumbList\",\"@id\":\"https:\\\/\\\/www.kz-gedenkstaette-dachau.de\\\/es\\\/sitio-historico\\\/recorrido-virtual-del-entorno\\\/marchas-de-la-muerte\\\/#breadcrumb\",\"itemListElement\":[{\"@type\":\"ListItem\",\"position\":1,\"name\":\"Sitio web\",\"item\":\"https:\\\/\\\/www.kz-gedenkstaette-dachau.de\\\/es\\\/\"},{\"@type\":\"ListItem\",\"position\":2,\"name\":\"Sitio hist\u00f3rico\",\"item\":\"https:\\\/\\\/www.kz-gedenkstaette-dachau.de\\\/es\\\/sitio-historico\\\/\"},{\"@type\":\"ListItem\",\"position\":3,\"name\":\"Recorrido virtual del entorno\",\"item\":\"https:\\\/\\\/www.kz-gedenkstaette-dachau.de\\\/es\\\/sitio-historico\\\/recorrido-virtual-del-entorno\\\/\"},{\"@type\":\"ListItem\",\"position\":4,\"name\":\"Monumento Admonitorio en Memoria de las Marchas de la Muerte\"}]},{\"@type\":\"WebSite\",\"@id\":\"https:\\\/\\\/www.kz-gedenkstaette-dachau.de\\\/#website\",\"url\":\"https:\\\/\\\/www.kz-gedenkstaette-dachau.de\\\/\",\"name\":\"KZ Gedenkst\u00e4tte Dachau\",\"description\":\"\",\"potentialAction\":[{\"@type\":\"SearchAction\",\"target\":{\"@type\":\"EntryPoint\",\"urlTemplate\":\"https:\\\/\\\/www.kz-gedenkstaette-dachau.de\\\/?s={search_term_string}\"},\"query-input\":{\"@type\":\"PropertyValueSpecification\",\"valueRequired\":true,\"valueName\":\"search_term_string\"}}],\"inLanguage\":\"es\"}]}<\/script>\n<!-- \/ Yoast SEO plugin. -->","yoast_head_json":{"title":"Monumento Admonitorio en Memoria de las Marchas de la Muerte - KZ Gedenkst\u00e4tte Dachau","robots":{"index":"index","follow":"follow","max-snippet":"max-snippet:-1","max-image-preview":"max-image-preview:large","max-video-preview":"max-video-preview:-1"},"canonical":"https:\/\/www.kz-gedenkstaette-dachau.de\/es\/sitio-historico\/recorrido-virtual-del-entorno\/marchas-de-la-muerte\/","og_locale":"es_ES","og_type":"article","og_title":"Monumento Admonitorio en Memoria de las Marchas de la Muerte - KZ Gedenkst\u00e4tte Dachau","og_description":"En verano de 1944, conforme iban avanzando las tropas aliadas, la SS se dio a la tarea de evacuar, por etapas, los campos de concentraci\u00f3n cercanos al frente. Ya en tren, ya en marchas violentas, traslad\u00f3 a los prisioneros a otros campos m\u00e1s distantes. Por su ubicaci\u00f3n dentro del territorio del Reich, el campo de... Ver art\u00edculo","og_url":"https:\/\/www.kz-gedenkstaette-dachau.de\/es\/sitio-historico\/recorrido-virtual-del-entorno\/marchas-de-la-muerte\/","og_site_name":"KZ Gedenkst\u00e4tte Dachau","article_modified_time":"2024-04-04T15:24:02+00:00","twitter_card":"summary_large_image","twitter_misc":{"Tiempo de lectura":"2 minutos"},"schema":{"@context":"https:\/\/schema.org","@graph":[{"@type":"WebPage","@id":"https:\/\/www.kz-gedenkstaette-dachau.de\/es\/sitio-historico\/recorrido-virtual-del-entorno\/marchas-de-la-muerte\/","url":"https:\/\/www.kz-gedenkstaette-dachau.de\/es\/sitio-historico\/recorrido-virtual-del-entorno\/marchas-de-la-muerte\/","name":"Monumento Admonitorio en Memoria de las Marchas de la Muerte - KZ Gedenkst\u00e4tte Dachau","isPartOf":{"@id":"https:\/\/www.kz-gedenkstaette-dachau.de\/#website"},"datePublished":"2018-11-19T14:41:37+00:00","dateModified":"2024-04-04T15:24:02+00:00","breadcrumb":{"@id":"https:\/\/www.kz-gedenkstaette-dachau.de\/es\/sitio-historico\/recorrido-virtual-del-entorno\/marchas-de-la-muerte\/#breadcrumb"},"inLanguage":"es","potentialAction":[{"@type":"ReadAction","target":["https:\/\/www.kz-gedenkstaette-dachau.de\/es\/sitio-historico\/recorrido-virtual-del-entorno\/marchas-de-la-muerte\/"]}]},{"@type":"BreadcrumbList","@id":"https:\/\/www.kz-gedenkstaette-dachau.de\/es\/sitio-historico\/recorrido-virtual-del-entorno\/marchas-de-la-muerte\/#breadcrumb","itemListElement":[{"@type":"ListItem","position":1,"name":"Sitio web","item":"https:\/\/www.kz-gedenkstaette-dachau.de\/es\/"},{"@type":"ListItem","position":2,"name":"Sitio hist\u00f3rico","item":"https:\/\/www.kz-gedenkstaette-dachau.de\/es\/sitio-historico\/"},{"@type":"ListItem","position":3,"name":"Recorrido virtual del entorno","item":"https:\/\/www.kz-gedenkstaette-dachau.de\/es\/sitio-historico\/recorrido-virtual-del-entorno\/"},{"@type":"ListItem","position":4,"name":"Monumento Admonitorio en Memoria de las Marchas de la Muerte"}]},{"@type":"WebSite","@id":"https:\/\/www.kz-gedenkstaette-dachau.de\/#website","url":"https:\/\/www.kz-gedenkstaette-dachau.de\/","name":"KZ Gedenkst\u00e4tte Dachau","description":"","potentialAction":[{"@type":"SearchAction","target":{"@type":"EntryPoint","urlTemplate":"https:\/\/www.kz-gedenkstaette-dachau.de\/?s={search_term_string}"},"query-input":{"@type":"PropertyValueSpecification","valueRequired":true,"valueName":"search_term_string"}}],"inLanguage":"es"}]}},"_links":{"self":[{"href":"https:\/\/www.kz-gedenkstaette-dachau.de\/es\/wp-json\/wp\/v2\/pages\/56824","targetHints":{"allow":["GET"]}}],"collection":[{"href":"https:\/\/www.kz-gedenkstaette-dachau.de\/es\/wp-json\/wp\/v2\/pages"}],"about":[{"href":"https:\/\/www.kz-gedenkstaette-dachau.de\/es\/wp-json\/wp\/v2\/types\/page"}],"author":[{"embeddable":true,"href":"https:\/\/www.kz-gedenkstaette-dachau.de\/es\/wp-json\/wp\/v2\/users\/1"}],"replies":[{"embeddable":true,"href":"https:\/\/www.kz-gedenkstaette-dachau.de\/es\/wp-json\/wp\/v2\/comments?post=56824"}],"version-history":[{"count":1,"href":"https:\/\/www.kz-gedenkstaette-dachau.de\/es\/wp-json\/wp\/v2\/pages\/56824\/revisions"}],"predecessor-version":[{"id":90216,"href":"https:\/\/www.kz-gedenkstaette-dachau.de\/es\/wp-json\/wp\/v2\/pages\/56824\/revisions\/90216"}],"up":[{"embeddable":true,"href":"https:\/\/www.kz-gedenkstaette-dachau.de\/es\/wp-json\/wp\/v2\/pages\/56804"}],"wp:attachment":[{"href":"https:\/\/www.kz-gedenkstaette-dachau.de\/es\/wp-json\/wp\/v2\/media?parent=56824"}],"curies":[{"name":"wp","href":"https:\/\/api.w.org\/{rel}","templated":true}]}}

<p>En verano de 1944, conforme iban avanzando las tropas aliadas, la SS se dio a la tarea de evacuar, por etapas, los campos de concentración cercanos al frente. Ya en tren, ya en marchas violentas, trasladó a los prisioneros a otros campos más distantes. Por su ubicación dentro del territorio del Reich, el campo de concentración de Dachau sirvió, entonces, como punto de acopio de reclusos provenientes de los campos de Auschwitz, Natzweiler, Flossenbürg y Buchenwald. El número de víctimas de las marchas y de los transportes en tren es considerable.</p>
<p>La orden de evacuar el campo de Dachau y sus subcampos se dio apenas unos días antes del arribo de las tropas estadounidenses. El 23 de abril de 1945 inicia la disolución del complejo de subcampos en Kaufering. Tres días más tarde, las primeras columnas de prisioneros del campo principal de Dachau parten en dirección al sur. La SS obligó a por lo menos 25.000 prisioneros de toda la red de campos pertenecientes a Dachau a ponerse en camino en convoy o en marchas violentas.</p>
<p>Los desplazamientos a pie, también conocidos como las “marchas de la muerte”, costaron la vida a, por lo menos, mil personas que murieron a consecuencia de enfermedades, desnutrición y agotamiento. Los guardias de la SS asesinaban a tiros o a golpes a todo aquel que desfallecía o se iba rezagando. La ruta pasó por numerosos pueblos y ciudades pequeñas, y no pocos vecinos presenciaron estas brutales marchas.</p>
<p>En 1989 se colocó el primero de un total de 22 Monumentos Admonitorios en Memoria de las Marchas de la Muerte que, entretanto, se encuentran en diversas comunidades a lo largo del trayecto que siguieron estas marchas. Se trata de una serie de monumentos idénticos diseñados por el escultor Hubertus von Pilgrim. El ejemplar que se encuentra en Dachau, en el cruce de la calles Theodor-Heuss-Straße y Sudetenstraße, fue colocado en 2001 en memoria del calvario que padecieron las víctimas.</p>

<p>En verano de 1944, conforme iban avanzando las tropas aliadas, la SS se dio a la tarea de evacuar, por etapas, los campos de concentración cercanos al frente. Ya en tren, ya en marchas violentas, trasladó a los prisioneros a otros campos más distantes. Por su ubicación dentro del territorio del Reich, el campo de&#8230; <a class="view-article" href="https://www.kz-gedenkstaette-dachau.de/es/sitio-historico/recorrido-virtual-del-entorno/marchas-de-la-muerte/">Ver artículo</a></p>

<!-- This site is optimized with the Yoast SEO plugin v27.5 - https://yoast.com/product/yoast-seo-wordpress/ -->
<title>Monumento Admonitorio en Memoria de las Marchas de la Muerte - KZ Gedenkstätte Dachau</title>
<meta name="robots" content="index, follow, max-snippet:-1, max-image-preview:large, max-video-preview:-1" />
<link rel="canonical" href="https://www.kz-gedenkstaette-dachau.de/es/sitio-historico/recorrido-virtual-del-entorno/marchas-de-la-muerte/" />
<meta property="og:locale" content="es_ES" />
<meta property="og:type" content="article" />
<meta property="og:title" content="Monumento Admonitorio en Memoria de las Marchas de la Muerte - KZ Gedenkstätte Dachau" />
<meta property="og:description" content="En verano de 1944, conforme iban avanzando las tropas aliadas, la SS se dio a la tarea de evacuar, por etapas, los campos de concentración cercanos al frente. Ya en tren, ya en marchas violentas, trasladó a los prisioneros a otros campos más distantes. Por su ubicación dentro del territorio del Reich, el campo de... Ver artículo" />
<meta property="og:url" content="https://www.kz-gedenkstaette-dachau.de/es/sitio-historico/recorrido-virtual-del-entorno/marchas-de-la-muerte/" />
<meta property="og:site_name" content="KZ Gedenkstätte Dachau" />
<meta property="article:modified_time" content="2024-04-04T15:24:02+00:00" />
<meta name="twitter:card" content="summary_large_image" />
<meta name="twitter:label1" content="Tiempo de lectura" />
	<meta name="twitter:data1" content="2 minutos" />
<script type="application/ld+json" class="yoast-schema-graph">{"@context":"https:\/\/schema.org","@graph":[{"@type":"WebPage","@id":"https:\/\/www.kz-gedenkstaette-dachau.de\/es\/sitio-historico\/recorrido-virtual-del-entorno\/marchas-de-la-muerte\/","url":"https:\/\/www.kz-gedenkstaette-dachau.de\/es\/sitio-historico\/recorrido-virtual-del-entorno\/marchas-de-la-muerte\/","name":"Monumento Admonitorio en Memoria de las Marchas de la Muerte - KZ Gedenkstätte Dachau","isPartOf":{"@id":"https:\/\/www.kz-gedenkstaette-dachau.de\/#website"},"datePublished":"2018-11-19T14:41:37+00:00","dateModified":"2024-04-04T15:24:02+00:00","breadcrumb":{"@id":"https:\/\/www.kz-gedenkstaette-dachau.de\/es\/sitio-historico\/recorrido-virtual-del-entorno\/marchas-de-la-muerte\/#breadcrumb"},"inLanguage":"es","potentialAction":[{"@type":"ReadAction","target":["https:\/\/www.kz-gedenkstaette-dachau.de\/es\/sitio-historico\/recorrido-virtual-del-entorno\/marchas-de-la-muerte\/"]}]},{"@type":"BreadcrumbList","@id":"https:\/\/www.kz-gedenkstaette-dachau.de\/es\/sitio-historico\/recorrido-virtual-del-entorno\/marchas-de-la-muerte\/#breadcrumb","itemListElement":[{"@type":"ListItem","position":1,"name":"Sitio web","item":"https:\/\/www.kz-gedenkstaette-dachau.de\/es\/"},{"@type":"ListItem","position":2,"name":"Sitio histórico","item":"https:\/\/www.kz-gedenkstaette-dachau.de\/es\/sitio-historico\/"},{"@type":"ListItem","position":3,"name":"Recorrido virtual del entorno","item":"https:\/\/www.kz-gedenkstaette-dachau.de\/es\/sitio-historico\/recorrido-virtual-del-entorno\/"},{"@type":"ListItem","position":4,"name":"Monumento Admonitorio en Memoria de las Marchas de la Muerte"}]},{"@type":"WebSite","@id":"https:\/\/www.kz-gedenkstaette-dachau.de\/#website","url":"https:\/\/www.kz-gedenkstaette-dachau.de\/","name":"KZ Gedenkstätte Dachau","description":"","potentialAction":[{"@type":"SearchAction","target":{"@type":"EntryPoint","urlTemplate":"https:\/\/www.kz-gedenkstaette-dachau.de\/?s={search_term_string}"},"query-input":{"@type":"PropertyValueSpecification","valueRequired":true,"valueName":"search_term_string"}}],"inLanguage":"es"}]}</script>
<!-- / Yoast SEO plugin. -->

Monumento Admonitorio en Memoria de las Marchas de la Muerte - KZ Gedenkstätte Dachau

En verano de 1944, conforme iban avanzando las tropas aliadas, la SS se dio a la tarea de evacuar, por etapas, los campos de concentración cercanos al frente. Ya en tren, ya en marchas violentas, trasladó a los prisioneros a otros campos más distantes. Por su ubicación dentro del territorio del Reich, el campo de... Ver artículo

KZ Gedenkstätte Dachau

Sitio histórico
