{"id":60078,"date":"2018-08-30T14:46:38","date_gmt":"2018-08-30T12:46:38","guid":{"rendered":"https:\/\/www.kz-gedenkstaette-dachau.de\/seminare-gruppen\/"},"modified":"2024-07-24T14:19:01","modified_gmt":"2024-07-24T12:19:01","slug":"seminaires-pour-les-groupes","status":"publish","type":"page","link":"https:\/\/www.kz-gedenkstaette-dachau.de\/fr\/education\/seminaires-pour-les-groupes\/","title":{"rendered":"S\u00e9minaires pour les groupes"},"content":{"rendered":"<p>Des s\u00e9minaires d\u2019une demi-journ\u00e9e \u00e0 l\u2019attention des groupes et du public scolaire peuvent \u00eatre r\u00e9serv\u00e9s aupr\u00e8s du service p\u00e9dagogique du m\u00e9morial. Les s\u00e9minaires durent 4 heures. Leur tarif est de 110 euros par groupe. Le nombre de participants est limit\u00e9 \u00e0 30.<\/p>\n<p><strong>S\u00e9minaires demi-journ\u00e9e:<\/strong><\/p>\n<p><a href=\"https:\/\/www.kz-gedenkstaette-dachau.de\/fr\/seminare\/visite-guidee-avec-preparation-et-suivi\/\">Visite guid\u00e9e avec pr\u00e9paration et suivi<\/a><\/p>\n","protected":false},"excerpt":{"rendered":"<p>Des s\u00e9minaires d\u2019une demi-journ\u00e9e \u00e0 l\u2019attention des groupes et du public scolaire peuvent \u00eatre r\u00e9serv\u00e9s aupr\u00e8s du service p\u00e9dagogique du m\u00e9morial. Les s\u00e9minaires durent 4 heures. Leur tarif est de 110 euros par groupe. Le nombre de participants est limit\u00e9 \u00e0 30. S\u00e9minaires demi-journ\u00e9e: Visite guid\u00e9e avec pr\u00e9paration et suivi<\/p>\n","protected":false},"author":1,"featured_media":0,"parent":64322,"menu_order":300,"comment_status":"closed","ping_status":"closed","template":"page-seminare.php","meta":{"_acf_changed":false,"footnotes":""},"class_list":["post-60078","page","type-page","status-publish","hentry"],"acf":[],"yoast_head":"<!-- This site is optimized with the Yoast SEO plugin v27.4 - https:\/\/yoast.com\/product\/yoast-seo-wordpress\/ -->\n<title>S\u00e9minaires pour les groupes - KZ Gedenkst\u00e4tte Dachau<\/title>\n<meta name=\"robots\" content=\"index, follow, max-snippet:-1, max-image-preview:large, max-video-preview:-1\" \/>\n<link rel=\"canonical\" href=\"https:\/\/www.kz-gedenkstaette-dachau.de\/fr\/education\/seminaires-pour-les-groupes\/\" \/>\n<meta property=\"og:locale\" content=\"fr_FR\" \/>\n<meta property=\"og:type\" content=\"article\" \/>\n<meta property=\"og:title\" content=\"S\u00e9minaires pour les groupes - KZ Gedenkst\u00e4tte Dachau\" \/>\n<meta property=\"og:description\" content=\"Des s\u00e9minaires d\u2019une demi-journ\u00e9e \u00e0 l\u2019attention des groupes et du public scolaire peuvent \u00eatre r\u00e9serv\u00e9s aupr\u00e8s du service p\u00e9dagogique du m\u00e9morial. Les s\u00e9minaires durent 4 heures. Leur tarif est de 110 euros par groupe. Le nombre de participants est limit\u00e9 \u00e0 30. S\u00e9minaires demi-journ\u00e9e: Visite guid\u00e9e avec pr\u00e9paration et suivi\" \/>\n<meta property=\"og:url\" content=\"https:\/\/www.kz-gedenkstaette-dachau.de\/fr\/education\/seminaires-pour-les-groupes\/\" \/>\n<meta property=\"og:site_name\" content=\"KZ Gedenkst\u00e4tte Dachau\" \/>\n<meta property=\"article:modified_time\" content=\"2024-07-24T12:19:01+00:00\" \/>\n<meta name=\"twitter:card\" content=\"summary_large_image\" \/>\n<meta name=\"twitter:label1\" content=\"Dur\u00e9e de lecture estim\u00e9e\" \/>\n\t<meta name=\"twitter:data1\" content=\"1 minute\" \/>\n<script type=\"application\/ld+json\" class=\"yoast-schema-graph\">{\"@context\":\"https:\\\/\\\/schema.org\",\"@graph\":[{\"@type\":\"WebPage\",\"@id\":\"https:\\\/\\\/www.kz-gedenkstaette-dachau.de\\\/fr\\\/education\\\/seminaires-pour-les-groupes\\\/\",\"url\":\"https:\\\/\\\/www.kz-gedenkstaette-dachau.de\\\/fr\\\/education\\\/seminaires-pour-les-groupes\\\/\",\"name\":\"S\u00e9minaires pour les groupes - KZ Gedenkst\u00e4tte Dachau\",\"isPartOf\":{\"@id\":\"https:\\\/\\\/www.kz-gedenkstaette-dachau.de\\\/#website\"},\"datePublished\":\"2018-08-30T12:46:38+00:00\",\"dateModified\":\"2024-07-24T12:19:01+00:00\",\"breadcrumb\":{\"@id\":\"https:\\\/\\\/www.kz-gedenkstaette-dachau.de\\\/fr\\\/education\\\/seminaires-pour-les-groupes\\\/#breadcrumb\"},\"inLanguage\":\"fr-FR\",\"potentialAction\":[{\"@type\":\"ReadAction\",\"target\":[\"https:\\\/\\\/www.kz-gedenkstaette-dachau.de\\\/fr\\\/education\\\/seminaires-pour-les-groupes\\\/\"]}]},{\"@type\":\"BreadcrumbList\",\"@id\":\"https:\\\/\\\/www.kz-gedenkstaette-dachau.de\\\/fr\\\/education\\\/seminaires-pour-les-groupes\\\/#breadcrumb\",\"itemListElement\":[{\"@type\":\"ListItem\",\"position\":1,\"name\":\"Page d'accueil\",\"item\":\"https:\\\/\\\/www.kz-gedenkstaette-dachau.de\\\/fr\\\/\"},{\"@type\":\"ListItem\",\"position\":2,\"name\":\"\u00c9ducation\",\"item\":\"https:\\\/\\\/www.kz-gedenkstaette-dachau.de\\\/fr\\\/education\\\/\"},{\"@type\":\"ListItem\",\"position\":3,\"name\":\"S\u00e9minaires pour les groupes\"}]},{\"@type\":\"WebSite\",\"@id\":\"https:\\\/\\\/www.kz-gedenkstaette-dachau.de\\\/#website\",\"url\":\"https:\\\/\\\/www.kz-gedenkstaette-dachau.de\\\/\",\"name\":\"KZ Gedenkst\u00e4tte Dachau\",\"description\":\"\",\"potentialAction\":[{\"@type\":\"SearchAction\",\"target\":{\"@type\":\"EntryPoint\",\"urlTemplate\":\"https:\\\/\\\/www.kz-gedenkstaette-dachau.de\\\/?s={search_term_string}\"},\"query-input\":{\"@type\":\"PropertyValueSpecification\",\"valueRequired\":true,\"valueName\":\"search_term_string\"}}],\"inLanguage\":\"fr-FR\"}]}<\/script>\n<!-- \/ Yoast SEO plugin. -->","yoast_head_json":{"title":"S\u00e9minaires pour les groupes - KZ Gedenkst\u00e4tte Dachau","robots":{"index":"index","follow":"follow","max-snippet":"max-snippet:-1","max-image-preview":"max-image-preview:large","max-video-preview":"max-video-preview:-1"},"canonical":"https:\/\/www.kz-gedenkstaette-dachau.de\/fr\/education\/seminaires-pour-les-groupes\/","og_locale":"fr_FR","og_type":"article","og_title":"S\u00e9minaires pour les groupes - KZ Gedenkst\u00e4tte Dachau","og_description":"Des s\u00e9minaires d\u2019une demi-journ\u00e9e \u00e0 l\u2019attention des groupes et du public scolaire peuvent \u00eatre r\u00e9serv\u00e9s aupr\u00e8s du service p\u00e9dagogique du m\u00e9morial. Les s\u00e9minaires durent 4 heures. Leur tarif est de 110 euros par groupe. Le nombre de participants est limit\u00e9 \u00e0 30. S\u00e9minaires demi-journ\u00e9e: Visite guid\u00e9e avec pr\u00e9paration et suivi","og_url":"https:\/\/www.kz-gedenkstaette-dachau.de\/fr\/education\/seminaires-pour-les-groupes\/","og_site_name":"KZ Gedenkst\u00e4tte Dachau","article_modified_time":"2024-07-24T12:19:01+00:00","twitter_card":"summary_large_image","twitter_misc":{"Dur\u00e9e de lecture estim\u00e9e":"1 minute"},"schema":{"@context":"https:\/\/schema.org","@graph":[{"@type":"WebPage","@id":"https:\/\/www.kz-gedenkstaette-dachau.de\/fr\/education\/seminaires-pour-les-groupes\/","url":"https:\/\/www.kz-gedenkstaette-dachau.de\/fr\/education\/seminaires-pour-les-groupes\/","name":"S\u00e9minaires pour les groupes - KZ Gedenkst\u00e4tte Dachau","isPartOf":{"@id":"https:\/\/www.kz-gedenkstaette-dachau.de\/#website"},"datePublished":"2018-08-30T12:46:38+00:00","dateModified":"2024-07-24T12:19:01+00:00","breadcrumb":{"@id":"https:\/\/www.kz-gedenkstaette-dachau.de\/fr\/education\/seminaires-pour-les-groupes\/#breadcrumb"},"inLanguage":"fr-FR","potentialAction":[{"@type":"ReadAction","target":["https:\/\/www.kz-gedenkstaette-dachau.de\/fr\/education\/seminaires-pour-les-groupes\/"]}]},{"@type":"BreadcrumbList","@id":"https:\/\/www.kz-gedenkstaette-dachau.de\/fr\/education\/seminaires-pour-les-groupes\/#breadcrumb","itemListElement":[{"@type":"ListItem","position":1,"name":"Page d'accueil","item":"https:\/\/www.kz-gedenkstaette-dachau.de\/fr\/"},{"@type":"ListItem","position":2,"name":"\u00c9ducation","item":"https:\/\/www.kz-gedenkstaette-dachau.de\/fr\/education\/"},{"@type":"ListItem","position":3,"name":"S\u00e9minaires pour les groupes"}]},{"@type":"WebSite","@id":"https:\/\/www.kz-gedenkstaette-dachau.de\/#website","url":"https:\/\/www.kz-gedenkstaette-dachau.de\/","name":"KZ Gedenkst\u00e4tte Dachau","description":"","potentialAction":[{"@type":"SearchAction","target":{"@type":"EntryPoint","urlTemplate":"https:\/\/www.kz-gedenkstaette-dachau.de\/?s={search_term_string}"},"query-input":{"@type":"PropertyValueSpecification","valueRequired":true,"valueName":"search_term_string"}}],"inLanguage":"fr-FR"}]}},"_links":{"self":[{"href":"https:\/\/www.kz-gedenkstaette-dachau.de\/fr\/wp-json\/wp\/v2\/pages\/60078","targetHints":{"allow":["GET"]}}],"collection":[{"href":"https:\/\/www.kz-gedenkstaette-dachau.de\/fr\/wp-json\/wp\/v2\/pages"}],"about":[{"href":"https:\/\/www.kz-gedenkstaette-dachau.de\/fr\/wp-json\/wp\/v2\/types\/page"}],"author":[{"embeddable":true,"href":"https:\/\/www.kz-gedenkstaette-dachau.de\/fr\/wp-json\/wp\/v2\/users\/1"}],"replies":[{"embeddable":true,"href":"https:\/\/www.kz-gedenkstaette-dachau.de\/fr\/wp-json\/wp\/v2\/comments?post=60078"}],"version-history":[{"count":2,"href":"https:\/\/www.kz-gedenkstaette-dachau.de\/fr\/wp-json\/wp\/v2\/pages\/60078\/revisions"}],"predecessor-version":[{"id":92289,"href":"https:\/\/www.kz-gedenkstaette-dachau.de\/fr\/wp-json\/wp\/v2\/pages\/60078\/revisions\/92289"}],"up":[{"embeddable":true,"href":"https:\/\/www.kz-gedenkstaette-dachau.de\/fr\/wp-json\/wp\/v2\/pages\/64322"}],"wp:attachment":[{"href":"https:\/\/www.kz-gedenkstaette-dachau.de\/fr\/wp-json\/wp\/v2\/media?parent=60078"}],"curies":[{"name":"wp","href":"https:\/\/api.w.org\/{rel}","templated":true}]}}

Séminaires pour les groupes

<p>Des séminaires d’une demi-journée à l’attention des groupes et du public scolaire peuvent être réservés auprès du service pédagogique du mémorial. Les séminaires durent 4 heures. Leur tarif est de 110 euros par groupe. Le nombre de participants est limité à 30.</p>
<p><strong>Séminaires demi-journée:</strong></p>
<p><a href="https://www.kz-gedenkstaette-dachau.de/fr/seminare/visite-guidee-avec-preparation-et-suivi/">Visite guidée avec préparation et suivi</a></p>

<p>Des séminaires d’une demi-journée à l’attention des groupes et du public scolaire peuvent être réservés auprès du service pédagogique du mémorial. Les séminaires durent 4 heures. Leur tarif est de 110 euros par groupe. Le nombre de participants est limité à 30. Séminaires demi-journée: Visite guidée avec préparation et suivi</p>

<!-- This site is optimized with the Yoast SEO plugin v27.4 - https://yoast.com/product/yoast-seo-wordpress/ -->
<title>Séminaires pour les groupes - KZ Gedenkstätte Dachau</title>
<meta name="robots" content="index, follow, max-snippet:-1, max-image-preview:large, max-video-preview:-1" />
<link rel="canonical" href="https://www.kz-gedenkstaette-dachau.de/fr/education/seminaires-pour-les-groupes/" />
<meta property="og:locale" content="fr_FR" />
<meta property="og:type" content="article" />
<meta property="og:title" content="Séminaires pour les groupes - KZ Gedenkstätte Dachau" />
<meta property="og:description" content="Des séminaires d’une demi-journée à l’attention des groupes et du public scolaire peuvent être réservés auprès du service pédagogique du mémorial. Les séminaires durent 4 heures. Leur tarif est de 110 euros par groupe. Le nombre de participants est limité à 30. Séminaires demi-journée: Visite guidée avec préparation et suivi" />
<meta property="og:url" content="https://www.kz-gedenkstaette-dachau.de/fr/education/seminaires-pour-les-groupes/" />
<meta property="og:site_name" content="KZ Gedenkstätte Dachau" />
<meta property="article:modified_time" content="2024-07-24T12:19:01+00:00" />
<meta name="twitter:card" content="summary_large_image" />
<meta name="twitter:label1" content="Durée de lecture estimée" />
	<meta name="twitter:data1" content="1 minute" />
<script type="application/ld+json" class="yoast-schema-graph">{"@context":"https:\/\/schema.org","@graph":[{"@type":"WebPage","@id":"https:\/\/www.kz-gedenkstaette-dachau.de\/fr\/education\/seminaires-pour-les-groupes\/","url":"https:\/\/www.kz-gedenkstaette-dachau.de\/fr\/education\/seminaires-pour-les-groupes\/","name":"Séminaires pour les groupes - KZ Gedenkstätte Dachau","isPartOf":{"@id":"https:\/\/www.kz-gedenkstaette-dachau.de\/#website"},"datePublished":"2018-08-30T12:46:38+00:00","dateModified":"2024-07-24T12:19:01+00:00","breadcrumb":{"@id":"https:\/\/www.kz-gedenkstaette-dachau.de\/fr\/education\/seminaires-pour-les-groupes\/#breadcrumb"},"inLanguage":"fr-FR","potentialAction":[{"@type":"ReadAction","target":["https:\/\/www.kz-gedenkstaette-dachau.de\/fr\/education\/seminaires-pour-les-groupes\/"]}]},{"@type":"BreadcrumbList","@id":"https:\/\/www.kz-gedenkstaette-dachau.de\/fr\/education\/seminaires-pour-les-groupes\/#breadcrumb","itemListElement":[{"@type":"ListItem","position":1,"name":"Page d'accueil","item":"https:\/\/www.kz-gedenkstaette-dachau.de\/fr\/"},{"@type":"ListItem","position":2,"name":"Éducation","item":"https:\/\/www.kz-gedenkstaette-dachau.de\/fr\/education\/"},{"@type":"ListItem","position":3,"name":"Séminaires pour les groupes"}]},{"@type":"WebSite","@id":"https:\/\/www.kz-gedenkstaette-dachau.de\/#website","url":"https:\/\/www.kz-gedenkstaette-dachau.de\/","name":"KZ Gedenkstätte Dachau","description":"","potentialAction":[{"@type":"SearchAction","target":{"@type":"EntryPoint","urlTemplate":"https:\/\/www.kz-gedenkstaette-dachau.de\/?s={search_term_string}"},"query-input":{"@type":"PropertyValueSpecification","valueRequired":true,"valueName":"search_term_string"}}],"inLanguage":"fr-FR"}]}</script>
<!-- / Yoast SEO plugin. -->

Séminaires pour les groupes - KZ Gedenkstätte Dachau

Des séminaires d’une demi-journée à l’attention des groupes et du public scolaire peuvent être réservés auprès du service pédagogique du mémorial. Les séminaires durent 4 heures. Leur tarif est de 110 euros par groupe. Le nombre de participants est limité à 30. Séminaires demi-journée: Visite guidée avec préparation et suivi

KZ Gedenkstätte Dachau

Éducation
